000
CXUS51 KAKQ 012140
CLMSBY


CLIMATE REPORT
NATIONAL WEATHER SERVICE WAKEFIELD, VA
440 PM EST SUN FEB 1 2015

...................................

...THE SALISBURY MD CLIMATE SUMMARY FOR THE MONTH OF JANUARY 2015...

CLIMATE NORMAL PERIOD 1981 TO 2010
CLIMATE RECORD PERIOD 1900 TO 2015

WEATHER         OBSERVED          NORMAL  DEPART  LAST YEAR`S
                 VALUE   DATE(S)  VALUE   FROM    VALUE  DATE(S)
                                          NORMAL
................................................................
TEMPERATURE (F)
RECORD
 HIGH              77   01/30/2002
 LOW               -9   01/21/1918
HIGHEST            71   01/04        49      22       69  01/11
LOWEST              9   01/11        31     -22       -6  01/30
AVG. MAXIMUM     44.7              44.2     0.5     43.8
AVG. MINIMUM     27.4              26.6     0.8     20.6
MEAN             36.0              35.4     0.6     32.2
DAYS MAX >= 90      0               0.0     0.0        0
DAYS MAX <= 32      3               4.4    -1.4        7
DAYS MIN <= 32     23              21.9     1.1       27
DAYS MIN <= 0       0               0.1    -0.1        1

PRECIPITATION (INCHES)
RECORD
 MAXIMUM         9.86   1937
 MINIMUM         0.10   1921
TOTALS           4.56              3.61    0.95     2.13
DAILY AVG.       0.15              0.12    0.03     0.07
DAYS >= .01        12              10.2     1.8       11
DAYS >= .10         7               6.6     0.4        7
DAYS >= .50         3               2.6     0.4        1
DAYS >= 1.00        1               0.8     0.2        0
GREATEST
 24 HR. TOTAL    1.25   01/18 TO 01/18
                        01/17 TO 01/18
                        01/18 TO 01/18

SNOWFALL (INCHES)
RECORDS
 TOTAL          999.9   2010
TOTALS              T
SINCE 7/1           T               5.0    -5.0     11.5
SNOWDEPTH AVG.      0                MM      MM        0
DAYS >= 1.0         0               1.1    -1.1        5
GREATEST
 SNOW DEPTH         T   01/27                          4  01/30
                                                          01/29
 24 HR TOTAL        T   01/27 TO 01/27           01/03 TO 01/03
                                                          01/03 TO 01/03
                                                          01/03 TO 01/03

DEGREE_DAYS
HEATING TOTAL     888               917     -29     1010
 SINCE 7/1       2204              2541    -337     2385
COOLING TOTAL       0                 0       0        0
 SINCE 1/1          0                 0       0        0
....................................................

WIND (MPH)
AVERAGE WIND SPEED              8.1
HIGHEST WIND SPEED/DIRECTION    32/030    DATE  01/24
HIGHEST GUST SPEED/DIRECTION    41/330    DATE  01/07

SKY COVER
POSSIBLE SUNSHINE (PERCENT)   MM
AVERAGE SKY COVER           0.50

AVERAGE RH (PERCENT)     63

WEATHER CONDITIONS. NUMBER OF DAYS WITH
THUNDERSTORM              1     MIXED PRECIP               0
HEAVY RAIN                4     RAIN                       5
LIGHT RAIN               12     FREEZING RAIN              1
LT FREEZING RAIN          2     HAIL                       0
HEAVY SNOW                0     SNOW                       0
LIGHT SNOW                4     SLEET                      0
FOG                      17     FOG W/VIS <= 1/4 MILE      5
HAZE                     11

-  INDICATES NEGATIVE NUMBERS.
R  INDICATES RECORD WAS SET OR TIED.
MM INDICATES DATA IS MISSING.
T  INDICATES TRACE AMOUNT.

$$
