000
CXUS56 KSEW 011033
CLMSEW


CLIMATE REPORT
NATIONAL WEATHER SERVICE SEATTLE WA
233 AM PST SUN MAR 1 2015

...................................

...THE SEATTLE WA WFO CLIMATE SUMMARY FOR THE MONTH OF FEBRUARY 2015...

CLIMATE NORMAL PERIOD 1981 TO 2010
CLIMATE RECORD PERIOD 1986 TO 2015

WEATHER         OBSERVED          NORMAL  DEPART  LAST YEAR`S
                 VALUE   DATE(S)  VALUE   FROM    VALUE  DATE(S)
                                          NORMAL
................................................................
TEMPERATURE (F)
RECORD
 HIGH              66   02/26/1992
                        02/28/1990
 LOW               19   02/18/2006
HIGHEST            62   02/17        MM      MM       59  02/26
                        02/12
LOWEST             32   02/23        MM      MM       20  02/06
AVG. MAXIMUM     54.5              50.0     4.5     46.1
AVG. MINIMUM     42.1              36.9     5.2     35.4
MEAN             48.3              43.4     4.9     40.7
DAYS MAX >= 90      0               0.0     0.0        0
DAYS MAX <= 32      0               0.0     0.0        2
DAYS MIN <= 32      1               5.0    -4.0        8
DAYS MIN <= 0       0               0.0     0.0        0

PRECIPITATION (INCHES)
RECORD
 MAXIMUM         7.00   1996
 MINIMUM         0.62   1988
TOTALS           4.40              3.31    1.09     5.13
DAILY AVG.       0.16              0.12    0.04     0.18
DAYS >= .01        18              14.1     3.9       16
DAYS >= .10         9               7.6     1.4       12
DAYS >= .50         4               1.4     2.6        4
DAYS >= 1.00        0               0.1    -0.1        1

SNOWFALL (INCHES)
TOTALS            0.0                                2.0
SINCE 7/1           T                                2.9
SNOWDEPTH AVG.      0                                  0
GREATEST
 SNOW DEPTH         0                                  2  02/09

DEGREE_DAYS
HEATING TOTAL     461               603    -142      674
 SINCE 7/1       2481              3166    -685     3264
COOLING TOTAL       0                 0       0        0
 SINCE 1/1          0                 0       0        0
.................................................................

WIND (MPH)
HIGHEST GUST SPEED/DIRECTION    MM        DATE   MM


WEATHER CONDITIONS. NUMBER OF DAYS WITH
THUNDERSTORM              0     MIXED PRECIP               0
HEAVY RAIN                0     RAIN                       4
LIGHT RAIN               17     FREEZING RAIN              0
LT FREEZING RAIN          0     HAIL                       0
HEAVY SNOW                0     SNOW                       0
LIGHT SNOW                0     SLEET                      0
FOG                       8     FOG W/VIS <= 1/4 MILE      0
HAZE                      0

-  INDICATES NEGATIVE NUMBERS.
R  INDICATES RECORD WAS SET OR TIED.
MM INDICATES DATA IS MISSING.
T  INDICATES TRACE AMOUNT.

$$
