000
CXUS54 KSJT 011450
CLMSJT


CLIMATE REPORT
NATIONAL WEATHER SERVICE SAN ANGELO TX
833 AM CST THU FEB 1 2018

...................................

...THE SAN ANGELO CLIMATE SUMMARY FOR THE MONTH OF JANUARY 2018...

CLIMATE NORMAL PERIOD 1981 TO 2010
CLIMATE RECORD PERIOD 1907 TO 2018

WEATHER         OBSERVED          NORMAL  DEPART  LAST YEAR`S
                 VALUE   DATE(S)  VALUE   FROM    VALUE  DATE(S)
                                          NORMAL
................................................................
TEMPERATURE (F)
RECORD
 HIGH              91   01/31/1911
 LOW                1   01/05/1947
                        01/14/1944
                        01/18/1930
HIGHEST            77   01/31                         85  01/24
                        01/20
LOWEST             10   01/17                         11  01/07
AVG. MAXIMUM     60.6              59.5     1.1     63.8
AVG. MINIMUM     28.4              33.3    -4.9     35.0
MEAN             44.5              46.4    -1.9     49.4
DAYS MAX >= 90      0               0.0     0.0        0
DAYS MAX <= 32      3               0.6     2.4        1
DAYS MIN <= 32     24              14.5     9.5       10
DAYS MIN <= 0       0               0.0     0.0        0

PRECIPITATION (INCHES)
RECORD
 MAXIMUM         5.41   1919
 MINIMUM         0.00   1967
                        1887
                        1871
TOTALS           0.01              0.93   -0.92     1.48
DAILY AVG.       0.00              0.03   -0.03     0.05
DAYS >= .01         1               4.6    -3.6        6
DAYS >= .10         0               2.0    -2.0        4
DAYS >= .50         0               0.6    -0.6        1
DAYS >= 1.00        0               0.2    -0.2        0
GREATEST
 24 HR. TOTAL    0.01   01/27                       0.62  01/15 TO 01/16

SNOWFALL (INCHES)
RECORDS
 TOTAL           13.0   1926
TOTALS              T               1.2    -1.2        T
SINCE 7/1           T               1.8    -1.8        T
SNOWDEPTH AVG.      0                MM      MM        0
DAYS >= 1.0         0               0.5    -0.5        0
GREATEST
 SNOW DEPTH         0   MM                             0  MM

DEGREE_DAYS
HEATING TOTAL     630               577      53      475
 SINCE 7/1       1484              1544     -60     1117
COOLING TOTAL       0                 1      -1        1
 SINCE 1/1          0                 0       0        1
........................................................

WIND (MPH)
AVERAGE WIND SPEED              9.3
HIGHEST WIND SPEED/DIRECTION    38/020    DATE  01/15
HIGHEST GUST SPEED/DIRECTION    45/020    DATE  01/15

SKY COVER
AVERAGE SKY COVER           0.20

AVERAGE RH (PERCENT)     48

WEATHER CONDITIONS. NUMBER OF DAYS WITH
THUNDERSTORM              0     MIXED PRECIP               0
HEAVY RAIN                0     RAIN                       1
LIGHT RAIN                1     FREEZING RAIN              0
LT FREEZING RAIN          0     HAIL                       0
HEAVY SNOW                0     SNOW                       0
LIGHT SNOW                3     SLEET                      0
FOG                       5     FOG W/VIS <= 1/4 MILE      0
HAZE                      4

-  INDICATES NEGATIVE NUMBERS.
R  INDICATES RECORD WAS SET OR TIED.
MM INDICATES DATA IS MISSING.
T  INDICATES TRACE AMOUNT.

$$
