000
CXCA52 TJSJ 031748
CLMSJU


CLIMATE REPORT
NATIONAL WEATHER SERVICE SAN JUAN, PR
147 PM AST WED AUG 3 2016

...................................

...THE SAN JUAN AREA/PR CLIMATE SUMMARY FOR THE MONTH OF JULY 2016...

CLIMATE NORMAL PERIOD 1981 TO 2010
CLIMATE RECORD PERIOD 1898 TO 2016

WEATHER         OBSERVED          NORMAL  DEPART  LAST YEAR`S
                 VALUE   DATE(S)  VALUE   FROM    VALUE  DATE(S)
                                          NORMAL
................................................................
TEMPERATURE (F)
RECORD
 HIGH              95   07/10/1981
 LOW               69   07/12/1952
                        07/11/1952
HIGHEST            91   07/29        92      -1       93  07/22
                        07/20
                        07/19
LOWEST             76   07/18        73       3       75  07/20
                        07/17                             07/12
                        07/02
AVG. MAXIMUM     88.4              88.7    -0.3     89.2
AVG. MINIMUM     78.1              78.1     0.0     78.2
MEAN             83.3              83.4    -0.1     83.7
DAYS MAX >= 90      6               6.0     0.0       14
DAYS MAX <= 32      0               0.0     0.0        0
DAYS MIN <= 32      0               0.0     0.0        0
DAYS MIN <= 0       0               0.0     0.0        0

PRECIPITATION (INCHES)
RECORD
 MAXIMUM        14.17   2013
 MINIMUM         1.10   1929
TOTALS           5.10              5.07    0.03     1.61
DAILY AVG.       0.16              0.16    0.00     0.05
DAYS >= .01        23              18.6     4.4       10
DAYS >= .10        12               9.7     2.3        4
DAYS >= .50         4               3.2     0.8        2
DAYS >= 1.00        1               1.1    -0.1        0
GREATEST
 24 HR. TOTAL    1.42   07/30 TO 07/31

SNOWFALL (INCHES)
TOTALS            0.0               0.0     0.0      0.0

DEGREE_DAYS
HEATING TOTAL       0                 0       0        0
COOLING TOTAL     573               570       3      589
.................................................................

WIND (MPH)
AVERAGE WIND SPEED              9.9
HIGHEST WIND SPEED/DIRECTION    35/080    DATE  07/31
HIGHEST GUST SPEED/DIRECTION    40/100    DATE  07/31

SKY COVER
AVERAGE SKY COVER           0.50

AVERAGE RH (PERCENT)     82

WEATHER CONDITIONS. NUMBER OF DAYS WITH
THUNDERSTORM              0     MIXED PRECIP               0
HEAVY RAIN                0     RAIN                       3
LIGHT RAIN               20     FREEZING RAIN              0
LT FREEZING RAIN          0     HAIL                       0
HEAVY SNOW                0     SNOW                       0
LIGHT SNOW                0     SLEET                      0
FOG                      19     FOG W/VIS <= 1/4 MILE      0
HAZE                      2

-  INDICATES NEGATIVE NUMBERS.
R  INDICATES RECORD WAS SET OR TIED.
MM INDICATES DATA IS MISSING.
T  INDICATES TRACE AMOUNT.

$$
