000
CXUS45 KSLC 012106
CLMSLC

SLCCLMSLC 000
TTAA00 KSLC 012102

CLIMATE REPORT
NATIONAL WEATHER SERVICE SALT LAKE CITY UT
302 PM MDT TUE SEP 1 2015

...................................

...THE SALT LAKE CITY UT CLIMATE SUMMARY FOR THE MONTH OF AUGUST 2015...

CLIMATE NORMAL PERIOD 1981 TO 2010
CLIMATE RECORD PERIOD 1874 TO 2015

WEATHER         OBSERVED          NORMAL  DEPART  LAST YEAR`S
                 VALUE   DATE(S)  VALUE   FROM    VALUE  DATE(S)
                                          NORMAL
................................................................
TEMPERATURE (F)
RECORD
 HIGH             106   08/04/1994
 LOW               37   08/31/1965
                        08/29/1964
HIGHEST            98   08/25                         95  08/11
                        08/24
                        08/14
LOWEST             58   08/09                         51  08/24
AVG. MAXIMUM     90.0              90.5    -0.5     86.0
AVG. MINIMUM     65.2              63.4     1.8     62.5
MEAN             77.6              77.0     0.6     74.3
DAYS MAX >= 90     19              18.2     0.8       10
DAYS MAX <= 32      0               0.0     0.0        0
DAYS MIN <= 32      0               0.0     0.0        0
DAYS MIN <= 0       0               0.0     0.0        0

PRECIPITATION (INCHES)
TOTALS           0.89              0.69    0.20     1.77
DAYS >= .01         4               5.4    -1.4       11
DAYS >= .10         2               2.0     0.0        7
DAYS >= .50         0               0.2    -0.2        0
DAYS >= 1.00        0               0.1    -0.1        0

SNOWFALL (INCHES)
TOTALS            0.0               0.0     0.0      0.0
SINCE 7/1         0.0               0.0              0.0

DEGREE_DAYS
HEATING TOTAL       0                 3      -3        1
 SINCE 7/1          0                 5      -5        1
COOLING TOTAL     401               374      27      296
 SINCE 1/1       1205              1036     169     1053
.................................................................

WIND (MPH)
AVERAGE WIND SPEED              8.4
HIGHEST WIND SPEED/DIRECTION    51/280    DATE  08/07
HIGHEST GUST SPEED/DIRECTION    63/280    DATE  08/07


WEATHER CONDITIONS. NUMBER OF DAYS WITH
THUNDERSTORM              3     RAIN                       4
HAIL                      0     SNOW                       0
FOG                       2     FOG W/VIS <= 1/4 MILE      0
SMOKE/HAZE               13

-  INDICATES NEGATIVE NUMBERS.
R  INDICATES RECORD WAS SET OR TIED.
MM INDICATES DATA IS MISSING.
T  INDICATES TRACE AMOUNT.

$$
