411
CXUS45 KSLC 012241
CLMSLC

SLCCLMSLC 000
TTAA00 KSLC 012238

CLIMATE REPORT
NATIONAL WEATHER SERVICE SALT LAKE CITY UT
338 PM MST WED MAR 1 2017

...................................

...THE SALT LAKE CITY UT CLIMATE SUMMARY FOR THE MONTH OF FEBRUARY 2017...

CLIMATE NORMAL PERIOD 1981 TO 2010
CLIMATE RECORD PERIOD 1874 TO 2017

WEATHER         OBSERVED          NORMAL  DEPART  LAST YEAR`S
                 VALUE   DATE(S)  VALUE   FROM    VALUE  DATE(S)
                                          NORMAL
................................................................
TEMPERATURE (F)
RECORD
 HIGH              69   02/28/1972
 LOW              -30   02/09/1933
HIGHEST            66   02/09                         65  02/27
LOWEST             21   02/25                         14  02/02
AVG. MAXIMUM     48.5              43.2     5.3     45.7
AVG. MINIMUM     31.4              25.2     6.2     28.4
MEAN             40.0              34.2     5.8     37.1
DAYS MAX >= 90      0               0.0     0.0        0
DAYS MAX <= 32      0               3.3    -3.3        4
DAYS MIN <= 32     17              22.0    -5.0       21
DAYS MIN <= 0       0               0.3    -0.3        0

PRECIPITATION (INCHES)
TOTALS           1.69              1.25    0.44     0.52
DAYS >= .01        12               9.4     2.6        7
DAYS >= .10         6               4.1     1.9        1
DAYS >= .50         0               0.3    -0.3        0
DAYS >= 1.00        0               0.0     0.0        0

SNOWFALL (INCHES)
TOTALS            6.7              10.7    -4.0      3.8
SINCE 7/1        46.7              45.4             31.6

DEGREE_DAYS
HEATING TOTAL     694               862    -168      803
 SINCE 7/1       3753              4256    -503     3845
COOLING TOTAL       0                 0       0        0
 SINCE 1/1          0                 0       0        0
.................................................................

WIND (MPH)
AVERAGE WIND SPEED              9.8
HIGHEST WIND SPEED/DIRECTION    37/190    DATE  02/21
HIGHEST GUST SPEED/DIRECTION    46/170    DATE  02/21


WEATHER CONDITIONS. NUMBER OF DAYS WITH
THUNDERSTORM              0     RAIN                       7
HAIL                      2     SNOW                       5
FOG                      16     FOG W/VIS <= 1/4 MILE      1
HAZE                      7

-  INDICATES NEGATIVE NUMBERS.
R  INDICATES RECORD WAS SET OR TIED.
MM INDICATES DATA IS MISSING.
T  INDICATES TRACE AMOUNT.

$$
