000
CXUS56 KPQR 011742
CLMSLE


CLIMATE REPORT
NATIONAL WEATHER SERVICE PORTLAND OREGON
1042 AM PDT WED JUL 1 2015

...................................

...THE SALEM OR CLIMATE SUMMARY FOR THE MONTH OF JUNE 2015...

CLIMATE NORMAL PERIOD 1981 TO 2010
CLIMATE RECORD PERIOD 1892 TO 2015

WEATHER         OBSERVED          NORMAL  DEPART  LAST YEAR`S
                 VALUE   DATE(S)  VALUE   FROM    VALUE  DATE(S)
                                          NORMAL
................................................................
TEMPERATURE (F)
HIGHEST           100                                 87  06/30
LOWEST             46                                 43  06/06
                                                          06/04
AVG. MAXIMUM     84.2              73.9    10.3     75.0
AVG. MINIMUM     54.4              49.3     5.1     51.3
MEAN             69.3              61.6     7.7     63.2
DAYS MAX >= 90      9               1.5     7.5        0
DAYS MAX <= 32      0               0.0     0.0        0
DAYS MIN <= 32      0               0.0     0.0        0
DAYS MIN <= 0       0               0.0     0.0        0

PRECIPITATION (INCHES)
RECORD
 MAXIMUM         4.61   1937
 MINIMUM         0.00   1918
TOTALS           0.67              1.55   -0.88     0.64
DAYS >= .01         2               8.4    -6.4        6
DAYS >= .10         1               4.1    -3.1        2
DAYS >= .50         1               0.8     0.2        0
DAYS >= 1.00        0               0.2    -0.2        0
GREATEST
 24 HR. TOTAL    0.64   06/01 TO 06/01

DEGREE_DAYS
HEATING TOTAL      22               130    -108       66
 SINCE 7/1       3478              4653   -1175     4359
COOLING TOTAL     160                28     132       19
 SINCE 1/1        173                37     136       35
.................................................................

WIND (MPH)
AVERAGE WIND SPEED              6.7
RESULTANT WIND SPEED/DIRECTION   4/342
HIGHEST WIND SPEED/DIRECTION    20/020    DATE  06/30
HIGHEST GUST SPEED/DIRECTION    25/020    DATE  06/30

SKY COVER
POSSIBLE SUNSHINE (PERCENT)   MM
AVERAGE SKY COVER           0.10
NUMBER OF DAYS FAIR           26
NUMBER OF DAYS PC              1
NUMBER OF DAYS CLOUDY          3

AVERAGE RH (PERCENT)     55

WEATHER CONDITIONS. NUMBER OF DAYS WITH
THUNDERSTORM              0     MIXED PRECIP               0
HEAVY RAIN                0     RAIN                       1
LIGHT RAIN                3     FREEZING RAIN              0
LT FREEZING RAIN          0     HAIL                       0
HEAVY SNOW                0     SNOW                       0
LIGHT SNOW                0     SLEET                      0
FOG                       2     FOG W/VIS <= 1/4 MILE      0
HAZE                      2

-  INDICATES NEGATIVE NUMBERS.
R  INDICATES RECORD WAS SET OR TIED.
MM INDICATES DATA IS MISSING.
T  INDICATES TRACE AMOUNT.

$$
