000
CXAK58 PASN 011015
CLMSNP

CLIMATE REPORT
NATIONAL WEATHER SERVICE ST PAUL, AK
215 AM AKDT MON AUG 1 2016

...................................

...THE ST PAUL AIRPORT CLIMATE SUMMARY FOR THE MONTH OF JULY 2016...

CLIMATE NORMAL PERIOD 1981 TO 2010
CLIMATE RECORD PERIOD 1949 TO 2016

WEATHER         OBSERVED          NORMAL  DEPART  LAST YEAR`S
                 VALUE   DATE(S)  VALUE   FROM    VALUE  DATE(S)
                                          NORMAL
................................................................
TEMPERATURE (F)
RECORD
 HIGH              65   7/07/2008
 LOW               28   7/13/1961
HIGHEST            62   7/15         53       9      56  7/30
LOWEST             42   7/1          33       9      44  7/01
AVG. MAXIMUM       55.7              50.8     4.9    52.1
AVG. MINIMUM       48.4              43.6     4.8    46.5
MEAN               52.1              47.2     4.9    49.3
DAYS MAX >= 90      0                 0.0     0.0     0
DAYS MAX <= 32      0                 0.0     0.0     0
DAYS MAX >= 80      0                 0.0     0.0     0
DAYS MAX >= 70      0                 0.0     0.0     0
DAYS MIN <= 32      0                 0.2    -0.2     0
DAYS MIN <= 0       0                 0.0     0.0     0

PRECIPITATION (INCHES)
RECORD
 MAXIMUM            5.85   1950
 MINIMUM            0.36   1988
TOTALS              0.78              1.85   -1.07    1.84
DAILY AVG.          0.03              0.06   -0.03    0.06
DAYS >= .01        13                12.8     0.2    21
DAYS >= .10         3                 4.6    -1.6     7
DAYS >= .50         0                 0.7    -0.7     0
DAYS >= 1.0         0                 0.1    -0.1     0
GREATEST
 24 HR TOTAL        0.24  7/21-7/22                   0.29  7/20

SNOWFALL (INCHES)
RECORDS
 TOTAL              0.0   1949
 24 HR TOTAL        0.0   7-31-2016
 SNOW DEPTH         0     7-31-2016
TOTALS              0.0               0.0     0.0     0.0
SINCE 7/1           0.0               0.0     0.0     0.0
SNOWDEPTH AVG.      0                 0       0       0
DAYS >= TRACE       0                 0.0     0.0     0
DAYS >= 1.0         0                 0.0     0.0     0
DAYS >= 6.0         0                 0.0     0.0     0
GREATEST
 SNOW DEPTH         0   MM                            0  MM
 24 HR TOTAL      0.0   MM                          0.0  MM

DEGREE_DAYS
HEATING TOTAL     392               553    -161     478
 SINCE 7/1        392               553    -161     478
COOLING TOTAL       0                 0       0       0
 SINCE 1/1          0                 0       0       0
................................................................

WIND (MPH)
AVERAGE WIND SPEED                10.1
HIGHEST WIND SPEED/DIRECTION     29/270    DATE   07/23
HIGHEST GUST SPEED/DIRECTION     34/260    DATE   07/23

SKY COVER
POSSIBLE SUNSHINE (PERCENT)   MM
AVERAGE SKY COVER             MM
NUMBER OF DAYS FAIR           MM
NUMBER OF DAYS PC             MM
NUMBER OF DAYS CLOUDY         MM

AVERAGE RH (PERCENT)     MM

WEATHER CONDITIONS. NUMBER OF DAYS WITH
THUNDERSTORM              0     ICE PELLETS                 0
RAIN                     20     GLAZE                       0
DRIZZLE                   6     HAIL                        0
SNOW                      0     HAZE                        0
FOG                      30     FOG W/VIS <= 1/4 MILE       9
BLOWING SNOW              0


-  INDICATES NEGATIVE NUMBERS.
R  INDICATES RECORD WAS SET OR TIED.
MM INDICATES DATA IS MISSING.
T  INDICATES TRACE AMOUNT.

&&

THE AVERAGE TEMPERATURE OF 52.1 DEGREES WAS THE 2ND HIGHEST AVERAGE HIGH
TEMPERATURE FOR JULY SINCE 1949. THE RECORD IS 52.5 SET BACK IN 2005. THERE
WERE 4 RECORD HIGH DAILY TEMPERATURES BROKEN OR TIED DURING THE MONTH AND
17 RECORD HIGH MINIMUM TEMPERATURES BROKEN OR TIED.

THE TOTAL PRECIPITATION OF 0.78 INCHES FOR THE MONTH WAS THE 5TH LEAST AMOUNT
SINCE 1949. THE LEAST AMOUNT OF PRECIPITATION WAS 0.36 INCHES BACK IN 1988.
THERE WERE NO DAILY PRECIPITATION RECORDS BROKEN.

$$
JAS AUG 16
