000
CXUS56 KMTR 020929
CLMSNS


CLIMATE REPORT
NATIONAL WEATHER SERVICE SAN FRANCISCO BAY AREA
218 AM PDT TUE MAY 2 2017

...................................

...THE SALINAS AIRPORT CLIMATE SUMMARY FOR THE MONTH OF APRIL 2017...

CLIMATE NORMAL PERIOD 1981 TO 2010
CLIMATE RECORD PERIOD 1930 TO 2017

WEATHER         OBSERVED          NORMAL  DEPART  LAST YEAR`S
                 VALUE   DATE(S)  VALUE   FROM    VALUE  DATE(S)
                                          NORMAL
................................................................
TEMPERATURE (F)
RECORD
 HIGH             100   04/26/2004
 LOW               29   04/09/1933
HIGHEST            79   04/21                         94  04/06
LOWEST             38   04/10                         43  04/26
                                                          04/25
                                                          04/16
AVG. MAXIMUM     68.7              67.1     1.6     69.9
AVG. MINIMUM     48.6              46.3     2.3     49.6
MEAN             58.7              56.7     2.0     59.7
DAYS MAX >= 90      0                                  1
DAYS MAX <= 32      0                                  0
DAYS MIN <= 32      0                                  0
DAYS MIN <= 0       0                                  0

PRECIPITATION (INCHES)
RECORD
 MAXIMUM           MM   MM
 MINIMUM           MM   MM
TOTALS           0.84              0.93   -0.09     0.50
DAILY AVG.       0.03                               0.02
DAYS >= .01         8                                  6
DAYS >= .10         3                                  2
DAYS >= .50         0                                  0
DAYS >= 1.00        0                                  0
GREATEST
 24 HR. TOTAL    0.25   04/06 TO 04/07           04/21 TO 04/22
                                                          04/30 TO 04/30
                                                          04/30 TO 04/30

DEGREE_DAYS
HEATING TOTAL     188               255     -67      168
 SINCE 7/1       2189              2389    -200     1795
COOLING TOTAL       3                 6      -3       18
 SINCE 1/1          4                 7      -3       21
.................................................

WIND (MPH)
AVERAGE WIND SPEED              8.3
RESULTANT WIND SPEED/DIRECTION   4/258
HIGHEST WIND SPEED/DIRECTION    38/110    DATE  04/06
HIGHEST GUST SPEED/DIRECTION    47/110    DATE  04/06

SKY COVER
POSSIBLE SUNSHINE (PERCENT)   MM
AVERAGE SKY COVER           0.30
NUMBER OF DAYS FAIR           17
NUMBER OF DAYS PC              7
NUMBER OF DAYS CLOUDY          6

AVERAGE RH (PERCENT)     68

WEATHER CONDITIONS. NUMBER OF DAYS WITH
THUNDERSTORM              0     MIXED PRECIP               0
HEAVY RAIN                2     RAIN                       6
LIGHT RAIN               11     FREEZING RAIN              0
LT FREEZING RAIN          0     HAIL                       0
HEAVY SNOW                0     SNOW                       0
LIGHT SNOW                0     SLEET                      0
FOG                      12     FOG W/VIS <= 1/4 MILE      2
HAZE                      2

-  INDICATES NEGATIVE NUMBERS.
R  INDICATES RECORD WAS SET OR TIED.
MM INDICATES DATA IS MISSING.
T  INDICATES TRACE AMOUNT.

$$
