000
CXUS55 KCYS 061513
CLMSNY


CLIMATE REPORT
NATIONAL WEATHER SERVICE CHEYENNE WY
913 AM MDT MON JUL 6 2015

...................................

...THE SIDNEY NE AIRPORT CLIMATE SUMMARY FOR THE MONTH OF JUNE 2015...

CLIMATE NORMAL PERIOD 1981 TO 2010
CLIMATE RECORD PERIOD 1948 TO 2015

WEATHER         OBSERVED          NORMAL  DEPART  LAST YEAR`S
                 VALUE   DATE(S)  VALUE   FROM    VALUE
                                          NORMAL
.............................................................
TEMPERATURE (F)
RECORD
 HIGH             111   06/26/2012
 LOW               28   06/14/1969
                        06/02/1969
                        06/03/1954
HIGHEST            94   06/30        MM      MM       91
LOWEST             48   06/01        MM      MM       42
AVG. MAXIMUM     83.5              82.2     1.3     79.3
AVG. MINIMUM     56.0              53.0     3.0     51.2
MEAN             69.8              67.6     2.2     65.2
DAYS MAX >= 90      3               7.0                1
DAYS MAX <= 32      0               0.0                0
DAYS MIN <= 32      0               0.0                0
DAYS MIN <= 0       0               0.0                0

PRECIPITATION (INCHES)
RECORD
 MAXIMUM        10.07   1965
 MINIMUM         0.25   2013
TOTALS           2.57              3.18   -0.61     3.42
DAYS >= .01         8              12.8    -4.8       11
DAYS >= .10         7               7.6    -0.6        8
DAYS >= .50         2               2.7    -0.7        2
DAYS >= 1.00        0               1.0    -1.0        1
GREATEST
 24 HR. TOTAL    0.92   06/01 TO 06/01

DEGREE_DAYS
HEATING TOTAL       0                59     -59       55
 SINCE 7/1       6299              6221      78     6630
COOLING TOTAL     109               137     -28       68
 SINCE 1/1        109               159     -50       84
..............................................................

WIND (MPH)
AVERAGE WIND SPEED              9.5
HIGHEST WIND SPEED/DIRECTION    44/330    DATE  06/25
HIGHEST GUST SPEED/DIRECTION    56/330    DATE  06/25

SKY COVER
POSSIBLE SUNSHINE (PERCENT)   MM
AVERAGE SKY COVER           0.20
NUMBER OF DAYS FAIR           17
NUMBER OF DAYS PC              3
NUMBER OF DAYS CLOUDY          2

AVERAGE RH (PERCENT)     68

WEATHER CONDITIONS. NUMBER OF DAYS WITH
THUNDERSTORM              0     MIXED PRECIP               0
HEAVY RAIN                2     RAIN                       3
LIGHT RAIN                6     FREEZING RAIN              0
LT FREEZING RAIN          0     HAIL                       0
HEAVY SNOW                0     SNOW                       0
LIGHT SNOW                0     SLEET                      0
FOG                      10     FOG W/VIS <= 1/4 MILE      3
HAZE                      0

-  INDICATES NEGATIVE NUMBERS.
R  INDICATES RECORD WAS SET OR TIED.
MM INDICATES DATA IS MISSING.
T  INDICATES TRACE AMOUNT.

$$
