000
CXUS56 KPQR 011650
CLMSPB


CLIMATE REPORT
NATIONAL WEATHER SERVICE PORTLAND OREGON
850 AM PST THU DEC 1 2016

...................................

...THE SCAPPOOSE OR CLIMATE SUMMARY FOR THE MONTH OF NOVEMBER 2016...

CLIMATE NORMAL PERIOD 1981 TO 2010
CLIMATE RECORD PERIOD 9999 TO 9999

WEATHER         OBSERVED          NORMAL  DEPART  LAST YEAR`S
                 VALUE   DATE(S)  VALUE   FROM    VALUE  DATE(S)
                                          NORMAL
................................................................
TEMPERATURE (F)
HIGHEST            69                                 62  11/06
                                                          11/01
LOWEST             35                                 20  11/30
AVG. MAXIMUM     56.9              52.0     4.9     51.3
AVG. MINIMUM     43.2              36.4     6.8     34.4
MEAN             50.0              44.2     5.8     42.8
DAYS MAX >= 90      0               0.0     0.0        0
DAYS MAX <= 32      0               0.2    -0.2        0
DAYS MIN <= 32      0               8.4    -8.4       11
DAYS MIN <= 0       0               0.0     0.0        0

PRECIPITATION (INCHES)
RECORD
 MAXIMUM           MM   MM
 MINIMUM           MM   MM
TOTALS           8.39              6.55    1.84     5.33
DAYS >= .01        23                MM      MM       17
DAYS >= .10        13                MM      MM       13
DAYS >= .50         5                MM      MM        4
DAYS >= 1.00        1                MM      MM        1
GREATEST
 24 HR. TOTAL    2.72   11/24 TO 11/25

DEGREE_DAYS
HEATING TOTAL     441               624    -183      657
 SINCE 7/1        944              1230    -286     1027
COOLING TOTAL       0                 0       0        0
 SINCE 1/1        362               251     111      565
.................................................................

WIND (MPH)
AVERAGE WIND SPEED              3.2
RESULTANT WIND SPEED/DIRECTION   2/181
HIGHEST WIND SPEED/DIRECTION    22/200    DATE  11/24
HIGHEST GUST SPEED/DIRECTION    35/180    DATE  11/24

SKY COVER
POSSIBLE SUNSHINE (PERCENT)   MM
AVERAGE SKY COVER           0.70

AVERAGE RH (PERCENT)     84

WEATHER CONDITIONS. NUMBER OF DAYS WITH
THUNDERSTORM              0     MIXED PRECIP               0
HEAVY RAIN                3     RAIN                       8
LIGHT RAIN               25     FREEZING RAIN              0
LT FREEZING RAIN          0     HAIL                       0
HEAVY SNOW                0     SNOW                       0
LIGHT SNOW                0     SLEET                      0
FOG                      28     FOG W/VIS <= 1/4 MILE      3
HAZE                      1

-  INDICATES NEGATIVE NUMBERS.
R  INDICATES RECORD WAS SET OR TIED.
MM INDICATES DATA IS MISSING.
T  INDICATES TRACE AMOUNT.

$$
