000
CXUS54 KOUN 011514 CCA
CLMSPS

CLIMATE REPORT
NATIONAL WEATHER SERVICE NORMAN OK
845 AM CST MON JAN 1 2018

...................................

...THE WICHITA FALLS CLIMATE SUMMARY FOR THE MONTH OF DECEMBER 2017...

CLIMATE NORMAL PERIOD 1981 TO 2010
CLIMATE RECORD PERIOD 1897 TO 2017

WEATHER         OBSERVED          NORMAL  DEPART  LAST YEAR`S
                 VALUE   DATE(S)  VALUE   FROM    VALUE
                                          NORMAL
.............................................................
TEMPERATURE (F)
RECORD
 HIGH              88   12/04/1954
 LOW               -7   12/23/1989
HIGHEST            81   12/4         77       4       81
LOWEST             14   12/8         16      -2        8
AVG. MAXIMUM     54.4              54.7    -0.3     55.4
AVG. MINIMUM     32.7              30.8     1.9     31.1
MEAN             43.6              42.8     0.8     43.3
DAYS MAX >= 90      0               0.0     0.0        0
DAYS MAX <= 32      2               1.4     0.6        1
DAYS MIN <= 32     16              17.4    -1.4       17
DAYS MIN <= 0       0               0.1    -0.1        0

PRECIPITATION (INCHES)
RECORD
 MAXIMUM         6.93   1991
 MINIMUM         0.00   1919
                        1916
                        1904
TOTALS           0.97              1.62   -0.65     0.83
DAILY AVG.       0.03              0.05   -0.02     0.03
DAYS >= .01         3               5.0    -2.0        4
DAYS >= .10         2               2.9    -0.9        3
DAYS >= .50         1               1.2    -0.2        0
DAYS >= 1.00        0               0.4    -0.4        0
GREATEST
 24 HR. TOTAL    0.72   12/19 TO 12/19

SNOWFALL (INCHES)
TOTALS              T               1.0    -1.0
SINCE 7/1           T               1.3    -1.3

DEGREE_DAYS
HEATING TOTAL     660               690     -30
 SINCE 7/1       1074              1197    -123
..............................................................

WIND (MPH)
AVERAGE WIND SPEED              10.5
HIGHEST WIND SPEED/DIRECTION    35/010    DATE  12/24
HIGHEST GUST SPEED/DIRECTION    42/010    DATE  12/24


WEATHER CONDITIONS. NUMBER OF DAYS WITH
THUNDERSTORM              0     MIXED PRECIP               0
HEAVY RAIN                1     RAIN                       1
LIGHT RAIN                3     FREEZING RAIN              3
LT FREEZING RAIN          4     HAIL                       0
HEAVY SNOW                0     SNOW                       0
LIGHT SNOW                1     SLEET                      0
FOG                      11     FOG W/VIS <= 1/4 MILE      4
HAZE                      6

-  INDICATES NEGATIVE NUMBERS.
R  INDICATES RECORD WAS SET OR TIED.
MM INDICATES DATA IS MISSING.
T  INDICATES TRACE AMOUNT.

&&
........................................................

RECORD EVENTS/REMARKS

RECORD COLD MAXIMUM TEMP OF 29 DEGREES ON THE 27TH.
JAN-DEC 2017 PRECIPITATION TOTAL IS 25.59 INCHES.

$$
