842
CXUS54 KOUN 011418
CLMSPS

CLIMATE REPORT
NATIONAL WEATHER SERVICE NORMAN OK
904 AM CDT MON MAY 1 2017

...................................

...THE WICHITA FALLS CLIMATE SUMMARY FOR THE MONTH OF APRIL 2017...

CLIMATE NORMAL PERIOD 1981 TO 2010
CLIMATE RECORD PERIOD 1897 TO 2017

WEATHER         OBSERVED          NORMAL  DEPART  LAST YEAR`S
                 VALUE   DATE(S)  VALUE   FROM    VALUE  DATE(S)
                                          NORMAL
................................................................
TEMPERATURE (F)
RECORD
 HIGH             103   04/18/2011
 LOW               24   04/03/1975
HIGHEST            93                92       1       89  04/25
LOWEST             39                34       5       35  04/02
AVG. MAXIMUM     76.6              75.8     0.8     75.9
AVG. MINIMUM     51.2              49.4     1.8     51.3
MEAN             63.9              62.6     1.3     63.6
DAYS MAX >= 90      1               1.6    -0.6        0
DAYS MAX <= 32      0               0.0     0.0        0
DAYS MIN <= 32      0               0.5    -0.5        0
DAYS MIN <= 0       0               0.0     0.0        0

PRECIPITATION (INCHES)
RECORD
 MAXIMUM         8.50   1957
 MINIMUM         0.08   1996
TOTALS           1.04              2.61   -1.57     7.31
DAILY AVG.       0.03              0.09   -0.06     0.24
DAYS >= .01         8               6.2     1.8       13
DAYS >= .10         4               3.9     0.1        7
DAYS >= .50         0               1.6    -1.6        4
DAYS >= 1.00        0               0.7    -0.7        4
GREATEST
 24 HR. TOTAL    0.42   04/13 TO 04/13

SNOWFALL (INCHES)
TOTALS            0.0               0.0     0.0
SINCE 7/1           T               3.9    -3.9

DEGREE_DAYS
HEATING TOTAL     101               142     -41
 SINCE 7/1       2149              2945    -796
COOLING TOTAL      74                70       4
 SINCE 1/1        149                92      57
.................................................................

WIND (MPH)
AVERAGE WIND SPEED              13.2
HIGHEST WIND SPEED/DIRECTION    44/280    DATE  04/30
HIGHEST GUST SPEED/DIRECTION    58/280    DATE  04/30


WEATHER CONDITIONS. NUMBER OF DAYS WITH
THUNDERSTORM              0     MIXED PRECIP               0
HEAVY RAIN                1     RAIN                       4
LIGHT RAIN                9     FREEZING RAIN              0
LT FREEZING RAIN          0     HAIL                       0
HEAVY SNOW                0     SNOW                       0
LIGHT SNOW                0     SLEET                      0
FOG                       9     FOG W/VIS <= 1/4 MILE      3
HAZE                      2

-  INDICATES NEGATIVE NUMBERS.
R  INDICATES RECORD WAS SET OR TIED.
MM INDICATES DATA IS MISSING.
T  INDICATES TRACE AMOUNT.
..................................................................
RECORDS/REMARKS
THE JANUARY THROUGH APRIL TOTAL PRECIPITATION IS 5.76 INCHES.
$$
