000
CXUS52 KTBW 011400
CLMSRQ


CLIMATE REPORT
NATIONAL WEATHER SERVICE TAMPA BAY FL
1000 AM EDT SAT JUL 1 2017

...................................

...THE SARASOTA BRADENTON CLIMATE SUMMARY FOR THE MONTH OF JUNE 2017...

CLIMATE NORMAL PERIOD 1981 TO 2010
CLIMATE RECORD PERIOD 1911 TO 2017

WEATHER         OBSERVED          NORMAL  DEPART  LAST YEAR`S
                 VALUE   DATE(S)  VALUE   FROM    VALUE  DATE(S)
                                          NORMAL
................................................................
TEMPERATURE (F)
ALL-TIME JUNE RECORD
 HIGH             100   06/30/1998
                        06/18/1998
 LOW               52   06/01/1984

JUNE 2017
HIGHEST            92   06/28        MM      MM       95  06/26
                        06/22
                        06/21
LOWEST             71   06/05        MM      MM       70  06/21
AVG. MAXIMUM     87.8              88.6    -0.8     90.7
AVG. MINIMUM     74.1              72.9     1.2     76.2
MEAN             81.0              80.8     0.2     83.4
DAYS MAX >= 90      8               8.8    -0.8       25
DAYS MAX <= 32      0               0.0     0.0        0
DAYS MIN <= 32      0               0.0     0.0        0
DAYS MIN <= 0       0               0.0     0.0        0

PRECIPITATION (INCHES)
ALL-TIME JUNE RECORD
 MAXIMUM        25.60   1912
 MINIMUM         0.64   1998

JUNE 2017
TOTALS          11.08              7.51    3.57     6.73
DAILY AVG.       0.37              0.25    0.12     0.22
DAYS >= .01        21                MM      MM       12
DAYS >= .10        13                MM      MM        9
DAYS >= .50         8                MM      MM        6
DAYS >= 1.00        4                MM      MM        2
GREATEST
 24 HR. TOTAL    1.79   06/10 TO 06/10

DEGREE_DAYS
HEATING TOTAL       0                 0       0        0
 SINCE 7/1        202               477    -275      320
COOLING TOTAL     487               472      15      557
 SINCE 1/1       1524              1223     301     1521
.................................................................

WIND (MPH)
AVERAGE WIND SPEED              7.5
HIGHEST WIND SPEED/DIRECTION    40/140    DATE  06/19
HIGHEST GUST SPEED/DIRECTION    51/140    DATE  06/19

SKY COVER (DOES NOT INCLUDE ANY CLOUDS ABOVE 12000 FEET)
POSSIBLE SUNSHINE (PERCENT)   MM
AVERAGE SKY COVER           0.30
NUMBER OF DAYS FAIR           18
NUMBER OF DAYS PC             12
NUMBER OF DAYS CLOUDY          0

AVERAGE RH (PERCENT)     77

WEATHER CONDITIONS. NUMBER OF DAYS WITH
THUNDERSTORM             19     MIXED PRECIP               0
HEAVY RAIN               13     RAIN                      15
LIGHT RAIN               26     FREEZING RAIN              0
LT FREEZING RAIN          0     HAIL                       0
HEAVY SNOW                0     SNOW                       0
LIGHT SNOW                0     SLEET                      0
FOG                      16     FOG W/VIS <= 1/4 MILE      1
HAZE                      2
.................................................................

REMARKS
THE JUNE 2017 MONTHLY AVERAGE TEMPERATURE OF 81.0 DEGREES TIES
WITH 2003...1958...1953 AND 1944 AS THE 27TH WARMEST JUNE SINCE
RECORDS BEGAN IN 1911. THE WARMEST JUNE HAD AN AVERAGE TEMPERATURE
OF 83.9 DEGREES WHICH OCCURRED IN 1998.

THE JUNE 2017 MONTHLY RAINFALL TOTAL OF A 11.08 INCHES RANKS AS
THE 12TH WETTEST JUNE SINCE RECORDS BEGAN IN 1911.


-  INDICATES NEGATIVE NUMBERS.
R  INDICATES RECORD WAS SET OR TIED.
MM INDICATES DATA IS MISSING.
T  INDICATES TRACE AMOUNT.

$$
