000
CXUS53 KEAX 020651
CLMSTJ

STLCLMWK1 000
TTAA00 KEAX 020642


CLIMATE REPORT
NATIONAL WEATHER SERVICE KANSAS CITY/PLEASANT HILL MO
1241 AM CST MON MAR 2 2015

...................................

...THE ST. JOSEPH MO CLIMATE SUMMARY FOR THE MONTH OF FEBRUARY 2015...

CLIMATE NORMAL PERIOD 1981 TO 2010
CLIMATE RECORD PERIOD 1892 TO 2015

WEATHER         OBSERVED          NORMAL  DEPART  LAST YEAR`S
                 VALUE   DATE(S)  VALUE   FROM    VALUE  DATE(S)
                                          NORMAL
................................................................
TEMPERATURE (F)
RECORD
 HIGH              83   02/24/1930
 LOW              -23   02/01/1979
HIGHEST            58   02/07        65      -7       61  02/18
LOWEST            -10   02/19        -2      -8      -15  02/06
AVG. MAXIMUM     33.4              42.3    -8.9     31.8
AVG. MINIMUM     11.1              21.6   -10.5     11.9
MEAN             22.3              32.0    -9.7     21.9
DAYS MAX >= 90      0               0.0     0.0        0
DAYS MAX <= 32     14               7.5     6.5       16
DAYS MIN <= 32     28              24.0     4.0       28
DAYS MIN <= 0       6               2.4     3.6        7

PRECIPITATION (INCHES)
RECORD
 MAXIMUM         3.87   1985
 MINIMUM         0.01   1991
TOTALS           0.60              0.93   -0.33     0.74
DAILY AVG.       0.02              0.03   -0.01     0.03
DAYS >= .01         6               5.2     0.8        4
DAYS >= .10         3               2.5     0.5        2
DAYS >= .50         0               0.6    -0.6        1
DAYS >= 1.00        0               0.1    -0.1        0
GREATEST
 24 HR. TOTAL    0.23   02/01 TO 02/01

DEGREE_DAYS
HEATING TOTAL    1187               925     262     1198
 SINCE 7/1       4524              4308     216     4940
COOLING TOTAL       0                 0       0        0
 SINCE 1/1          0                 0       0        0
.................................................................

WIND (MPH)
AVERAGE WIND SPEED              9.0
HIGHEST WIND SPEED/DIRECTION    35/330    DATE  02/01
HIGHEST GUST SPEED/DIRECTION    43/360    DATE  02/25

SKY COVER
POSSIBLE SUNSHINE (PERCENT)   MM
AVERAGE SKY COVER           0.40
NUMBER OF DAYS FAIR           15
NUMBER OF DAYS PC             10
NUMBER OF DAYS CLOUDY          3

AVERAGE RH (PERCENT)     71

WEATHER CONDITIONS. NUMBER OF DAYS WITH
THUNDERSTORM              0     MIXED PRECIP               0
HEAVY RAIN                0     RAIN                       0
LIGHT RAIN                1     FREEZING RAIN              0
LT FREEZING RAIN          1     HAIL                       0
HEAVY SNOW                1     SNOW                       4
LIGHT SNOW               10     SLEET                      0
FOG                      16     FOG W/VIS <= 1/4 MILE      6
HAZE                      9

-  INDICATES NEGATIVE NUMBERS.
R  INDICATES RECORD WAS SET OR TIED.
MM INDICATES DATA IS MISSING.
T  INDICATES TRACE AMOUNT.

$$
