041
CXUS53 KEAX 011617
CLMSTJ

CLIMATE REPORT
NATIONAL WEATHER SERVICE KANSAS CITY/PLEASANT HILL MO
1048 AM CDT FRI MAY 1 2015

...................................

...THE ST. JOSEPH MO CLIMATE SUMMARY FOR THE MONTH OF APRIL 2015...

CLIMATE NORMAL PERIOD 1981 TO 2010
CLIMATE RECORD PERIOD 1892 TO 2015

WEATHER         OBSERVED          NORMAL  DEPART  LAST YEAR`S
                 VALUE   DATE(S)  VALUE   FROM    VALUE  DATE(S)
                                          NORMAL
................................................................
TEMPERATURE (F)
RECORD
 HIGH              96   04/25/2012
                        04/28/1970
                        54/01/2206
 LOW                2   04/03/1975
HIGHEST            85   04/07        87      -2       84  04/12
LOWEST             27   04/04        25       2       23  04/15
AVG. MAXIMUM     68.4              65.8     2.6     65.8
AVG. MINIMUM     43.1              42.5     0.6     38.9
MEAN             55.8              54.2     1.6     52.4
DAYS MAX >= 90      0               0.7    -0.7        0
DAYS MAX <= 32      0               0.0     0.0        0
DAYS MIN <= 32      4               5.1    -1.1        7
DAYS MIN <= 0       0               0.0     0.0        0

PRECIPITATION (INCHES)
RECORD
 MAXIMUM        10.88   1944
 MINIMUM         0.62   1924
TOTALS           2.85              3.79   -0.94     3.98
DAILY AVG.       0.09              0.13   -0.04     0.13
DAYS >= .01        12               9.6     2.4       11
DAYS >= .10         6               6.3    -0.3        8
DAYS >= .50         3               2.2     0.8        3
DAYS >= 1.00        0               0.8    -0.8        1
GREATEST
 24 HR. TOTAL    0.91   04/18 TO 04/19

DEGREE_DAYS
HEATING TOTAL     272               345     -73      381
 SINCE 7/1       5403              5338      65     6147
COOLING TOTAL       4                19     -15        8
 SINCE 1/1          5                21     -16        8
.................................................................

WIND (MPH)
AVERAGE WIND SPEED              9.6
HIGHEST WIND SPEED/DIRECTION    31/310    DATE  04/09
HIGHEST GUST SPEED/DIRECTION    40/290    DATE  04/12

SKY COVER
POSSIBLE SUNSHINE (PERCENT)   MM
AVERAGE SKY COVER           0.40
NUMBER OF DAYS FAIR           15
NUMBER OF DAYS PC              6
NUMBER OF DAYS CLOUDY          9

AVERAGE RH (PERCENT)     65

WEATHER CONDITIONS. NUMBER OF DAYS WITH
THUNDERSTORM              0     MIXED PRECIP               0
HEAVY RAIN                6     RAIN                       7
LIGHT RAIN               13     FREEZING RAIN              0
LT FREEZING RAIN          0     HAIL                       0
HEAVY SNOW                0     SNOW                       0
LIGHT SNOW                0     SLEET                      0
FOG                      15     FOG W/VIS <= 1/4 MILE      2
HAZE                      7

-  INDICATES NEGATIVE NUMBERS.
R  INDICATES RECORD WAS SET OR TIED.
MM INDICATES DATA IS MISSING.
T  INDICATES TRACE AMOUNT.

$$
