000
CXUS51 KBGM 011454
CLMSYR


CLIMATE REPORT
NATIONAL WEATHER SERVICE BINGHAMTON NY
1050 AM EDT FRI JUL 1 2016

...................................

...THE SYRACUSE NY CLIMATE SUMMARY FOR THE MONTH OF JUNE 2016...

CLIMATE NORMAL PERIOD 1981 TO 2010
CLIMATE RECORD PERIOD 1902 TO 2016

WEATHER         OBSERVED          NORMAL  DEPART  LAST YEAR`S
                 VALUE   DATE(S)  VALUE   FROM    VALUE  DATE(S)
                                          NORMAL
................................................................
TEMPERATURE (F)
RECORD
 HIGH              98   06/21/1953
 LOW               35   06/01/1966
HIGHEST            90   06/26        77      13       85  06/23
                        06/20
LOWEST             44   06/14        55     -11       41  06/03
AVG. MAXIMUM     77.7              77.5     0.2     75.9
AVG. MINIMUM     54.9              56.0    -1.1     56.0
MEAN             66.3              66.7    -0.4     65.9
DAYS MAX >= 90      2               1.5     0.5        0
DAYS MAX <= 32      0               0.0     0.0        0
DAYS MIN <= 32      0               0.0     0.0        0
DAYS MIN <= 0       0               0.0     0.0        0

PRECIPITATION (INCHES)
RECORD
 MAXIMUM        15.92   1922
 MINIMUM         1.00   1995
TOTALS           1.95              3.31   -1.36     9.92
DAILY AVG.       0.07              0.11   -0.04     0.33
DAYS >= .01         7              12.1    -5.1       17
DAYS >= .10         5               7.4    -2.4       11
DAYS >= .50         1               2.1    -1.1        7
DAYS >= 1.00        0               0.5    -0.5        3
GREATEST
 24 HR. TOTAL    0.57   06/05 TO 06/05

SNOWFALL (INCHES)
RECORDS
 TOTAL              T   2008
 24 HR TOTAL        T   06/16/2008 TO 06/16/2008
 SNOW DEPTH         T   06/16/2008
TOTALS              TR              0.0     0.0      0.0
SINCE 7/1        80.3             123.8   -43.5    119.7
SNOWDEPTH AVG.      0               ..0     0.0        0
DAYS >= TRACE       1               0.0     1.0        0
DAYS >= 1.0         0               0.0     0.0        0
GREATEST
 SNOW DEPTH         0   MM                             0  MM
 24 HR TOTAL        TR  06/07 TO 06/07

DEGREE_DAYS
HEATING TOTAL      53                61      -8       53
 SINCE 7/1       5851              6651    -800     7121
COOLING TOTAL     101               113     -12       89
 SINCE 1/1        157               143      14      194
.................................................................

WIND (MPH)
AVERAGE WIND SPEED              7.9
RESULTANT WIND SPEED/DIRECTION   4/274
HIGHEST WIND SPEED/DIRECTION    30/300    DATE  06/20
HIGHEST GUST SPEED/DIRECTION    38/310    DATE  06/20

SKY COVER
POSSIBLE SUNSHINE (PERCENT)   MM
AVERAGE SKY COVER           0.60
NUMBER OF DAYS FAIR            4
NUMBER OF DAYS PC             18
NUMBER OF DAYS CLOUDY          8

AVERAGE RH (PERCENT)     65

WEATHER CONDITIONS. NUMBER OF DAYS WITH
THUNDERSTORM              3     MIXED PRECIP               0
HEAVY RAIN                4     RAIN                       5
LIGHT RAIN               11     FREEZING RAIN              0
LT FREEZING RAIN          0     HAIL                       1
HEAVY SNOW                0     SNOW                       0
LIGHT SNOW                0     SLEET                      0
FOG                       9     FOG W/VIS <= 1/4 MILE      0
HAZE                      1

-  INDICATES NEGATIVE NUMBERS.
R  INDICATES RECORD WAS SET OR TIED.
MM INDICATES DATA IS MISSING.
T  INDICATES TRACE AMOUNT.

&&
SNOWFALL WAS HAIL ON THE 7TH
$$
