000
CXUS53 KTOP 011429
CLMTOP


CLIMATE REPORT
NATIONAL WEATHER SERVICE TOPEKA KS
921 AM CDT FRI AUG 1 2014

...................................

...THE TOPEKA KS CLIMATE SUMMARY FOR THE MONTH OF JULY 2014...

CLIMATE NORMAL PERIOD 1981 TO 2010
CLIMATE RECORD PERIOD 1887 TO 2014

WEATHER         OBSERVED          NORMAL  DEPART  LAST YEAR`S
                 VALUE   DATE(S)  VALUE   FROM    VALUE  DATE(S)
                                          NORMAL
................................................................
TEMPERATURE (F)
RECORD
 HIGH             114   07/24/1936
 LOW               43   07/05/1972
HIGHEST           103   07/22        90      13      105
LOWEST             50   07/16        67     -17       57
AVG. MAXIMUM     88.6              89.5    -0.9     89.5
AVG. MINIMUM     64.9              68.4    -3.5     67.4
MEAN             76.8              79.0    -2.2     78.4
DAYS MAX >= 90     12              14.9    -2.9       16
DAYS MAX <= 32      0               0.0     0.0        0
DAYS MIN <= 32      0               0.0     0.0        0
DAYS MIN <= 0       0               0.0     0.0        0

PRECIPITATION (INCHES)
RECORD
 MAXIMUM        12.02   1950
 MINIMUM         0.02   1935
TOTALS           0.95              3.82   -2.87     1.78
DAILY AVG.       0.03              0.12   -0.09     0.06
DAYS >= .01         4               8.7    -4.7        9
DAYS >= .10         2               5.8    -3.8        3
DAYS >= .50         1               2.5    -1.5        1
DAYS >= 1.00        0               1.3    -1.3        1
GREATEST
 24 HR. TOTAL    0.80   07/07 TO 07/08              1.36

SNOWFALL (INCHES)
RECORDS
 TOTAL              T   2008
                        1992
TOTALS            0.0               0.0     0.0      0.0
SINCE 7/1         0.0               0.0     0.0      0.0
SNOWDEPTH AVG.      0                                  0
DAYS >= 1.0         0               0.0     0.0        0
GREATEST
 SNOW DEPTH         0   MM                             0  MM
 24 HR TOTAL      0.0   07/31 TO 07/31               0.0

DEGREE_DAYS
HEATING TOTAL       0                 0       0        0
 SINCE 7/1          0                 0       0        0
COOLING TOTAL     370               432     -62      424
 SINCE 1/1        923               842      81      906
.................................................................

WIND (MPH)
AVERAGE WIND SPEED              7.1
HIGHEST WIND SPEED/DIRECTION    38/010    DATE  07/07
HIGHEST GUST SPEED/DIRECTION    56/020    DATE  07/07

SKY COVER
POSSIBLE SUNSHINE (PERCENT)   MM
AVERAGE SKY COVER           0.10
NUMBER OF DAYS FAIR           26
NUMBER OF DAYS PC              5
NUMBER OF DAYS CLOUDY          0

AVERAGE RH (PERCENT)     64

WEATHER CONDITIONS. NUMBER OF DAYS WITH
THUNDERSTORM              2     MIXED PRECIP               0
HEAVY RAIN                1     RAIN                       1
LIGHT RAIN                5     FREEZING RAIN              0
LT FREEZING RAIN          0     HAIL                       0
HEAVY SNOW                0     SNOW                       0
LIGHT SNOW                0     SLEET                      0
FOG                      12     FOG W/VIS <= 1/4 MILE      2
HAZE                      3

-  INDICATES NEGATIVE NUMBERS.
R  INDICATES RECORD WAS SET OR TIED.
MM INDICATES DATA IS MISSING.
T  INDICATES TRACE AMOUNT.

REMARKS...

July was another dry month in Topeka. The total precipitation
measured came in as the fifteenth lowest amount on record for July.
Upper level flow from the north and northwest kept much of the
summertime moisture out of the area and kept temperatures below
normal on many days. After a particularly strong cold front passed
through July 14th, cooler air settled in for the following days and
a record low temperature of 50 degrees was set on July 16th. Very
hot and humid conditions still managed to develop on July 21st and
22nd as well as the 25th and 26th as heat index values peaked around
108 on those days.

$$
