000
CXUS55 KCYS 161633
CLMTOR


CLIMATE REPORT
NATIONAL WEATHER SERVICE CHEYENNE WY
1033 AM MDT TUE JUN 16 2015

...................................

...THE TORRINGTON WY AIRPORT CLIMATE SUMMARY FOR THE MONTH OF MAY 2015...

CLIMATE NORMAL PERIOD 1981 TO 2010
CLIMATE RECORD PERIOD 1998 TO 2015

WEATHER         OBSERVED          NORMAL  DEPART  LAST YEAR`S
                 VALUE   DATE(S)  VALUE   FROM    VALUE
                                          NORMAL
.............................................................
TEMPERATURE (F)
RECORD
 HIGH             100   05/29/2003
 LOW               20   05/02/2005
HIGHEST            82   05/31        MM      MM       91
                        05/02
LOWEST             26   05/11        MM      MM       30
AVG. MAXIMUM     62.9              71.1    -8.2     69.4
AVG. MINIMUM     41.5              42.0    -0.5     41.6
MEAN             52.2              56.6    -4.4     55.5
DAYS MAX >= 90      0               1.2                1
DAYS MAX <= 32      0               0.0                0
DAYS MIN <= 32      5               2.1                9
DAYS MIN <= 0       0               0.0                0

PRECIPITATION (INCHES)
RECORD
 MAXIMUM           MM   MM
 MINIMUM           MM   MM
TOTALS           6.87              2.47    4.40     5.24
DAYS >= .01        17                MM      MM       16
DAYS >= .10        11                MM      MM        7
DAYS >= .50         5                MM      MM        3
DAYS >= 1.00        2                MM      MM        2
GREATEST
 24 HR. TOTAL    1.82   05/09 TO 05/09

DEGREE_DAYS
HEATING TOTAL     388               279     109      300
 SINCE 7/1       6260              6511    -251     6809
COOLING TOTAL       0                17     -17       16
 SINCE 1/1          0                18     -18       16
..............................................................

WIND (MPH)
AVERAGE WIND SPEED              10.1
HIGHEST WIND SPEED/DIRECTION    45/110    DATE  05/15
HIGHEST GUST SPEED/DIRECTION    63/110    DATE  05/15

SKY COVER
POSSIBLE SUNSHINE (PERCENT)   MM
AVERAGE SKY COVER           0.60
NUMBER OF DAYS FAIR            7
NUMBER OF DAYS PC             12
NUMBER OF DAYS CLOUDY         12

AVERAGE RH (PERCENT)     72

WEATHER CONDITIONS. NUMBER OF DAYS WITH
THUNDERSTORM              0     MIXED PRECIP               0
HEAVY RAIN                4     RAIN                      10
LIGHT RAIN               21     FREEZING RAIN              0
LT FREEZING RAIN          0     HAIL                       0
HEAVY SNOW                1     SNOW                       3
LIGHT SNOW                4     SLEET                      0
FOG                      18     FOG W/VIS <= 1/4 MILE      6
HAZE                      1

-  INDICATES NEGATIVE NUMBERS.
R  INDICATES RECORD WAS SET OR TIED.
MM INDICATES DATA IS MISSING.
T  INDICATES TRACE AMOUNT.

$$
