000
CXUS55 KLKN 011332
CLMTPH


CLIMATE REPORT
NATIONAL WEATHER SERVICE ELKO NV
519 AM PST SUN FEB 1 2015

...................................

...THE TONOPAH AIRPORT NV CLIMATE SUMMARY FOR THE MONTH OF JANUARY 2015...

CLIMATE NORMAL PERIOD 1981 TO 2010
CLIMATE RECORD PERIOD 1954 TO 2015

WEATHER         OBSERVED          NORMAL  DEPART  LAST YEAR`S
                 VALUE   DATE(S)  VALUE   FROM    VALUE  DATE(S)
                                          NORMAL
................................................................
TEMPERATURE (F)
RECORD
 HIGH              67   01/18/1971
 LOW              -15   01/24/1962
                        01/23/1962
HIGHEST            65   01/26        57       8       61  01/29
LOWEST             11   01/02         5       6       19  01/19
AVG. MAXIMUM     54.1              44.8     9.3     54.0
AVG. MINIMUM     26.3              20.3     6.0     24.2
MEAN             40.2              32.5     7.7     39.1
DAYS MAX >= 90      0               0.0     0.0        0
DAYS MAX <= 32      0               2.3    -2.3        0
DAYS MIN <= 32     26              29.7    -3.7       29
DAYS MIN <= 0       0               0.4    -0.4        0

PRECIPITATION (INCHES)
RECORD
 MAXIMUM         2.25   1995
 MINIMUM         0.00   2003
                        1994
                        1976
TOTALS           0.17              0.49   -0.32     0.11
DAILY AVG.       0.01              0.02   -0.01     0.00
DAYS >= .01         2               4.1    -2.1        2
DAYS >= .10         1               1.7    -0.7        1
DAYS >= .50         0               0.1    -0.1        0
DAYS >= 1.00        0               0.0     0.0        0
GREATEST
 24 HR. TOTAL    0.17   01/26 TO 01/27              0.11

DEGREE_DAYS
HEATING TOTAL     766              1006    -240      795
 SINCE 7/1       2569              3251    -682     3073
COOLING TOTAL       0                 0       0        0
 SINCE 1/1          0                 0       0        0
.................................................................

WIND (MPH)
AVERAGE WIND SPEED              8.5
HIGHEST WIND SPEED/DIRECTION    31/320    DATE  01/31
HIGHEST GUST SPEED/DIRECTION    40/310    DATE  01/31

AVERAGE RH (PERCENT)     50

WEATHER CONDITIONS. NUMBER OF DAYS WITH
THUNDERSTORM              0     MIXED PRECIP               0
HEAVY RAIN                0     RAIN                       1
LIGHT RAIN                5     FREEZING RAIN              0
LT FREEZING RAIN          0     HAIL                       0
HEAVY SNOW                0     SNOW                       0
LIGHT SNOW                0     SLEET                      0
FOG                       1     FOG W/VIS <= 1/4 MILE      0
HAZE                      0

-  INDICATES NEGATIVE NUMBERS.
R  INDICATES RECORD WAS SET OR TIED.
MM INDICATES DATA IS MISSING.
T  INDICATES TRACE AMOUNT.

&&

=================================================================

...2ND WARMEST JANUARY ON RECORD AT TONOPAH AIRPORT...
...22ND DRIEST JANUARY ON RECORD AT TONOPAH AIRPORT...

THE AVERAGE TEMPERATURE AT TONOPAH AIRPORT DURING JANUARY 2015
WAS 40.2 DEGREES...WHICH IS 7.7 DEGREES ABOVE THE 1981-2010
CLIMATOLOGICAL NORMAL OF 32.5 DEGREES. THIS MAKES JANUARY 2015
THE 2ND WARMEST ON RECORD. THE TOTAL PRECIPITATION WAS 0.17
INCHES...WHICH IS 0.32 INCHES OR 65 PERCENT BELOW THE 1981-2010
CLIMATOLOGICAL NORMAL OF 0.49 INCHES. THIS MAKES JANUARY 2015 THE
22ND DRIEST ON RECORD.

A RECORD HIGH OF 62 DEGREES WAS SET ON JANUARY 6TH.
A RECORD HIGH OF 64 DEGREES WAS SET ON JANUARY 7TH.
A RECORD HIGH OF 59 DEGREES WAS SET ON JANUARY 24TH.
A RECORD HIGH OF 64 DEGREES WAS SET ON JANUARY 25TH.
A RECORD HIGH OF 65 DEGREES WAS SET ON JANUARY 26TH.

$$

RCM
