000
CXUS55 KLKN 011037
CLMTPH


CLIMATE REPORT
NATIONAL WEATHER SERVICE ELKO NV
329 AM PDT TUE AUG 1 2017

...................................

...THE TONOPAH AIRPORT NV CLIMATE SUMMARY FOR THE MONTH OF JULY 2017...

CLIMATE NORMAL PERIOD 1981 TO 2010
CLIMATE RECORD PERIOD 1954 TO 2017

WEATHER         OBSERVED          NORMAL  DEPART  LAST YEAR`S
                 VALUE   DATE(S)  VALUE   FROM    VALUE  DATE(S)
                                          NORMAL
................................................................
TEMPERATURE (F)
RECORD
 HIGH             104   07/28/2016
                        07/18/1960
                        07/18/1998
 LOW               40   07/01/1997
                        07/22/1987
HIGHEST           102   07/08       100       2      104  07/28
LOWEST             56   07/02        49       7       51  07/11
AVG. MAXIMUM     94.8              91.9     2.9     94.9
AVG. MINIMUM     62.9              57.5     5.4     59.1
MEAN             78.9              74.7     4.2     77.0
DAYS MAX >= 90     25              20.9     4.1       28
DAYS MAX <= 32      0               0.0     0.0        0
DAYS MIN <= 32      0               0.0     0.0        0
DAYS MIN <= 0       0               0.0     0.0        0

PRECIPITATION (INCHES)
RECORD
 MAXIMUM         2.49   1985
 MINIMUM         0.00   2000
                        1994
                        1993
TOTALS           0.66              0.45    0.21     0.08
DAILY AVG.       0.02              0.01    0.01     0.00
DAYS >= .01         6               3.1     2.9        2
DAYS >= .10         3               1.2     1.8        0
DAYS >= .50         0               0.2    -0.2        0
DAYS >= 1.00        0               0.1    -0.1        0
GREATEST
 24 HR. TOTAL    0.26   07/26 TO 07/26              0.08

DEGREE_DAYS
HEATING TOTAL       0                 2      -2        0
 SINCE 7/1          0                 2      -2        0
COOLING TOTAL     438               303     135      379
 SINCE 1/1        758               475     283      657
.................................................................

WIND (MPH)
AVERAGE WIND SPEED              9.3
HIGHEST WIND SPEED/DIRECTION    41/020    DATE  07/23
HIGHEST GUST SPEED/DIRECTION    55/020    DATE  07/23

AVERAGE RH (PERCENT)     28

WEATHER CONDITIONS. NUMBER OF DAYS WITH
THUNDERSTORM              0     MIXED PRECIP               0
HEAVY RAIN                4     RAIN                       1
LIGHT RAIN               10     FREEZING RAIN              0
LT FREEZING RAIN          0     HAIL                       0
HEAVY SNOW                0     SNOW                       0
LIGHT SNOW                0     SLEET                      0
FOG                       2     FOG W/VIS <= 1/4 MILE      0
HAZE                      2

-  INDICATES NEGATIVE NUMBERS.
R  INDICATES RECORD WAS SET OR TIED.
MM INDICATES DATA IS MISSING.
T  INDICATES TRACE AMOUNT.

&&

=====================================================================

...WARMEST JULY ON RECORD IN TONOPAH...

A RECORD DAILY MAXIMUM TEMP OF 102 DEGREES WAS SET ON THE 8TH.
A RECORD DAILY MAXIMUM TEMP OF 100 DEGREES WAS TIED ON THE 16TH.
$$

DS
