000
CXUS56 KPQR 011625
CLMTTD


CLIMATE REPORT
NATIONAL WEATHER SERVICE PORTLAND OREGON
925 AM PDT WED NOV 1 2017

...................................

...THE TROUTDALE OR CLIMATE SUMMARY FOR THE MONTH OF OCTOBER 2017...

CLIMATE NORMAL PERIOD 1981 TO 2010
CLIMATE RECORD PERIOD 1948 TO 2017

WEATHER         OBSERVED          NORMAL  DEPART  LAST YEAR`S
                 VALUE   DATE(S)  VALUE   FROM    VALUE  DATE(S)
                                          NORMAL
................................................................
TEMPERATURE (F)
HIGHEST            74                                 69  10/08
LOWEST             37                                 42  10/11
                                                          10/10
AVG. MAXIMUM     64.7              64.0     0.7     61.7
AVG. MINIMUM     44.5              43.7     0.8     50.7
MEAN             54.6              53.8     0.8     56.2
DAYS MAX >= 90      0               0.0     0.0        0
DAYS MAX <= 32      0               0.0     0.0        0
DAYS MIN <= 32      0               0.7    -0.7        0
DAYS MIN <= 0       0               0.0     0.0        0

PRECIPITATION (INCHES)
RECORD
 MAXIMUM           MM   MM
 MINIMUM           MM   MM
TOTALS           5.19              3.95    1.24    11.30
DAYS >= .01        12              11.7     0.3       28
DAYS >= .10         8               7.8     0.2       21
DAYS >= .50         3               2.2     0.8        8
DAYS >= 1.00        1               0.4     0.6        2
GREATEST
 24 HR. TOTAL    1.78   10/21 TO 10/21

DEGREE_DAYS
HEATING TOTAL     317               348     -31      263
 SINCE 7/1        397               520    -123      358
COOLING TOTAL       0                 2      -2        0
 SINCE 1/1        673               340              505
.................................................................

WIND (MPH)
AVERAGE WIND SPEED              6.5
RESULTANT WIND SPEED/DIRECTION   4/101
HIGHEST WIND SPEED/DIRECTION    32/090    DATE  10/27
HIGHEST GUST SPEED/DIRECTION    41/090    DATE  10/27

SKY COVER
POSSIBLE SUNSHINE (PERCENT)   MM
AVERAGE SKY COVER           0.40
NUMBER OF DAYS FAIR           13
NUMBER OF DAYS PC             11
NUMBER OF DAYS CLOUDY          7

AVERAGE RH (PERCENT)     70

WEATHER CONDITIONS. NUMBER OF DAYS WITH
THUNDERSTORM              0     MIXED PRECIP               0
HEAVY RAIN                2     RAIN                       7
LIGHT RAIN               13     FREEZING RAIN              0
LT FREEZING RAIN          0     HAIL                       0
HEAVY SNOW                0     SNOW                       0
LIGHT SNOW                0     SLEET                      0
FOG                      20     FOG W/VIS <= 1/4 MILE      3
HAZE                      1

-  INDICATES NEGATIVE NUMBERS.
R  INDICATES RECORD WAS SET OR TIED.
MM INDICATES DATA IS MISSING.
T  INDICATES TRACE AMOUNT.

$$
