000
CXUS55 KREV 011647 CCA
CLMTVL

CLIMATE REPORT
NATIONAL WEATHER SERVICE RENO NV
831 AM PST THU FEB 1 2018

...................................

...THE SOUTH LAKE TAHOE CA CLIMATE SUMMARY FOR THE MONTH OF JANUARY
2018...

THE AVERAGE TEMPERATURES AT THE SOUTH LAKE TAHOE AIRPORT WAS 34.9
DEGREES WHICH IS 5.4 DEGREES ABOVE NORMAL. THE HIGHEST TEMPERATURE
FOR THE MONTH WAS 57 DEGREES RECORDED ON THE 17TH AND 30TH. THE
LOWEST TEMPERATURES FOR THE MONTH WAS 6 DEGREES RECORDED ON THE
26TH.

FOR JANUARY 2018 1.76 INCHES OF PRECIPITATION FELL WHICH IS 0.91
INCHES BELOW NORMAL.

THE AVERAGE WIND SPEED FOR JANUARY 2018 WAS 4.3 MPH WITH THE HIGHEST
GUST OF 53 MPH RECORDED ON THE 24TH.

CLIMATE NORMAL PERIOD 1981 TO 2010
CLIMATE RECORD PERIOD 1968 TO 2018

WEATHER         OBSERVED          NORMAL  DEPART
                 VALUE   DATE(S)  VALUE   FROM
                                          NORMAL
................................................
TEMPERATURE (F)
RECORD
 HIGH              66   01/25/2015
 LOW              -28   01/01/1993
HIGHEST            57   01/30        60      -3
                        01/17
LOWEST              6   01/26       -28      34
AVG. MAXIMUM     46.4              43.0     3.4
AVG. MINIMUM     23.4              16.1     7.3
MEAN             34.9              29.5     5.4
DAYS MAX >= 90      0               0.0     0.0
DAYS MAX <= 32      1               2.7    -1.7
DAYS MIN <= 32     28              29.8    -1.8
DAYS MIN <= 0       0               2.0    -2.0

PRECIPITATION (INCHES)
RECORD
 MAXIMUM           MM   MM
 MINIMUM           MM   MM
TOTALS           1.76              2.67   -0.91
DAILY AVG.       0.06              0.09   -0.03
DAYS >= .01        12                MM      MM
DAYS >= .10         8                MM      MM
DAYS >= .50         1                MM      MM
DAYS >= 1.00        0                MM      MM
GREATEST
 24 HR. TOTAL    0.52   01/06 TO 01/06
 STORM TOTAL       MM
 (MM/DD(HH))            MM

SNOWFALL (INCHES)
 LIQUID EQUIV      MM                MM      MM
 LIQUID 7/1        MM
GREATEST
 SNOW DEPTH        MM

DEGREE_DAYS
HEATING TOTAL     924              1099    -175
 SINCE 7/1       3670              4282    -612
COOLING TOTAL       0                 0       0
 SINCE 1/1          0                 0       0

FREEZE DATES
RECORD
 EARLIEST     MM
 LATEST       MM
EARLIEST                        09/16
LATEST                          05/18
.................................................

WIND (MPH)
AVERAGE WIND SPEED              4.3
HIGHEST WIND SPEED/DIRECTION    33/200    DATE  01/18
HIGHEST GUST SPEED/DIRECTION    53/190    DATE  01/24

AVERAGE RH (PERCENT)     70

WEATHER CONDITIONS. NUMBER OF DAYS WITH
THUNDERSTORM              0     MIXED PRECIP               0
HEAVY RAIN                0     RAIN                       4
LIGHT RAIN               10     FREEZING RAIN              0
LT FREEZING RAIN          0     HAIL                       0
HEAVY SNOW                1     SNOW                       3
LIGHT SNOW                8     SLEET                      0
FOG                      18     FOG W/VIS <= 1/4 MILE      5
HAZE                      1

-  INDICATES NEGATIVE NUMBERS.
R  INDICATES RECORD WAS SET OR TIED.
MM INDICATES DATA IS MISSING.
T  INDICATES TRACE AMOUNT.

$$
