840
CXUS54 KMRX 011759
CLMTYS


CLIMATE REPORT
NATIONAL WEATHER SERVICE MORRISTOWN TN
158 PM EDT SUN MAY 1 2016

...................................

...THE KNOXVILLE    ASOS CLIMATE SUMMARY FOR THE MONTH OF APRIL 2016...

CLIMATE NORMAL PERIOD 1981 TO 2010
CLIMATE RECORD PERIOD 1871 TO 2016

WEATHER         OBSERVED          NORMAL  DEPART
                 VALUE   DATE(S)  VALUE   FROM
                                          NORMAL
................................................
TEMPERATURE (F)
HIGHEST            86   04/20
LOWEST             30   04/10
AVG. MAXIMUM     73.1              70.3     2.8
AVG. MINIMUM     49.5              47.3     2.2
MEAN             61.3              58.8     2.5
DAYS MAX >= 90      0
DAYS MAX <= 32      0
DAYS MIN <= 32      1
DAYS MIN <= 0       0

PRECIPITATION (INCHES)
RECORD
 MAXIMUM        17.62   1874
 MINIMUM         0.39   1976
TOTALS           2.38              4.01   -1.63
DAYS >= .01        10
DAYS >= .10         6
DAYS >= .50         2
DAYS >= 1.00        0
GREATEST
 24 HR. TOTAL    0.80   03/31 TO 04/01

SNOWFALL (INCHES)
TOTALS            0.0               0.5    -0.5
SINCE 7/1         5.2
SNOWDEPTH AVG.      0
DAYS >= TRACE       0
GREATEST
 SNOW DEPTH         0   MM

DEGREE_DAYS
HEATING TOTAL     164               218     -54
 SINCE 7/1       2903              3575    -672
COOLING TOTAL      58                32      26
 SINCE 1/1         73                37      36
.................................................



-  INDICATES NEGATIVE NUMBERS.
R  INDICATES RECORD WAS SET OR TIED.
MM INDICATES DATA IS MISSING.
T  INDICATES TRACE AMOUNT.

$$
