520
CXUS53 KLSX 060043 RRB
CLMUIN

CLIMATE REPORT
NATIONAL WEATHER SERVICE ST LOUIS MO
913 AM CST FRI DEC 1 2017

...................................

...THE QUINCY IL CLIMATE SUMMARY FOR THE MONTH OF NOVEMBER 2017...

CLIMATE NORMAL PERIOD 1981 TO 2010
CLIMATE RECORD PERIOD 1901 TO 2017

WEATHER         OBSERVED          NORMAL  DEPART  LAST YEAR`S
                 VALUE   DATE(S)  VALUE   FROM    VALUE
                                          NORMAL
.............................................................
TEMPERATURE (F)
RECORD
 HIGH              84   11/08/1915
                        11/07/1915
 LOW              -11   11/30/1964
HIGHEST            71   11/24                         80
LOWEST             18   11/22                         21
AVG. MAXIMUM     52.7              51.3     1.4     58.6
AVG. MINIMUM     32.4              33.7    -1.3     39.1
MEAN             42.6              42.5     0.1     48.9
DAYS MAX >= 90      0               0.0     0.0        0
DAYS MAX <= 32      0               1.6    -1.6        0
DAYS MIN <= 32     14              13.3     0.7        8
DAYS MIN <= 0       0               0.0     0.0        0

PRECIPITATION (INCHES)
RECORD
 MAXIMUM        11.17   1985
 MINIMUM            T   1914
TOTALS           1.30              3.02   -1.72     1.16
DAILY AVG.       0.04              0.10   -0.06     0.04
DAYS >= .01         5               9.2    -4.2        5
DAYS >= .10         2               5.4    -3.4        4
DAYS >= .50         1               2.1    -1.1        1
DAYS >= 1.00        0               0.7    -0.7        0
GREATEST
 24 HR. TOTAL    0.90   11/18 TO 11/18

DEGREE_DAYS
HEATING TOTAL     666               676     -10      490
 SINCE 7/1        947              1100    -153      688
COOLING TOTAL       0                 1      -1       15
 SINCE 1/1       1229              1094     135     1472
..............................................................

WIND (MPH)
HIGHEST WIND SPEED/DIRECTION    32/340    DATE  11/18
HIGHEST GUST SPEED/DIRECTION    38/330    DATE  11/18

SKY COVER
NUMBER OF DAYS FAIR           15
NUMBER OF DAYS PC              8
NUMBER OF DAYS CLOUDY          7


WEATHER CONDITIONS. NUMBER OF DAYS WITH
THUNDERSTORM              1     MIXED PRECIP               0
HEAVY RAIN                1     RAIN                       3
LIGHT RAIN                9     FREEZING RAIN              0
LT FREEZING RAIN          0     HEAVY SNOW                 0
SNOW                      0     LIGHT SNOW                 0
SLEET                     0     FOG                        9
FOG W/VIS <= 1/4 MILE     1     HAZE                      12

-  INDICATES NEGATIVE NUMBERS.
R  INDICATES RECORD WAS SET OR TIED.
MM INDICATES DATA IS MISSING.
T  INDICATES TRACE AMOUNT.

...MONTHLY...

NO RECORDS OF NOTE.

...DAILY...

1 HIGH TEMPERATURE RECORD SET (71 DEGREES ON 11/24. PREVIOUS
69 DEGREES IN 1931).

$$
