000
CXUS53 KLOT 011131
CLMVPZ


CLIMATE REPORT
NATIONAL WEATHER SERVICE CHICAGO IL
625 AM CDT MON AUG 1 2016

...................................

...THE VALPARAISO CLIMATE SUMMARY FOR THE MONTH OF JULY 2016...

CLIMATE NORMAL PERIOD 1981 TO 2010
CLIMATE RECORD PERIOD 1998 TO 2016

WEATHER         OBSERVED          NORMAL  DEPART  LAST YEAR`S
                 VALUE   DATE(S)  VALUE   FROM    VALUE
                                          NORMAL
.............................................................
TEMPERATURE (F)
RECORD
 HIGH             101   07/21/2011
 LOW               43   07/02/2001
HIGHEST            91   07/24                         91
                        07/23
                        07/12
LOWEST             50   07/02                         54
AVG. MAXIMUM     84.4              82.8     1.6     81.5
AVG. MINIMUM     62.8              62.4     0.4     60.7
MEAN             73.6              72.6     1.0     71.1

PRECIPITATION (INCHES)
RECORD
 MAXIMUM         8.16   2003
 MINIMUM         1.32   2013
TOTALS           3.94              4.34   -0.40     4.92

DEGREE_DAYS
HEATING TOTAL       8                 4       4        6
 SINCE 7/1          8                 4       4        6
COOLING TOTAL     281               240      41      202
 SINCE 1/1        558               451     107      410
..............................................................

WIND (MPH)
AVERAGE WIND SPEED              6.2
HIGHEST WIND SPEED/DIRECTION    35/220    DATE  07/13
HIGHEST GUST SPEED/DIRECTION    51/220    DATE  07/13

AVERAGE RH (PERCENT)     74


-  INDICATES NEGATIVE NUMBERS.
R  INDICATES RECORD WAS SET OR TIED.
MM INDICATES DATA IS MISSING.
T  INDICATES TRACE AMOUNT.

$$
