000
CXUS51 KBTV 011355
CLMVSF


CLIMATE REPORT
NATIONAL WEATHER SERVICE BURLINGTON VT
948 AM EDT MON SEP 1 2014

...................................

...THE SPRINGFIELD VT CLIMATE SUMMARY FOR THE MONTH OF AUGUST 2014...

CLIMATE NORMAL PERIOD 1981 TO 2010
CLIMATE RECORD PERIOD 9999 TO 9999

WEATHER         OBSERVED          NORMAL  DEPART  LAST YEAR`S
                 VALUE   DATE(S)  VALUE   FROM    VALUE  DATE(S)
                                          NORMAL
................................................................
TEMPERATURE (F)
RECORD
 HIGH              MM   MM
 LOW               44   08/19/2014
                        08/24/2013
                        08/15/2013
HIGHEST            86   08/27        MM      MM       87  08/22
LOWEST             44R  08/19        MM      MM       44  08/24
                                                          08/15
                                                          08/06
AVG. MAXIMUM     77.0              79.2    -2.2     78.5
AVG. MINIMUM     53.6              55.2    -1.6     54.2
MEAN             65.3              67.2    -1.9     66.3
DAYS MAX >= 90      0               1.4    -1.4        0
DAYS MAX <= 32      0               0.0     0.0        0
DAYS MIN <= 32      0               0.0     0.0        0
DAYS MIN <= 0       0               0.0     0.0        0

PRECIPITATION (INCHES)
RECORD
 MAXIMUM           MM   MM
 MINIMUM           MM   MM
TOTALS           3.60              3.78   -0.18     4.27
DAILY AVG.       0.12              0.12    0.00     0.14
DAYS >= .01         8                MM      MM       12
DAYS >= .10         5                MM      MM        6
DAYS >= .50         2                MM      MM        2
DAYS >= 1.00        1                MM      MM        1
GREATEST
 24 HR. TOTAL    1.88   08/13 TO 08/13           08/28 TO 08/28

DEGREE_DAYS
COOLING TOTAL      60               106     -46       87
 SINCE 1/1        237               321     -84      453
..................................................

WIND (MPH)
AVERAGE WIND SPEED              2.4
HIGHEST WIND SPEED/DIRECTION    18/270    DATE  08/06
HIGHEST GUST SPEED/DIRECTION    26/320    DATE  08/14

SKY COVER
POSSIBLE SUNSHINE (PERCENT)   MM
AVERAGE SKY COVER           0.50
NUMBER OF DAYS FAIR           10
NUMBER OF DAYS PC             16
NUMBER OF DAYS CLOUDY          5

AVERAGE RH (PERCENT)     75

WEATHER CONDITIONS. NUMBER OF DAYS WITH
THUNDERSTORM              0     MIXED PRECIP               0
HEAVY RAIN                4     RAIN                       5
LIGHT RAIN               11     FREEZING RAIN              0
LT FREEZING RAIN          0     HAIL                       0
HEAVY SNOW                0     SNOW                       0
LIGHT SNOW                0     SLEET                      0
FOG                      26     FOG W/VIS <= 1/4 MILE     23
HAZE                      0

-  INDICATES NEGATIVE NUMBERS.
R  INDICATES RECORD WAS SET OR TIED.
MM INDICATES DATA IS MISSING.
T  INDICATES TRACE AMOUNT.

$$
