000
CXUS53 KLBF 012049
CLMVTN


CLIMATE REPORT
NATIONAL WEATHER SERVICE NORTH PLATTE
239 PM CST THU FEB 1 2018

...................................

...THE VALENTINE NE CLIMATE SUMMARY FOR THE MONTH OF JANUARY 2018...

CLIMATE NORMAL PERIOD 1981 TO 2010
CLIMATE RECORD PERIOD 1885 TO 2018

WEATHER         OBSERVED          NORMAL  DEPART  LAST YEAR`S
                 VALUE   DATE(S)  VALUE   FROM    VALUE  DATE(S)
                                          NORMAL
................................................................
TEMPERATURE (F)
RECORD
 HIGH              72   01/27/2015
                        01/12/1987
                        38/08/2445
 LOW              -38   01/24/1894
HIGHEST            61   01/19        59       2       61  01/18
                        01/09
LOWEST            -24   01/01       -15      -9      -11  01/06
AVG. MAXIMUM     36.4              36.5    -0.1     34.7
AVG. MINIMUM     11.3              10.7     0.6     10.9
MEAN             23.8              23.6     0.2     22.8
DAYS MAX >= 90      0               0.0     0.0        0
DAYS MAX <= 32     11              11.1    -0.1       13
DAYS MIN <= 32     31              30.7     0.3       31
DAYS MIN <= 0       5               6.6    -1.6        5

PRECIPITATION (INCHES)
RECORD
 MAXIMUM         1.74   1944
 MINIMUM            T   1961
TOTALS           0.54              0.26    0.28     0.91
DAILY AVG.       0.02              0.01    0.01     0.03
DAYS >= .01         6               3.9     2.1        7
DAYS >= .10         1               0.8     0.2        1
DAYS >= .50         0               0.0     0.0        1
DAYS >= 1.00        0               0.0     0.0        0
GREATEST
 24 HR. TOTAL    0.20   01/21 TO 01/21           01/24 TO 01/24
                                                          01/24 TO 01/24EATHER         OBSERVED          NORMAL  DEPART  LAST YEAR`S
                                                          01/24 TO 01/24EATHER         OBSERVED          NORMAL  DEPART  LAST YEAR`S

SNOWFALL (INCHES)
RECORDS
 TOTAL           18.3   1929
TOTALS            4.7               3.8     0.9     11.5
SINCE 7/1        10.5              16.5    -6.0     23.2
SNOWDEPTH AVG.      1                 2      -1        2
DAYS >= 1.0         2               1.5     0.5        1
GREATEST
 SNOW DEPTH         4   01/22                         10  01/27
                                                          01/26
 24 HR TOTAL      2.5   01/21 TO 01/21

DEGREE_DAYS
HEATING TOTAL    1269              1283     -14     1303
 SINCE 7/1       3796              4178    -382     3824
COOLING TOTAL       0                 0       0        0
 SINCE 1/1          0                 0       0        0
.................................................................

WIND (MPH)
AVERAGE WIND SPEED              9.4
HIGHEST WIND SPEED/DIRECTION    36/340    DATE  01/10
HIGHEST GUST SPEED/DIRECTION    46/340    DATE  01/10

SKY COVER
POSSIBLE SUNSHINE (PERCENT)   MM
AVERAGE SKY COVER           0.30
NUMBER OF DAYS FAIR           21
NUMBER OF DAYS PC              4
NUMBER OF DAYS CLOUDY          5

AVERAGE RH (PERCENT)     71

WEATHER CONDITIONS. NUMBER OF DAYS WITH
  0
  0
  0
  0
  1
  0
  2
HAZE                      8

-  INDICATES NEGATIVE NUMBERS.
R  INDICATES RECORD WAS SET OR TIED.
MM INDICATES DATA IS MISSING.
T  INDICATES TRACE AMOUNT.

$$
