000
CXUS55 KLKN 022249
CLMWMC


CLIMATE REPORT
NATIONAL WEATHER SERVICE ELKO NV
239 PM PDT TUE AUG 2 2016

...................................

...THE WINNEMUCCA AIRPORT NV CLIMATE SUMMARY FOR THE MONTH OF JULY 2016...

CLIMATE NORMAL PERIOD 1981 TO 2010
CLIMATE RECORD PERIOD 1877 TO 2016

WEATHER         OBSERVED          NORMAL  DEPART  LAST YEAR`S
                 VALUE   DATE(S)  VALUE   FROM    VALUE  DATE(S)
                                          NORMAL
................................................................
TEMPERATURE (F)
RECORD
 HIGH             109   07/11/2002
 LOW               29   07/10/1983
                        07/05/1955
HIGHEST           104   07/29       102       2      102  07/02
                                                          07/01
LOWEST             35   07/12        38      -3       43  07/30
                                                          07/25
                                                          07/24
AVG. MAXIMUM     93.5              93.2     0.3     89.5
AVG. MINIMUM     49.7              51.8    -2.1     52.5
MEAN             71.6              72.5    -0.9     71.0
DAYS MAX >= 90     25              22.5     2.5       14
DAYS MAX <= 32      0               0.0     0.0        0
DAYS MIN <= 32      0               0.0     0.0        0
DAYS MIN <= 0       0               0.0     0.0        0

PRECIPITATION (INCHES)
RECORD
 MAXIMUM         1.74   1984
 MINIMUM         0.00   1963
                        1947
                        1885
TOTALS              T              0.25   -0.25     0.66
DAILY AVG.          T              0.01   -0.01     0.02
DAYS >= .01         0               2.3    -2.3       10
DAYS >= .10         0               0.5    -0.5        3
DAYS >= .50         0               0.1    -0.1        0
DAYS >= 1.00        0               0.0     0.0        0
GREATEST
 24 HR. TOTAL       T   07/09 TO 07/09              0.17

SNOWFALL (INCHES)
RECORDS
 TOTAL              T   2013
                        1902
TOTALS            0.0               0.0     0.0      0.0
SINCE 7/1         0.0               0.0     0.0      0.0
SNOWDEPTH AVG.      0                                  0
DAYS >= TRACE       0               0.0     0.0        0
DAYS >= 1.0         0               0.0     0.0        0
DAYS >= 5.0         0                                  0
GREATEST
 SNOW DEPTH         0   MM                             0
 24 HR TOTAL      0.0   07/31 TO 07/31               0.0

DEGREE_DAYS
HEATING TOTAL      17                10       7        5
 SINCE 7/1         17                10       7        5
COOLING TOTAL     231               243     -12      200
 SINCE 1/1        364               333      31      409
.................................................................

WIND (MPH)
AVERAGE WIND SPEED              7.8
HIGHEST WIND SPEED/DIRECTION    31/270    DATE  07/10
HIGHEST GUST SPEED/DIRECTION    39/260    DATE  07/10

AVERAGE RH (PERCENT)     26

WEATHER CONDITIONS. NUMBER OF DAYS WITH
THUNDERSTORM              0     MIXED PRECIP               0
HEAVY RAIN                0     RAIN                       0
LIGHT RAIN                2     FREEZING RAIN              0
LT FREEZING RAIN          0     HAIL                       0
HEAVY SNOW                0     SNOW                       0
LIGHT SNOW                0     SLEET                      0
FOG                       0     FOG W/VIS <= 1/4 MILE      0
HAZE                      1

-  INDICATES NEGATIVE NUMBERS.
R  INDICATES RECORD WAS SET OR TIED.
MM INDICATES DATA IS MISSING.
T  INDICATES TRACE AMOUNT.

&&

=====================================================================

...53RD COOLEST JULY ON RECORD IN WINNEMUCCA...
...4TH DRIEST JULY ON RECORD IN WINNEMUCCA...

THE AVERAGE TEMPERATURE IN WINNEMUCCA DURING JULY 2016 WAS 71.6
DEGREES...WHICH IS 0.9 DEGREES BELOW THE 1981-2010 CLIMATOLOGICAL
NORMAL OF 72.5 DEGREES. THIS MAKES JULY 2016 THE 53RD COOLEST
JULY ON RECORD. THE TOTAL PRECIPITATION WAS A TRACE...WHICH IS
0.25 INCHES BELOW OR ZERO PERCENT OF THE 1981-2010 CLIMATOLOGICAL
NORMAL OF 0.25 INCHES. THIS MAKES JULY 2016 THE 4TH DRIEST JULY
ON RECORD.

A RECORD LOW OF 35 DEGREES WAS TIED ON JULY 12TH.

$$

NWS ELKO CLIMATE TEAM
