000
CXUS51 KCLE 011558
CLSCLE

CLIMATE REPORT
NATIONAL WEATHER SERVICE CLEVELAND OH
1054 AM EST TUE MAR 1 2016

...................................

...THE CLEVELAND OH CLIMATE SUMMARY FOR THE SEASON, FROM
12/1/2015 TO 2/29/2016...

CLIMATE NORMAL PERIOD 1981 TO 2010
CLIMATE RECORD PERIOD 1871 TO 2016

WEATHER         OBSERVED          NORMAL  DEPART
                 VALUE   DATE(S)  VALUE   FROM
                                          NORMAL
................................................
TEMPERATURE (F)
RECORD
 HIGH              77   12/03/1982
 LOW              -20   01/19/1994
HIGHEST            70   12/12
LOWEST              1   02/14
AVG. MAXIMUM     42.5              36.7     5.8
AVG. MINIMUM     27.0              23.9     3.1
MEAN             34.7              30.3     4.4
DAYS MAX >= 90      0               0.0
DAYS MAX <= 32     23              31.0
DAYS MIN <= 32     63              69.4
DAYS MIN <= 0       0               2.4

PRECIPITATION (INCHES)
RECORD
 MAXIMUM        14.95   1950
 MINIMUM         3.27   1901
TOTALS           7.55              8.16   -0.61
DAYS >= .01        43              47.0
DAYS >= .10        21              22.0
DAYS >= .50         4               3.7
DAYS >= 1.00        2               0.7

SNOWFALL (INCHES)
RECORDS
 TOTAL           82.8   2003
TOTALS           20.9              47.7
DAYS >= TRACE      41
DAYS >= 1.0         8              14.4

DEGREE_DAYS
HEATING TOTAL    2726              3122    -396
COOLING TOTAL       0                 0       0
.................................................

WIND (MPH)
HIGHEST GUST SPEED/DIRECTION    56/250    DATE  02/20

SKY COVER
POSSIBLE SUNSHINE (PERCENT)   MM
AVERAGE SKY COVER           0.80
NUMBER OF DAYS FAIR            3
NUMBER OF DAYS PC             26
NUMBER OF DAYS CLOUDY         62


WEATHER CONDITIONS. NUMBER OF DAYS WITH
THUNDERSTORM              0     MIXED PRECIP               0
HEAVY RAIN                0     RAIN                       5
LIGHT RAIN               29     FREEZING RAIN              0
LT FREEZING RAIN          2     HAIL                       0
HEAVY SNOW                3     SNOW                      13
LIGHT SNOW               39     SLEET                      0
FOG                      49     FOG W/VIS <= 1/4 MILE      9
HAZE                     21

-  INDICATES NEGATIVE NUMBERS.
R  INDICATES RECORD WAS SET OR TIED.
MM INDICATES DATA IS MISSING.
T  INDICATES TRACE AMOUNT.

$$
