000
CXUS53 KDDC 031608
CLSDDC


CLIMATE REPORT
NATIONAL WEATHER SERVICE DODGE CITY KS
958 AM CST MON MAR 3 2014

...................................

...THE DODGE CITY KS CLIMATE SUMMARY FOR THE SEASON, FROM
12/1/2013 TO 2/28/2014...

CLIMATE NORMAL PERIOD 1981 TO 2010
CLIMATE RECORD PERIOD 1875 TO 2014

WEATHER         OBSERVED          NORMAL  DEPART  LAST YEAR`S
                 VALUE   DATE(S)  VALUE   FROM    VALUE  DATE(S)
                                          NORMAL
................................................................
TEMPERATURE (F)
RECORD
 HIGH              86   02/01/1963
                        12/24/1955
 LOW              -26   02/12/1899
HIGHEST            73   02/18        MM      MM       72  01/28
LOWEST            -11   01/06        MM      MM        1  12/26
AVG. MAXIMUM     42.1              45.6    -3.5     46.5
AVG. MINIMUM     17.7              21.5    -3.8     20.8
MEAN             29.9              33.6    -3.7     33.7
DAYS MAX >= 90      0               0.0     0.0        0
DAYS MAX <= 32     29              15.6    13.4       15
DAYS MIN <= 32     86              80.0     6.0       80
DAYS MIN <= 0       4               2.6     1.4        0

PRECIPITATION (INCHES)
RECORD
 MAXIMUM         5.70   1877
 MINIMUM         0.06   1922
TOTALS           1.32              2.10   -0.78     2.25
DAILY AVG.       0.02              0.02    0.00     0.03
DAYS >= .01        12              12.9    -0.9       11
DAYS >= .10         4               5.6    -1.6        7
DAYS >= .50         0               0.9    -0.9        0
DAYS >= 1.00        0               0.1    -0.1        0
GREATEST
 24 HR. TOTAL    0.43   12/21 TO 12/21           12/30 TO 12/31

SNOWFALL (INCHES)
RECORDS
 TOTAL           38.4   1897
 24 HR TOTAL       MM
 SNOW DEPTH        MM   MM
TOTALS           19.5              12.9     6.6     23.4
 LIQUID EQUIV    1.95              1.30    0.65       MM
SINCE 7/1        24.5              15.1     9.4     23.4
 LIQUID 7/1      2.45              1.50    0.95     0.00
SNOWDEPTH AVG.      1                MM      MM        1
DAYS >= TRACE      23               9.4    13.6       16
DAYS >= 1.0         7               3.6     3.4        6
GREATEST
 SNOW DEPTH         7   02/11                         11  02/23
                                                          02/22
 24 HR TOTAL      5.5   02/04 TO 02/04           02/20 TO 02/21

DEGREE_DAYS
HEATING TOTAL    3129              2832     297     2798
 SINCE 7/1       4157              3847     310     3711
COOLING TOTAL       0                 0       0        0
 SINCE 1/1          0                 0       0        0
..................................................

WIND (MPH)
AVERAGE WIND SPEED              12.8
RESULTANT WIND SPEED/DIRECTION   3/314
HIGHEST WIND SPEED/DIRECTION    48/360    DATE  02/20
HIGHEST GUST SPEED/DIRECTION    60/360    DATE  02/20

SKY COVER
POSSIBLE SUNSHINE (PERCENT)   MM
AVERAGE SKY COVER           0.30
NUMBER OF DAYS FAIR           57
NUMBER OF DAYS PC             21
NUMBER OF DAYS CLOUDY         12

AVERAGE RH (PERCENT)     59

WEATHER CONDITIONS. NUMBER OF DAYS WITH
THUNDERSTORM              0     MIXED PRECIP               0
HEAVY RAIN                0     RAIN                       0
LIGHT RAIN                1     FREEZING RAIN              0
LT FREEZING RAIN          1     HAIL                       0
HEAVY SNOW                1     SNOW                       3
LIGHT SNOW               23     SLEET                      0
FOG                      30     FOG W/VIS <= 1/4 MILE      4
HAZE                     25

-  INDICATES NEGATIVE NUMBERS.
R  INDICATES RECORD WAS SET OR TIED.
MM INDICATES DATA IS MISSING.
T  INDICATES TRACE AMOUNT.

$$
