000
CXUS53 KDDC 011525
CLSDDC


CLIMATE REPORT
NATIONAL WEATHER SERVICE DODGE CITY KS
1022 AM CDT TUE SEP 1 2015

...................................

...THE DODGE CITY KS CLIMATE SUMMARY FOR THE SEASON, FROM
6/1/2015 TO 8/31/2015...

CLIMATE NORMAL PERIOD 1981 TO 2010
CLIMATE RECORD PERIOD 1875 TO 2015

WEATHER         OBSERVED          NORMAL  DEPART  LAST YEAR`S
                 VALUE   DATE(S)  VALUE   FROM    VALUE  DATE(S)
                                          NORMAL
................................................................
TEMPERATURE (F)
RECORD
 HIGH             111   06/27/2012
 LOW               36   06/02/1917
HIGHEST           106   07/13        MM      MM      102  07/26
                                                          07/25
LOWEST             49   08/24        MM      MM       52  06/13
                        07/08
AVG. MAXIMUM     89.8              90.2    -0.4     88.5
AVG. MINIMUM     64.4              64.3     0.1     63.8
MEAN             77.1              77.2    -0.1     76.2
DAYS MAX >= 90     51              50.8     0.2       47
DAYS MAX <= 32      0               0.0     0.0        0
DAYS MIN <= 32      0               0.0     0.0        0
DAYS MIN <= 0       0               0.0     0.0        0

PRECIPITATION (INCHES)
RECORD
 MAXIMUM        18.89   1884
 MINIMUM         1.58   2011
TOTALS           5.97              9.07   -3.10    14.71
DAILY AVG.       0.07              0.10   -0.03     0.16
DAYS >= .01        23              25.1    -2.1       30
DAYS >= .10        14              15.8    -1.8       23
DAYS >= .50         4               6.0    -2.0       11
DAYS >= 1.00        1               2.2    -1.2        5
GREATEST
 24 HR. TOTAL    1.27   06/12 TO 06/12           06/22 TO 06/22

SNOWFALL (INCHES)
RECORDS
 TOTAL             MM   MM
 24 HR TOTAL       MM
 SNOW DEPTH        MM   MM
TOTALS            0.0               0.0     0.0      0.0
 LIQUID EQUIV    0.00              0.00    0.00     0.00
SINCE 7/1         0.0               0.0     0.0      0.0
 LIQUID 7/1      0.00              0.00    0.00     0.00
SNOWDEPTH AVG.      0                MM      MM        0
DAYS >= TRACE       0               0.0     0.0        0
DAYS >= 1.0         0               0.0     0.0        0
GREATEST
 SNOW DEPTH         0   MM                             0  MM
 24 HR TOTAL      0.0   MM                       06/22 TO 06/22

DEGREE_DAYS
HEATING TOTAL       2                16     -14       20
 SINCE 7/1          2                 4      -2       13
COOLING TOTAL    1137              1136       1     1073
 SINCE 1/1       1198              1246     -48     1245
...................................................

WIND (MPH)
AVERAGE WIND SPEED              11.4
RESULTANT WIND SPEED/DIRECTION   6/167
HIGHEST WIND SPEED/DIRECTION    41/360    DATE  07/25
HIGHEST GUST SPEED/DIRECTION    51/010    DATE  07/25

SKY COVER
POSSIBLE SUNSHINE (PERCENT)   MM
AVERAGE SKY COVER           0.20
NUMBER OF DAYS FAIR           76
NUMBER OF DAYS PC             15
NUMBER OF DAYS CLOUDY          1

AVERAGE RH (PERCENT)     62

WEATHER CONDITIONS. NUMBER OF DAYS WITH
THUNDERSTORM             32     MIXED PRECIP               0
HEAVY RAIN                9     RAIN                      14
LIGHT RAIN               28     FREEZING RAIN              0
LT FREEZING RAIN          0     HAIL                       0
HEAVY SNOW                0     SNOW                       0
LIGHT SNOW                0     SLEET                      0
FOG                      43     FOG W/VIS <= 1/4 MILE      7
HAZE                     21

-  INDICATES NEGATIVE NUMBERS.
R  INDICATES RECORD WAS SET OR TIED.
MM INDICATES DATA IS MISSING.
T  INDICATES TRACE AMOUNT.

$$
