000
CXUS53 KEAX 010822
CLSDMO

CLIMATE REPORT
NATIONAL WEATHER SERVICE KANSAS CITY/PLEASANT HILL MO
214 AM CST TUE MAR 1 2016

...................................

...THE SEDALIA CLIMATE SUMMARY FOR THE SEASON, FROM
12/1/2015 TO 2/29/2016...

CLIMATE NORMAL PERIOD 1981 TO 2010
CLIMATE RECORD PERIOD 9999 TO 9999

WEATHER         OBSERVED          NORMAL  DEPART  LAST YEAR`S
                 VALUE   DATE(S)  VALUE   FROM    VALUE  DATE(S)
                                          NORMAL
................................................................
TEMPERATURE (F)
HIGHEST            76   02/20        70       6       69  01/28
LOWEST              2   01/18                 3        2  01/08
                        01/17                             01/07
AVG. MAXIMUM     48.0              43.1     4.9     41.2
AVG. MINIMUM     29.5              25.3     4.2     24.3
MEAN             38.7              34.2     4.5     32.8
DAYS MAX >= 90      0               0.0     0.0        0
DAYS MAX <= 32     10              21.3   -11.3       21
DAYS MIN <= 32     55              75.5   -20.5       64
DAYS MIN <= 0       0               5.0    -5.0        0

PRECIPITATION (INCHES)
TOTALS           6.35              5.92    0.43     4.02
DAILY AVG.       0.07              0.07    0.00     0.04
DAYS >= .01        14              20.1    -6.1       21
DAYS >= .10         8              11.1    -3.1       11
DAYS >= .50         5               3.5     1.5        1
DAYS >= 1.00        2               1.1     0.9        1
GREATEST
 24 HR. TOTAL    1.71   MM

DEGREE_DAYS
HEATING TOTAL    2343              2772    -429     2863
COOLING TOTAL       0                 0       0        0
.................................................................

WIND (MPH)
AVERAGE WIND SPEED              10.8
HIGHEST WIND SPEED/DIRECTION    38/320    DATE  02/08
HIGHEST GUST SPEED/DIRECTION    50/320    DATE  02/08

SKY COVER
POSSIBLE SUNSHINE (PERCENT)   MM
AVERAGE SKY COVER           0.40
NUMBER OF DAYS FAIR           44
NUMBER OF DAYS PC             27
NUMBER OF DAYS CLOUDY         20

AVERAGE RH (PERCENT)     70

WEATHER CONDITIONS. NUMBER OF DAYS WITH
THUNDERSTORM              3     MIXED PRECIP               0
HEAVY RAIN                5     RAIN                       6
LIGHT RAIN               22     FREEZING RAIN              0
LT FREEZING RAIN          0     HAIL                       0
HEAVY SNOW                0     SNOW                       1
LIGHT SNOW               15     SLEET                      0
FOG                      33     FOG W/VIS <= 1/4 MILE      4
HAZE                      6

-  INDICATES NEGATIVE NUMBERS.
R  INDICATES RECORD WAS SET OR TIED.
MM INDICATES DATA IS MISSING.
T  INDICATES TRACE AMOUNT.

$$
