000
CXUS53 KDDC 011414
CLSGCK


CLIMATE REPORT
NATIONAL WEATHER SERVICE DODGE CITY KS
908 AM CDT FRI SEP 1 2017

...................................

...THE GARDEN CITY REGIONAL ARPT KS CLIMATE SUMMARY FOR THE SEASON, FROM
6/1/2017 TO 8/31/2017...

CLIMATE NORMAL PERIOD 1981 TO 2010
CLIMATE RECORD PERIOD 1948 TO 2017

WEATHER         OBSERVED          NORMAL  DEPART  LAST YEAR`S
                 VALUE   DATE(S)  VALUE   FROM    VALUE  DATE(S)
                                          NORMAL
................................................................
TEMPERATURE (F)
RECORD
 HIGH             110   06/08/1985
                        07/11/1954
                        06/24/1953
 LOW               40   06/08/2007
                        06/06/1998
                        06/02/1969
HIGHEST           104   06/17        MM      MM      100  07/22
                        06/11
LOWEST             52   08/29        MM      MM       47  06/05
AVG. MAXIMUM     89.8              89.2     0.6     89.7
AVG. MINIMUM     62.7              62.7     0.0     63.6
MEAN             76.2              75.9     0.3     76.7
DAYS MAX >= 90     43              47.2    -4.2       49
DAYS MAX <= 32      0               0.0     0.0        0
DAYS MIN <= 32      0               0.0     0.0        0
DAYS MIN <= 0       0               0.0     0.0        0

PRECIPITATION (INCHES)
RECORD
 MAXIMUM        18.27   1979
 MINIMUM         2.00   1964
TOTALS           6.51              8.71   -2.20    14.37
DAILY AVG.       0.07              0.09   -0.02     0.16
DAYS >= .01        25              25.6    -0.6       28
DAYS >= .10        13              16.4    -3.4       20
DAYS >= .50         5               6.3    -1.3       10
DAYS >= 1.00        1               2.3    -1.3        5
GREATEST
 24 HR. TOTAL    1.24   08/07 TO 08/07           07/01 TO 07/01

DEGREE_DAYS
HEATING TOTAL       0                20     -20        2
 SINCE 7/1          0                 4      -4        0
COOLING TOTAL    1057              1027      30     1097
 SINCE 1/1       1147              1116      31     1156
..................................................

WIND (MPH)
AVERAGE WIND SPEED              10.7
RESULTANT WIND SPEED/DIRECTION   5/151
HIGHEST WIND SPEED/DIRECTION    49/310    DATE  06/21
HIGHEST GUST SPEED/DIRECTION    68/320    DATE  06/21

SKY COVER
POSSIBLE SUNSHINE (PERCENT)   MM
NUMBER OF DAYS FAIR           70
NUMBER OF DAYS PC             20
NUMBER OF DAYS CLOUDY          2

AVERAGE RH (PERCENT)     61

WEATHER CONDITIONS. NUMBER OF DAYS WITH
THUNDERSTORM             27     MIXED PRECIP               0
HEAVY RAIN                9     RAIN                      16
LIGHT RAIN               22     FREEZING RAIN              0
LT FREEZING RAIN          0     HAIL                       0
HEAVY SNOW                0     SNOW                       0
LIGHT SNOW                0     SLEET                      0
FOG                      38     FOG W/VIS <= 1/4 MILE      2
HAZE                      6

-  INDICATES NEGATIVE NUMBERS.
R  INDICATES RECORD WAS SET OR TIED.
MM INDICATES DATA IS MISSING.
T  INDICATES TRACE AMOUNT.

$$
