000
CXUS52 KRAH 021837 RRB
CLSGSO

CLIMATE REPORT
NATIONAL WEATHER SERVICE RALEIGH NC
213 PM EDT WED SEP 2 2015

...................................

...THE PIEDMONT TRIAD INTL AIRPORT CLIMATE SUMMARY FOR THE SEASON, FROM
6/1/2015 TO 8/31/2015...

CLIMATE NORMAL PERIOD 1981 TO 2010
CLIMATE RECORD PERIOD 1903 TO 2015

WEATHER         OBSERVED          NORMAL  DEPART
                 VALUE   DATE(S)  VALUE   FROM
                                          NORMAL
................................................
TEMPERATURE (F)
RECORD
 HIGH             104   07/27/1914
                        06/12/1914
                        06/12/1911
 LOW               42   06/08/1977
                        06/12/1972
                        06/11/1972
HIGHEST            98   06/16        MM      MM
LOWEST             59   06/04        MM      MM
AVG. MAXIMUM     88.2              86.4     1.8
AVG. MINIMUM     69.0              67.5     1.5
MEAN             78.6              76.9     1.7
DAYS MAX >= 90     36              26.0    10.0
DAYS MAX <= 32      0               0.0     0.0
DAYS MIN <= 32      0               0.0     0.0
DAYS MIN <= 0       0               0.0     0.0

PRECIPITATION (INCHES)
RECORD
 MAXIMUM        24.00   1906
 MINIMUM         3.51   1990
TOTALS          12.25             12.09    0.16
DAYS >= .01        29              30.4    -1.4
DAYS >= 1.00        3               3.3    -0.3
GREATEST
 24 HR. TOTAL    2.95   08/06 TO 08/06

DEGREE_DAYS
COOLING TOTAL    1283              1103     180
 SINCE 1/1       1517              1262     255
.................................................

WIND (MPH)
AVERAGE WIND SPEED              5.9
HIGHEST WIND SPEED/DIRECTION    53/290    DATE  07/13
HIGHEST GUST SPEED/DIRECTION    74/290    DATE  07/13

SKY COVER
POSSIBLE SUNSHINE (PERCENT)   MM
AVERAGE SKY COVER           0.70
NUMBER OF DAYS FAIR            4
NUMBER OF DAYS PC             57
NUMBER OF DAYS CLOUDY         31

AVERAGE RH (PERCENT)     68

WEATHER CONDITIONS. NUMBER OF DAYS WITH
THUNDERSTORM             26     MIXED PRECIP               0
HEAVY RAIN               12     RAIN                      16
LIGHT RAIN               31     FREEZING RAIN              0
LT FREEZING RAIN          0     HAIL                       0
HEAVY SNOW                0     SNOW                       0
LIGHT SNOW                0     SLEET                      0
FOG                      41     FOG W/VIS <= 1/4 MILE      1
HAZE                     12

-  INDICATES NEGATIVE NUMBERS.
R  INDICATES RECORD WAS SET OR TIED.
MM INDICATES DATA IS MISSING.
T  INDICATES TRACE AMOUNT.

&&

THE AVERAGE MEAN TEMPERATURE OF 78.6 (F)DEGREES WAS THE 4TH WARMEST ON RECORD
FOR THE JUNE-JULY-AUGUST 3 MONTH PERIOD.

$$
