000
CXUS53 KDVN 012100
CLSIOW


CLIMATE REPORT
NATIONAL WEATHER SERVICE QUAD CITIES IA IL
400 PM CDT MON JUN 1 2015

...................................

...THE IOWA CITY IA CLIMATE SUMMARY FOR THE SEASON, FROM
3/1/2015 TO 5/31/2015...

CLIMATE NORMAL PERIOD 1981 TO 2010
CLIMATE RECORD PERIOD 9999 TO 9999

WEATHER         OBSERVED          NORMAL  DEPART
                 VALUE   DATE(S)  VALUE   FROM
                                          NORMAL
................................................
TEMPERATURE (F)
HIGHEST            82   05/16        77       5
                        05/06
                        05/07
LOWEST             -2   03/05        23     -25
AVG. MAXIMUM     62.3              60.6     1.7
AVG. MINIMUM     39.1              40.1    -1.0
MEAN             50.7              50.3     0.4
DAYS MAX >= 90      0
DAYS MAX <= 32      4
DAYS MIN <= 32     30
DAYS MIN <= 0       1

PRECIPITATION (INCHES)
TOTALS           8.27              9.93   -1.66
DAILY AVG.       0.09              0.11   -0.02
DAYS >= .01        30
DAYS >= .10        18
DAYS >= .50         6
DAYS >= 1.00        1
GREATEST
 24 HR. TOTAL    1.81   05/04 TO 05/05

DEGREE_DAYS
HEATING TOTAL    1356              1411     -55
 SINCE 7/1       6721              6361     360
COOLING TOTAL      63                61       2
 SINCE 1/1         63                61       2
.................................................

WIND (MPH)
AVERAGE WIND SPEED              9.0
HIGHEST WIND SPEED/DIRECTION    37/270    DATE  04/21
HIGHEST GUST SPEED/DIRECTION    48/280    DATE  04/21

SKY COVER
POSSIBLE SUNSHINE (PERCENT)   MM
AVERAGE SKY COVER           0.40
NUMBER OF DAYS FAIR           50
NUMBER OF DAYS PC             23
NUMBER OF DAYS CLOUDY         19

AVERAGE RH (PERCENT)     65

WEATHER CONDITIONS. NUMBER OF DAYS WITH
THUNDERSTORM             14     HAIL                       0
SLEET                     0     FOG                       44
FOG W/VIS <= 1/4 MILE     3     HAZE                      15

-  INDICATES NEGATIVE NUMBERS.
R  INDICATES RECORD WAS SET OR TIED.
MM INDICATES DATA IS MISSING.
T  INDICATES TRACE AMOUNT.

$$
