000
CXUS53 KEAX 032211
CLSIRK

STLCLMWS3 000
TTAA00 KEAX 032209


CLIMATE REPORT
NATIONAL WEATHER SERVICE KANSAS CITY/PLEASANT HILL MO
501 PM CDT WED SEP 3 2014

...................................

...THE KIRKSVILLE CLIMATE SUMMARY FOR THE SEASON, FROM
6/1/2014 TO 8/31/2014...

CLIMATE NORMAL PERIOD 1981 TO 2010
CLIMATE RECORD PERIOD 9999 TO 9999

WEATHER         OBSERVED          NORMAL  DEPART  LAST YEAR`S
                 VALUE   DATE(S)  VALUE   FROM    VALUE  DATE(S)
                                          NORMAL
................................................................
TEMPERATURE (F)
HIGHEST            93   08/25        95      -2      102  08/30
                        08/24
                        07/22
LOWEST             51   07/17        48       3       40  06/03
                        07/03
                        06/13
AVG. MAXIMUM     82.8              83.6    -0.8     84.6
AVG. MINIMUM     62.6              62.9    -0.3     60.3
MEAN             72.7              73.2    -0.5     72.5
DAYS MAX >= 90     10              17.6    -7.6       25
DAYS MAX <= 32      0               0.0     0.0        0
DAYS MIN <= 32      0               0.0     0.0        0
DAYS MIN <= 0       0               0.0     0.0        0

PRECIPITATION (INCHES)
TOTALS          18.99             13.26    5.73     5.42
DAILY AVG.       0.21              0.14    0.07        T
DAYS >= .01        33              33.4    -0.4       12
DAYS >= .10        23              21.4     1.6       11
DAYS >= .50        10              10.2    -0.2        4
DAYS >= 1.00        6               3.8     2.2        2
GREATEST
 24 HR. TOTAL    5.75   MM

DEGREE_DAYS
HEATING TOTAL      12                24     -12       49
COOLING TOTAL     744               782     -38      742
.................................................................

WIND (MPH)
AVERAGE WIND SPEED              7.0
HIGHEST WIND SPEED/DIRECTION    45/310    DATE  07/07
HIGHEST GUST SPEED/DIRECTION    69/220    DATE  06/04

SKY COVER
POSSIBLE SUNSHINE (PERCENT)   MM
AVERAGE SKY COVER           0.30
NUMBER OF DAYS FAIR           60
NUMBER OF DAYS PC             25
NUMBER OF DAYS CLOUDY          7

AVERAGE RH (PERCENT)     76

WEATHER CONDITIONS. NUMBER OF DAYS WITH
THUNDERSTORM              0     MIXED PRECIP               0
HEAVY RAIN               16     RAIN                      20
LIGHT RAIN               37     FREEZING RAIN              0
LT FREEZING RAIN          0     HAIL                       0
HEAVY SNOW                0     SNOW                       0
LIGHT SNOW                0     SLEET                      0
FOG                      74     FOG W/VIS <= 1/4 MILE     14
HAZE                     18

-  INDICATES NEGATIVE NUMBERS.
R  INDICATES RECORD WAS SET OR TIED.
MM INDICATES DATA IS MISSING.
T  INDICATES TRACE AMOUNT.

$$
