000
CXUS53 KEAX 020659
CLSIRK

STLCLMWS3 000
TTAA00 KEAX 020657


CLIMATE REPORT
NATIONAL WEATHER SERVICE KANSAS CITY/PLEASANT HILL MO
1256 AM CST MON MAR 2 2015

...................................

...THE KIRKSVILLE CLIMATE SUMMARY FOR THE SEASON, FROM
12/1/2014 TO 2/28/2015...

CLIMATE NORMAL PERIOD 1981 TO 2010
CLIMATE RECORD PERIOD 9999 TO 9999

WEATHER         OBSERVED          NORMAL  DEPART  LAST YEAR`S
                 VALUE   DATE(S)  VALUE   FROM    VALUE  DATE(S)
                                          NORMAL
................................................................
TEMPERATURE (F)
HIGHEST            60   12/14        63      -3       60  01/12
LOWEST            -16   02/05        -5     -11      -17  02/07
AVG. MAXIMUM     36.3              37.1    -0.8     33.1
AVG. MINIMUM     18.2              19.3    -1.1     10.8
MEAN             27.2              28.2    -1.0     21.9
DAYS MAX >= 90      0               0.0     0.0        0
DAYS MAX <= 32     26              33.3    -7.3       46
DAYS MIN <= 32     77              78.6    -1.6       84
DAYS MIN <= 0      11               8.1     2.9       20

PRECIPITATION (INCHES)
TOTALS           2.95              4.55   -1.60     4.86
DAILY AVG.       0.03              0.05   -0.02     0.06
DAYS >= .01        24              20.3     3.7       26
DAYS >= .10         8               9.9    -1.9       17
DAYS >= .50         1               2.6    -1.6        2
DAYS >= 1.00        1               0.9     0.1        1
GREATEST
 24 HR. TOTAL    1.00   MM

DEGREE_DAYS
HEATING TOTAL    3358              3312      46     3703
COOLING TOTAL       0                 0       0        0
.................................................................

WIND (MPH)
AVERAGE WIND SPEED              8.8
HIGHEST WIND SPEED/DIRECTION    30/350    DATE  02/14
HIGHEST GUST SPEED/DIRECTION    40/360    DATE  02/14

SKY COVER
POSSIBLE SUNSHINE (PERCENT)   MM
AVERAGE SKY COVER           0.50
NUMBER OF DAYS FAIR           37
NUMBER OF DAYS PC             28
NUMBER OF DAYS CLOUDY         25

AVERAGE RH (PERCENT)     76

WEATHER CONDITIONS. NUMBER OF DAYS WITH
THUNDERSTORM              0     MIXED PRECIP               0
HEAVY RAIN                0     RAIN                       2
LIGHT RAIN               16     FREEZING RAIN              0
LT FREEZING RAIN          1     HAIL                       0
HEAVY SNOW                0     SNOW                       5
LIGHT SNOW               29     SLEET                      0
FOG                      53     FOG W/VIS <= 1/4 MILE      8
HAZE                     12

-  INDICATES NEGATIVE NUMBERS.
R  INDICATES RECORD WAS SET OR TIED.
MM INDICATES DATA IS MISSING.
T  INDICATES TRACE AMOUNT.

$$
