000
CXUS53 KJKL 021419
CLSJKL

CLIMATE REPORT
NATIONAL WEATHER SERVICE JACKSON KY
322 PM EDT FRI SEP 1 2017
...................................

...THE JACKSON KY CLIMATE SUMMARY FOR THE SEASON, FROM
6/1/2017 TO 8/31/2017...

CLIMATE NORMAL PERIOD 1981 TO 2010
CLIMATE RECORD PERIOD 1981 TO 2017

WEATHER         OBSERVED          NORMAL  DEPART  LAST YEAR`S
                 VALUE   DATE(S)  VALUE   FROM    VALUE  DATE(S)
                                          NORMAL
................................................................
TEMPERATURE (F)
RECORD
 HIGH             104   06/29/2012
 LOW               44   06/07/1998
                        06/01/1993
                        06/10/1988
HIGHEST            92   07/22        MM      MM       94  07/25
                        07/21
LOWEST             53   06/28        MM      MM       51  06/09
                        06/08
AVG. MAXIMUM     82.7              83.4    -0.7     85.7
AVG. MINIMUM     64.1              64.6    -0.5     67.4
MEAN             73.4              74.0    -0.6     76.6
DAYS MAX >= 90      7              10.5    -3.5       20
DAYS MAX <= 32      0               0.0     0.0        0
DAYS MIN <= 32      0               0.0     0.0        0
DAYS MIN <= 0       0               0.0     0.0        0

PRECIPITATION (INCHES)
RECORD
 MAXIMUM        23.02   2013
 MINIMUM         7.37   1986
TOTALS          14.90             13.04    1.86    18.19
DAILY AVG.       0.16              0.14    0.02     0.20
DAYS >= .01        35              34.3     0.7       36
DAYS >= .10        26              22.8     3.2       29
DAYS >= .50         9               9.3    -0.3       13
DAYS >= 1.00        5               3.3     1.7        6
GREATEST
 24 HR. TOTAL    1.72   MM                          1.87

SNOWFALL (INCHES)
RECORDS
 TOTAL             MM   MM
 24 HR TOTAL       MM
TOTALS            0.0               0.0     0.0      0.0
SINCE 7/1         0.0               0.0     0.0      0.0
SNOWDEPTH AVG.      0                MM      MM        0
DAYS >= 1.0         0               0.0     0.0        0
GREATEST
 24 HR TOTAL      0.0   MM                           0.0

DEGREE_DAYS
HEATING TOTAL       4                14     -10        1
 SINCE 7/1          0                 2      -2        0
COOLING TOTAL     803               842     -39     1091
 SINCE 1/1       1002               978      24     1232
.................................................................
WIND (MPH)
AVERAGE WIND SPEED              1.3
RESULTANT WIND SPEED/DIRECTION   1/099
HIGHEST WIND SPEED/DIRECTION    24/320    DATE  07/24
HIGHEST GUST SPEED/DIRECTION    37/320    DATE  07/24

SKY COVER
POSSIBLE SUNSHINE (PERCENT)   MM
NUMBER OF DAYS FAIR           53
NUMBER OF DAYS PC             32
NUMBER OF DAYS CLOUDY          7

AVERAGE RH (PERCENT)     74

WEATHER CONDITIONS. NUMBER OF DAYS WITH
THUNDERSTORM              0     MIXED PRECIP               0
HEAVY RAIN               22     RAIN                      24
LIGHT RAIN               39     FREEZING RAIN              0
LT FREEZING RAIN          0     HAIL                       0
HEAVY SNOW                0     SNOW                       0
LIGHT SNOW                0     SLEET                      0
FOG                      53     FOG W/VIS <= 1/4 MILE     24
HAZE                      2

-  INDICATES NEGATIVE NUMBERS.
R  INDICATES RECORD WAS SET OR TIED.
MM INDICATES DATA IS MISSING.
T  INDICATES TRACE AMOUNT.

$$

TAB
