000
CXUS51 KOKX 021415 RRB
CLSLGA

CLIMATE REPORT
NATIONAL WEATHER SERVICE NEW YORK NY
850 AM EST WED DEC 2 2015

...................................

...THE LAGUARDIA NY CLIMATE SUMMARY FOR THE SEASON, FROM
9/1/2015 TO 11/30/2015...

CLIMATE NORMAL PERIOD 1981 TO 2010
CLIMATE RECORD PERIOD 1945 TO 2015

WEATHER         OBSERVED          NORMAL  DEPART  LAST YEAR`S
                 VALUE   DATE(S)  VALUE   FROM    VALUE
                                          NORMAL
.............................................................
TEMPERATURE (F)
RECORD
 HIGH             102   09/02/1953
 LOW               17   11/29/1955
HIGHEST            95   09/08        MM      MM
LOWEST             33   11/24        MM      MM
AVG. MAXIMUM     68.8              65.4     3.4
AVG. MINIMUM     55.1              51.6     3.5
MEAN             61.9              58.5     3.4
DAYS MAX >= 90      3               0.9     2.1
DAYS MAX <= 32      0               0.0     0.0
DAYS MIN <= 32      0               2.5    -2.5
DAYS MIN <= 0       0               0.0     0.0

PRECIPITATION (INCHES)
RECORD
 MAXIMUM        18.94   1977
 MINIMUM         3.99   1965
TOTALS           7.60             10.92   -3.32     9.05
DAILY AVG.       0.08              0.12   -0.04
DAYS >= .01        18              25.8    -7.8
DAYS >= .10        11              16.6    -5.6
DAYS >= .50         6               7.6    -1.6
DAYS >= 1.00        5               2.9     2.1
GREATEST
 24 HR. TOTAL    1.26   MM
 STORM TOTAL       MM
 (MM/DD(HH))            MM

SNOWFALL (INCHES)
RECORDS
 TOTAL            6.1   1989
 24 HR TOTAL       MM
TOTALS            0.0               0.3    -0.3
 LIQUID EQUIV    0.00              0.00    0.00
SINCE 7/1         0.0               0.3    -0.3
 LIQUID 7/1      0.00
DAYS >= TRACE       0               0.2    -0.2
DAYS >= 1.0         0               0.1    -0.1
GREATEST
 SNOW DEPTH         0   MM
 24 HR TOTAL      0.0   MM
 STORM TOTAL       MM
 (MM/DD(HH))            MM

DEGREE_DAYS
HEATING TOTAL     562               774    -212
 SINCE 7/1        562               775    -213
COOLING TOTAL     305               180     125
 SINCE 1/1       1554              1214     340
..............................................................

WIND (MPH)
AVERAGE WIND SPEED              9.9
HIGHEST WIND SPEED/DIRECTION    35/050    DATE  10/03
HIGHEST GUST SPEED/DIRECTION    45/310    DATE  11/14

SKY COVER
POSSIBLE SUNSHINE (PERCENT)   MM
AVERAGE SKY COVER           0.50
NUMBER OF DAYS FAIR           30
NUMBER OF DAYS PC             34
NUMBER OF DAYS CLOUDY         27

AVERAGE RH (PERCENT)     59

WEATHER CONDITIONS. NUMBER OF DAYS WITH
THUNDERSTORM              0     MIXED PRECIP               0
HEAVY RAIN                8     RAIN                      10
LIGHT RAIN               24     FREEZING RAIN              0
LT FREEZING RAIN          0     HAIL                       0
HEAVY SNOW                0     SNOW                       0
LIGHT SNOW                0     SLEET                      0
FOG                      19     FOG W/VIS <= 1/4 MILE      0
HAZE                     13

-  INDICATES NEGATIVE NUMBERS.
R  INDICATES RECORD WAS SET OR TIED.
MM INDICATES DATA IS MISSING.
T  INDICATES TRACE AMOUNT.

$$
