000
CXUS51 KCLE 040504
CLSMFD


CLIMATE REPORT
NATIONAL WEATHER SERVICE CLEVELAND OH
1200 AM EST SAT MAR 4 2017

...................................

...THE MANSFIELD OH CLIMATE SUMMARY FOR THE SEASON, FROM
12/1/2016 TO 2/28/2017...

CLIMATE NORMAL PERIOD 1981 TO 2010
CLIMATE RECORD PERIOD 1916 TO 2017

WEATHER         OBSERVED          NORMAL  DEPART
                 VALUE   DATE(S)  VALUE   FROM
                                          NORMAL
................................................
TEMPERATURE (F)
RECORD
 HIGH              74   02/24/2017
 LOW              -26   01/15/1929
HIGHEST            74R  02/24
LOWEST              0   01/07
                        01/06
AVG. MAXIMUM     41.2              35.2     6.0
AVG. MINIMUM     26.7              20.5     6.2
MEAN             34.0              27.8     6.2
DAYS MAX >= 90      0               0.0
DAYS MAX <= 32     26              36.8
DAYS MIN <= 32     65              76.7
DAYS MIN <= 0       2               5.0

PRECIPITATION (INCHES)
RECORD
 MAXIMUM        20.95   1950
 MINIMUM         2.70   1977
TOTALS          11.00              8.55    2.45
DAYS >= .01        42              42.7
DAYS >= .10        20              20.1
DAYS >= .50         7               4.8
DAYS >= 1.00        3               1.4

SNOWFALL (INCHES)
RECORDS
 TOTAL           77.3   2010
TOTALS           21.4              35.2
DAYS >= TRACE      35
DAYS >= 1.0         7              11.2

DEGREE_DAYS
HEATING TOTAL    2793              3343    -550
COOLING TOTAL       0                 0       0
.................................................

WIND (MPH)
HIGHEST GUST SPEED/DIRECTION    61/210    DATE  01/10

SKY COVER
POSSIBLE SUNSHINE (PERCENT)   MM
NUMBER OF DAYS FAIR           19
NUMBER OF DAYS PC             25
NUMBER OF DAYS CLOUDY         46


WEATHER CONDITIONS. NUMBER OF DAYS WITH
THUNDERSTORM              0     MIXED PRECIP               0
HEAVY RAIN                3     RAIN                      10
LIGHT RAIN               27     FREEZING RAIN              2
LT FREEZING RAIN          3     HAIL                       0
HEAVY SNOW                0     SNOW                       3
LIGHT SNOW               32     SLEET                      0
FOG                      65     FOG W/VIS <= 1/4 MILE      9
HAZE                     21

-  INDICATES NEGATIVE NUMBERS.
R  INDICATES RECORD WAS SET OR TIED.
MM INDICATES DATA IS MISSING.
T  INDICATES TRACE AMOUNT.

$$
