000
CXUS53 KDVN 011210
CLSMLI


CLIMATE REPORT
NATIONAL WEATHER SERVICE QUAD CITIES IA IL
710 AM CDT TUE SEP 1 2015

...................................

...THE MOLINE CLIMATE SUMMARY FOR THE SEASON, FROM
6/1/2015 TO 8/31/2015...

CLIMATE NORMAL PERIOD 1981 TO 2010
CLIMATE RECORD PERIOD 1872 TO 2015

WEATHER         OBSERVED          NORMAL  DEPART
                 VALUE   DATE(S)  VALUE   FROM
                                          NORMAL
................................................
TEMPERATURE (F)
RECORD
 HIGH             111   07/14/1936
 LOW               39   06/01/1993
                        06/11/1972
                        06/04/1945
HIGHEST            94   07/25        86       8
LOWEST             48   06/02        56      -8
AVG. MAXIMUM     82.2              84.0    -1.8
AVG. MINIMUM     62.3              63.0    -0.7
MEAN             72.2              73.5    -1.3
DAYS MAX >= 90      8              17.0    -9.0
DAYS MAX <= 32      0               0.0     0.0
DAYS MIN <= 32      0               0.0     0.0
DAYS MIN <= 0       0               0.0     0.0

PRECIPITATION (INCHES)
RECORD
 MAXIMUM        26.79   1993
 MINIMUM         0.76   2013
TOTALS          19.53             13.30    6.23
DAILY AVG.       0.21              0.14    0.07
DAYS >= .01        34              30.1     3.9
DAYS >= .10        22
DAYS >= .50        12
DAYS >= 1.00        5               3.8     1.2
GREATEST
 24 HR. TOTAL    3.20   07/06 TO 07/07

SNOWFALL (INCHES)
RECORDS
 TOTAL             MM   MM
TOTALS              T               0.0     0.0
SINCE 7/1           T               0.0     0.0
SNOWDEPTH AVG.      0
DAYS >= TRACE       1               0.0     1.0
DAYS >= 1.0         0               0.0     0.0
GREATEST
 SNOW DEPTH         0   MM
 24 HR TOTAL        T   08/02 TO 08/02

DEGREE_DAYS
HEATING TOTAL      14                27     -13
 SINCE 7/1          7                 8      -1
COOLING TOTAL     707               807    -100
 SINCE 1/1        788               883     -95
.................................................

WIND (MPH)
AVERAGE WIND SPEED              6.3
HIGHEST WIND SPEED/DIRECTION    37/280    DATE  06/29
HIGHEST GUST SPEED/DIRECTION    46/270    DATE  06/29

SKY COVER
POSSIBLE SUNSHINE (PERCENT)   MM
AVERAGE SKY COVER           0.30
NUMBER OF DAYS FAIR           61
NUMBER OF DAYS PC             26
NUMBER OF DAYS CLOUDY          5

AVERAGE RH (PERCENT)     72

WEATHER CONDITIONS. NUMBER OF DAYS WITH
THUNDERSTORM             23     HAIL                       1
SLEET                     0     FOG                       50
FOG W/VIS <= 1/4 MILE     9     HAZE                      25

-  INDICATES NEGATIVE NUMBERS.
R  INDICATES RECORD WAS SET OR TIED.
MM INDICATES DATA IS MISSING.
T  INDICATES TRACE AMOUNT.

$$


===================================================================

NOTE: SUPPLEMENTAL CLIMATE DATA WAS USED FROM A NEARBY
CLIMATOLOGICALLY REPRESENTATIVE STATION.

===================================================================
