000
CXUS53 KDDC 011630
CLSP28


CLIMATE REPORT
NATIONAL WEATHER SERVICE DODGE CITY KS
1022 AM CST FRI DEC 1 2017

...................................

...THE MEDICINE LODGE KS CLIMATE SUMMARY FOR THE SEASON, FROM
9/1/2017 TO 11/30/2017...

CLIMATE NORMAL PERIOD 1981 TO 2010
CLIMATE RECORD PERIOD 1893 TO 2017

WEATHER         OBSERVED          NORMAL  DEPART  LAST YEAR`S
                 VALUE   DATE(S)  VALUE   FROM    VALUE  DATE(S)
                                          NORMAL
................................................................
TEMPERATURE (F)
RECORD
 HIGH             113   09/29/1984
 LOW                0   11/29/1976
HIGHEST            98   09/21        MM      MM       97  09/20
LOWEST             18   10/28        MM      MM       20  11/19
AVG. MAXIMUM     72.7              71.0     1.7     75.9
AVG. MINIMUM     46.7              45.8     0.9     49.1
MEAN             59.7              58.4     1.3     62.5
DAYS MAX >= 90      9               8.7     0.3       13
DAYS MAX <= 32      0               0.2    -0.2        0
DAYS MIN <= 32     15              16.6    -1.6       11
DAYS MIN <= 0       0               0.0     0.0        0

PRECIPITATION (INCHES)
RECORD
 MAXIMUM        21.01   1923
 MINIMUM         0.31   1939
TOTALS           7.68              5.87    1.81     9.21
DAILY AVG.       0.09              0.06    0.03     0.10
DAYS >= .01        15              17.1    -2.1       16
DAYS >= .10        10               9.3     0.7       10
DAYS >= .50         2               3.5    -1.5        3
DAYS >= 1.00        2               1.3     0.7        3
GREATEST
 24 HR. TOTAL    4.18   09/25 TO 09/25           09/08 TO 09/08

SNOWFALL (INCHES)
RECORDS
 TOTAL           19.0   1992
 24 HR TOTAL     14.0   11/30/1992
 SNOW DEPTH        15   11/30/1992
TOTALS            0.0               0.2    -0.2      0.0
 LIQUID EQUIV    0.00              0.00    0.00     0.00
SINCE 7/1         0.0               0.2    -0.2      0.0
 LIQUID 7/1      0.00              0.00    0.00     0.00
SNOWDEPTH AVG.      0                MM      MM        0
DAYS >= TRACE       0               0.2    -0.2        0
DAYS >= 1.0         0               0.1    -0.1        0
GREATEST
 SNOW DEPTH         0   MM                             0  MM
 24 HR TOTAL      0.0   MM                       09/08 TO 09/08

DEGREE_DAYS
HEATING TOTAL     760               858     -98      536
 SINCE 7/1        760               858     -98      536
COOLING TOTAL     297               259      38      337
 SINCE 1/1       1656              1770    -114     1937

FREEZE DATES
RECORD
 EARLIEST     MM
 LATEST       MM
EARLIEST                        MM
LATEST                          MM
.........................................................

WIND (MPH)
AVERAGE WIND SPEED              9.0
RESULTANT WIND SPEED/DIRECTION   2/126
HIGHEST WIND SPEED/DIRECTION    46/250    DATE  10/06
HIGHEST GUST SPEED/DIRECTION    77/250    DATE  10/06

AVERAGE RH (PERCENT)     63


-  INDICATES NEGATIVE NUMBERS.
R  INDICATES RECORD WAS SET OR TIED.
MM INDICATES DATA IS MISSING.
T  INDICATES TRACE AMOUNT.

$$
