000
CXUS53 KILX 011609
CLSPIA

CLIMATE REPORT
NATIONAL WEATHER SERVICE LINCOLN IL
1015 AM CDT TUE SEP 1 2015

...................................

...THE PEORIA IL CLIMATE SUMMARY FOR THE SEASON, FROM
6/1/2015 TO 8/31/2015...

CLIMATE NORMAL PERIOD 1981 TO 2010
CLIMATE RECORD PERIOD 1883 TO 2015

WEATHER         OBSERVED          NORMAL  DEPART  LAST YEAR`S
                 VALUE   DATE(S)  VALUE   FROM    VALUE
                                          NORMAL
.............................................................
TEMPERATURE (F)
RECORD
 HIGH             113   07/15/1936
 LOW               39   06/01/1993
                        06/04/1945
HIGHEST            94   08/02        MM      MM       96
                        07/17
                        07/13
LOWEST             50   06/02        MM      MM       52
AVG. MAXIMUM     84.2              83.9     0.3     83.1
AVG. MINIMUM     65.8              63.6     2.2     65.1
MEAN             75.0              73.7     1.3     74.1
DAYS MAX >= 90     17              16.5     0.5        8
DAYS MAX <= 32      0               0.0     0.0        0
DAYS MIN <= 32      0               0.0     0.0        0
DAYS MIN <= 0       0               0.0     0.0        0

PRECIPITATION (INCHES)
RECORD
 MAXIMUM        24.27   1902
 MINIMUM         3.04   1988
TOTALS          19.47             10.62    8.85    18.10
DAILY AVG.       0.22                               0.20
DAYS >= .01        30              28.3     1.7       38
DAYS >= .10        23              18.3     4.7       24
DAYS >= .50        14               7.5     6.5       14
DAYS >= 1.00        7               2.9     4.1        5
GREATEST
 24 HR. TOTAL    3.14   MM                          3.00

SNOWFALL (INCHES)
RECORDS
 TOTAL            0.0   MM
 24 HR TOTAL      0.0   MM
TOTALS            0.0               0.0     0.0      0.0
SINCE 7/1         0.0               0.0     0.0      0.0
DAYS >= TRACE       0               0.0     0.0        0
DAYS >= 1.0         0               0.0     0.0        0
GREATEST
 SNOW DEPTH         0   MM                             0
 24 HR TOTAL      0.0   MM                           0.0

DEGREE_DAYS
HEATING TOTAL      12                24     -12        2
 SINCE 7/1          5                 6      -1        2
COOLING TOTAL     958               826     132      866
 SINCE 1/1       1112               907     205     1024

FREEZE DATES
RECORD
 EARLIEST     09/20/1991
 LATEST       05/25/1925
EARLIEST                        10/14
LATEST                          04/19
..............................................................

WIND (MPH)
AVERAGE WIND SPEED              6.3
HIGHEST WIND SPEED/DIRECTION    33/200    DATE  08/18
HIGHEST GUST SPEED/DIRECTION    48/280    DATE  06/07

SKY COVER
POSSIBLE SUNSHINE (PERCENT)   MM
AVERAGE SKY COVER           0.30
NUMBER OF DAYS FAIR           60
NUMBER OF DAYS PC             28
NUMBER OF DAYS CLOUDY          4

AVERAGE RH (PERCENT)     70

WEATHER CONDITIONS. NUMBER OF DAYS WITH
THUNDERSTORM             23     MIXED PRECIP               0
HEAVY RAIN               17     RAIN                      20
LIGHT RAIN               36     FREEZING RAIN              0
LT FREEZING RAIN          0     HAIL                       0
HEAVY SNOW                0     SNOW                       0
LIGHT SNOW                0     SLEET                      0
FOG                      52     FOG W/VIS <= 1/4 MILE      8
HAZE                     42

-  INDICATES NEGATIVE NUMBERS.
R  INDICATES RECORD WAS SET OR TIED.
MM INDICATES DATA IS MISSING.
T  INDICATES TRACE AMOUNT.

&&

4TH WETTEST SUMMER ON RECORD WITH 19.47 INCHES
2RD WETTEST JUNE ON RECORD WITH 11.60 INCHES
RECORD DAILY RAINFALL OF 3.14 INCHES ON JUNE 7TH
RECORD DAILY COOL HIGH TEMPERATURE OF 62 DEGREES ON JULY 8TH
RECORD MONTHLY COOL HIGH TEMPERATURE OF 62 DEGREES ON JULY 8TH
RECORD LOW TEMPERATURE OF 51 DEGREES ON AUGUST 27TH...TIED THE OLD RECORD LOW SET ON
AUGUST 27, 1967

$$
