000
CXUS51 KBGM 052038 CCA
CLSSYR

CLIMATE REPORT...CORRECTED
NATIONAL WEATHER SERVICE BINGHAMTON NY
339 PM EST MON DEC 5 2016

...................................

...THE SYRACUSE NY CLIMATE SUMMARY FOR THE SEASON, FROM
9/1/2016 TO 11/30/2016...

CLIMATE NORMAL PERIOD 1981 TO 2010
CLIMATE RECORD PERIOD 1902 TO 2016

WEATHER         OBSERVED          NORMAL  DEPART  LAST YEAR`S
                 VALUE   DATE(S)  VALUE   FROM    VALUE  DATE(S)
                                          NORMAL
................................................................
TEMPERATURE (F)
RECORD
 HIGH              97   09/04/1953
                        09/03/1953
 LOW                5   11/30/1976
                        11/24/1956
HIGHEST            89   09/08        60      29       93  09/08
                        09/07                             09/07
LOWEST             25   11/14        42     -17       21  11/30
AVG. MAXIMUM     62.5              60.2     2.3     64.3
AVG. MINIMUM     42.9              41.9     1.0     44.8
MEAN             52.7              51.1     1.6     54.6
DAYS MAX >= 90      0               0.4    -0.4        4
DAYS MAX <= 32      1               1.6    -0.6        0
DAYS MIN <= 32     22              18.3     3.7       20
DAYS MIN <= 0       0               0.0     0.0        0

PRECIPITATION (INCHES)
RECORD
 MAXIMUM        16.60   1977
 MINIMUM         4.47   1964
TOTALS          14.17             10.66    3.51     9.71
DAILY AVG.       0.15              0.12    0.03     0.11
DAYS >= .01        37              43.0    -6.0       36
DAYS >= .10        24              23.6     0.4       17
DAYS >= .50        10               6.3     3.7        5
DAYS >= 1.00        4               1.9     2.1        3
GREATEST
 24 HR. TOTAL    3.52   10/20 TO 10/21

SNOWFALL (INCHES)
RECORDS
 TOTAL           34.2   1995
 24 HR TOTAL     11.9   11/06/1973 TO 11/06/1973
 SNOW DEPTH        14   11/07/1973
TOTALS           25.4               9.9    15.5      0.8
SINCE 7/1        25.4               9.9    15.5      0.8
SNOWDEPTH AVG.      1                MM      MM        0
DAYS >= TRACE      10               6.3     3.7        8
DAYS >= 1.0         2               2.8    -0.8        0
GREATEST
 SNOW DEPTH        22R  11/21                          T  11/22
                        11/22                             11/23
                                                          11/28
 24 HR TOTAL     18.9R  11/20 TO 11/21

DEGREE_DAYS
HEATING TOTAL    1194              1323    -129     1077
 SINCE 7/1       1194              1349    -129     1085
COOLING TOTAL      97                56      41      145
 SINCE 1/1        810               569     241      717

FREEZE DATES
RECORD
 EARLIEST     09/23/1963
 LATEST       05/24/1963
EARLIEST                        10/14
LATEST                          04/29
....................................................

WIND (MPH)
AVERAGE WIND SPEED              7.3
RESULTANT WIND SPEED/DIRECTION   1/274
HIGHEST WIND SPEED/DIRECTION    31/330    DATE  10/16
HIGHEST GUST SPEED/DIRECTION    42/290    DATE  10/23

SKY COVER
POSSIBLE SUNSHINE (PERCENT)   MM
AVERAGE SKY COVER           0.60

AVERAGE RH (PERCENT)     76

WEATHER CONDITIONS. NUMBER OF DAYS WITH
THUNDERSTORM              9     MIXED PRECIP               0
HEAVY RAIN               12     RAIN                      17
LIGHT RAIN               50     FREEZING RAIN              0
LT FREEZING RAIN          1     HAIL                       0
HEAVY SNOW                2     SNOW                       5
LIGHT SNOW                9     SLEET                      4
FOG                      50     FOG W/VIS <= 1/4 MILE      4
HAZE                      1

-  INDICATES NEGATIVE NUMBERS.
R  INDICATES RECORD WAS SET OR TIED.
MM INDICATES DATA IS MISSING.
T  INDICATES TRACE AMOUNT.

&&
4TH GREATEST SEASONAL SNOWFALL
CORRECTED 24 HOUR GREATEST SNOWFALL
$$
