000
CXUS55 KLKN 011838
CLSTPH


CLIMATE REPORT
NATIONAL WEATHER SERVICE ELKO NV
1123 AM PDT THU JUN 1 2017

...................................

...THE TONOPAH AIRPORT NV CLIMATE SUMMARY FOR THE SEASON, FROM
3/1/2017 TO 5/31/2017...

CLIMATE NORMAL PERIOD 1981 TO 2010
CLIMATE RECORD PERIOD 1954 TO 2017

WEATHER         OBSERVED          NORMAL  DEPART  LAST YEAR`S
                 VALUE   DATE(S)  VALUE   FROM    VALUE  DATE(S)
                                          NORMAL
................................................................
TEMPERATURE (F)
RECORD
 HIGH              96   05/28/2003
 LOW                4   03/02/1971
HIGHEST            88   05/30        88       0       87  05/31
                        05/24
LOWEST             11   03/06        18      -7       24  03/30
AVG. MAXIMUM     67.6              65.2     2.4     65.8
AVG. MINIMUM     38.3              35.6     2.7     37.5
MEAN             53.0              50.4     2.6     51.7
DAYS MAX >= 90      0               1.2    -1.2        0
DAYS MAX <= 32      0               0.1    -0.1        0
DAYS MIN <= 32     21              33.1   -12.1       23
DAYS MIN <= 0       0               0.0     0.0        0

PRECIPITATION (INCHES)
RECORD
 MAXIMUM         4.12   1978
 MINIMUM         0.05   1959
TOTALS           1.27              1.52   -0.25     1.10
DAILY AVG.       0.02              0.02    0.00     0.01
DAYS >= .01        10              11.0    -1.0       17
DAYS >= .10         4               4.7    -0.7        5
DAYS >= .50         0               0.4    -0.4        0
DAYS >= 1.00        0               0.0     0.0        0
GREATEST
 24 HR. TOTAL    0.43   05/07 TO 05/07              0.22

DEGREE_DAYS
HEATING TOTAL    1114              1369    -255     1211
 SINCE 7/1       4979              5411    -432     5138
COOLING TOTAL      33                27       6        8
 SINCE 1/1         33                27       6        8
.................................................................

WIND (MPH)
AVERAGE WIND SPEED              11.9
HIGHEST WIND SPEED/DIRECTION    51/330    DATE  03/30
HIGHEST GUST SPEED/DIRECTION    64/330    DATE  03/30

AVERAGE RH (PERCENT)     40

WEATHER CONDITIONS. NUMBER OF DAYS WITH
THUNDERSTORM              0     MIXED PRECIP               0
HEAVY RAIN                2     RAIN                       5
LIGHT RAIN               14     FREEZING RAIN              0
LT FREEZING RAIN          0     HAIL                       0
HEAVY SNOW                0     SNOW                       0
LIGHT SNOW                3     SLEET                      0
FOG                       4     FOG W/VIS <= 1/4 MILE      0
HAZE                      2

-  INDICATES NEGATIVE NUMBERS.
R  INDICATES RECORD WAS SET OR TIED.
MM INDICATES DATA IS MISSING.
T  INDICATES TRACE AMOUNT.

&&

=====================================================================

...TIED 5TH WARMEST METEOROLOGICAL SPRING (MARCH - MAY) ON RECORD IN
   TONOPAH WITH AN AVERAGE TEMPERATURE OF 53.0 DEGREES...

...MARCH WAS THE 5TH WARMEST ON RECORD WITH AN AVERAGE TEMPERATURE
   OF 47.6 DEGREES...

$$

DS
