099
CDUS43 KFGF 290657
CLIFGF


CLIMATE REPORT
NATIONAL WEATHER SERVICE EASTERN NORTH DAKOTA/GRAND FORKS
141 AM CDT FRI JUL 29 2016


...................................

...THE GRAND FORKS UNIV. (NWS) ND CLIMATE SUMMARY FOR JULY 28 2016...

CLIMATE NORMAL PERIOD 1981 TO 2010
CLIMATE RECORD PERIOD 1890 TO 2016


WEATHER ITEM   OBSERVED TIME   RECORD YEAR NORMAL DEPARTURE LAST
                VALUE   (LST)  VALUE       VALUE  FROM      YEAR
                                                  NORMAL
..................................................................
TEMPERATURE (F)
 YESTERDAY
  MAXIMUM         75        MM 106    1917  82     -7       78
  MINIMUM         59        MM  44    1973  59      0       64
                                      1925
                                      1913
  AVERAGE         67                        70     -3       71

PRECIPITATION (IN)
  YESTERDAY        0.00          2.31 1940   0.09  -0.09     0.08
  MONTH TO DATE    6.31                      2.89   3.42     4.95
  SINCE JUN 1     10.03                      6.63   3.40     7.27
  SINCE JAN 1     17.13                     12.68   4.45    13.17

SNOWFALL (IN)
  YESTERDAY        0.0           0.0    MM   0.0    0.0      0.0
  MONTH TO DATE    0.0                       0.0    0.0      0.0
  SINCE JUN 1      0.0                       0.0    0.0      0.0
  SINCE JUL 1      0.0                       0.0    0.0      0.0
  SNOW DEPTH       0

DEGREE DAYS
 HEATING
  YESTERDAY        0                         1     -1        0
  MONTH TO DATE    8                        20    -12       12
  SINCE JUN 1     54                       103    -49       58
  SINCE JUL 1      8                        20    -12       12

 COOLING
  YESTERDAY        2                         6     -4        6
  MONTH TO DATE  153                       158     -5      198
  SINCE JUN 1    240                       249     -9      299
  SINCE JAN 1    264                       275    -11      310
..................................................................


WIND (MPH)
  RESULTANT WIND SPEED  MM   RESULTANT WIND DIRECTION  MM
  HIGHEST WIND SPEED    MM   HIGHEST WIND DIRECTION    MM
  HIGHEST GUST SPEED    MM   HIGHEST GUST DIRECTION    MM
  AVERAGE WIND SPEED    MM


SKY COVER
  POSSIBLE SUNSHINE  MM
  AVERAGE SKY COVER  MM


WEATHER CONDITIONS
 THE FOLLOWING WEATHER WAS RECORDED YESTERDAY.
  NO SIGNIFICANT WEATHER WAS OBSERVED.


RELATIVE HUMIDITY (PERCENT)
 HIGHEST    MM
 LOWEST     MM
 AVERAGE    MM

..........................................................


THE GRAND FORKS UNIV. (NWS) ND CLIMATE NORMALS FOR TODAY
                         NORMAL    RECORD    YEAR
 MAXIMUM TEMPERATURE (F)   82        97      1975
 MINIMUM TEMPERATURE (F)   58        43      1925


SUNRISE AND SUNSET
JULY 29 2016..........SUNRISE   602 AM CDT   SUNSET   907 PM CDT
JULY 30 2016..........SUNRISE   603 AM CDT   SUNSET   906 PM CDT


-  INDICATES NEGATIVE NUMBERS.
R  INDICATES RECORD WAS SET OR TIED.
MM INDICATES DATA IS MISSING.
T  INDICATES TRACE AMOUNT.




$$
