000
CDUS43 KFGF 270642
CLIFGF


CLIMATE REPORT
NATIONAL WEATHER SERVICE EASTERN NORTH DAKOTA/GRAND FORKS
1239 AM CST FRI FEB 27 2015


...................................

...THE GRAND FORKS UNIV. (NWS) ND CLIMATE SUMMARY FOR FEBRUARY 26 2015...

CLIMATE NORMAL PERIOD 1981 TO 2010
CLIMATE RECORD PERIOD 1890 TO 2015


WEATHER ITEM   OBSERVED TIME   RECORD YEAR NORMAL DEPARTURE LAST
                VALUE   (LST)  VALUE       VALUE  FROM      YEAR
                                                  NORMAL
..................................................................
TEMPERATURE (F)
 YESTERDAY
  MAXIMUM          9        MM  51    1958  26    -17       13
  MINIMUM        -13        MM -27    1919   9    -22      -16
  AVERAGE         -2                        18    -20       -1

PRECIPITATION (IN)
  YESTERDAY        0.00          0.73 2000   0.03  -0.03      T
  MONTH TO DATE    0.26                      0.53  -0.27     0.26
  SINCE DEC 1      0.66                      1.89  -1.23     1.42
  SINCE JAN 1      0.53                      1.24  -0.71     0.73

SNOWFALL (IN)
  YESTERDAY        0.0           4.1  2001   0.3   -0.3       T
  MONTH TO DATE    4.7                       6.4   -1.7      5.4
  SINCE DEC 1     12.5                      27.7  -15.2     44.1
  SINCE JUL 1     16.3                      34.8  -18.5     45.7
  SNOW DEPTH       3

DEGREE DAYS
 HEATING
  YESTERDAY       67                        47     20       66
  MONTH TO DATE 1573                      1348    225     1609
  SINCE DEC 1   4614                      4772   -158     5547
  SINCE JUL 1   6734                      6866   -132     7598

 COOLING
  YESTERDAY        0                         0      0        0
  MONTH TO DATE    0                         0      0        0
  SINCE DEC 1      0                         0      0        0
  SINCE JAN 1      0                         0      0        0
..................................................................


WIND (MPH)
  RESULTANT WIND SPEED  MM   RESULTANT WIND DIRECTION  MM
  HIGHEST WIND SPEED    MM   HIGHEST WIND DIRECTION    MM
  HIGHEST GUST SPEED    MM   HIGHEST GUST DIRECTION    MM
  AVERAGE WIND SPEED    MM


SKY COVER
  POSSIBLE SUNSHINE  MM
  AVERAGE SKY COVER  MM


WEATHER CONDITIONS
 THE FOLLOWING WEATHER WAS RECORDED YESTERDAY.
  NO SIGNIFICANT WEATHER WAS OBSERVED.


RELATIVE HUMIDITY (PERCENT)
 HIGHEST    MM
 LOWEST     MM
 AVERAGE    MM

..........................................................


THE GRAND FORKS UNIV. (NWS) ND CLIMATE NORMALS FOR TODAY
                         NORMAL    RECORD    YEAR
 MAXIMUM TEMPERATURE (F)   26        56      1932
 MINIMUM TEMPERATURE (F)   10       -29      1962


SUNRISE AND SUNSET
FEBRUARY 27 2015......SUNRISE   713 AM CST   SUNSET   610 PM CST
FEBRUARY 28 2015......SUNRISE   712 AM CST   SUNSET   611 PM CST


-  INDICATES NEGATIVE NUMBERS.
R  INDICATES RECORD WAS SET OR TIED.
MM INDICATES DATA IS MISSING.
T  INDICATES TRACE AMOUNT.




$$
