000
CDUS43 KFGF 270636
CLIFGF


CLIMATE REPORT
NATIONAL WEATHER SERVICE EASTERN NORTH DAKOTA/GRAND FORKS
135 AM CDT TUE SEP 27 2016


...................................

...THE GRAND FORKS UNIV. (NWS) ND CLIMATE SUMMARY FOR SEPTEMBER 26 2016...

CLIMATE NORMAL PERIOD 1981 TO 2010
CLIMATE RECORD PERIOD 1890 TO 2016


WEATHER ITEM   OBSERVED TIME   RECORD YEAR NORMAL DEPARTURE LAST
                VALUE   (LST)  VALUE       VALUE  FROM      YEAR
                                                  NORMAL
..................................................................
TEMPERATURE (F)
 YESTERDAY
  MAXIMUM         64        MM  91    1974  65     -1       84
  MINIMUM         44        MM  20    1942  42      2       60
  AVERAGE         54                        53      1       72

PRECIPITATION (IN)
  YESTERDAY        T             2.94 1964   0.07  -0.07     0.00
  MONTH TO DATE    4.97                      1.79   3.18     0.66
  SINCE SEP 1      4.97                      1.79   3.18     0.66
  SINCE JAN 1     26.70                     17.89   8.81    16.32

SNOWFALL (IN)
  YESTERDAY        0.0           0.5  1972   0.0    0.0      0.0
  MONTH TO DATE    0.0                       0.0    0.0      0.0
  SINCE SEP 1      0.0                       0.0    0.0      0.0
  SINCE JUL 1      T                         0.0    0.0      0.0
  SNOW DEPTH       0

DEGREE DAYS
 HEATING
  YESTERDAY       11                        12     -1        0
  MONTH TO DATE  110                       190    -80       92
  SINCE SEP 1    110                       190    -80       92
  SINCE JUL 1    128                       254   -126      140

 COOLING
  YESTERDAY        0                         0      0        7
  MONTH TO DATE   22                        28     -6       82
  SINCE SEP 1     22                        28     -6       82
  SINCE JAN 1    456                       460     -4      572
..................................................................


WIND (MPH)
  RESULTANT WIND SPEED  MM   RESULTANT WIND DIRECTION  MM
  HIGHEST WIND SPEED    MM   HIGHEST WIND DIRECTION    MM
  HIGHEST GUST SPEED    MM   HIGHEST GUST DIRECTION    MM
  AVERAGE WIND SPEED    MM


SKY COVER
  POSSIBLE SUNSHINE  MM
  AVERAGE SKY COVER  MM


WEATHER CONDITIONS
 THE FOLLOWING WEATHER WAS RECORDED YESTERDAY.
  NO SIGNIFICANT WEATHER WAS OBSERVED.


RELATIVE HUMIDITY (PERCENT)
 HIGHEST    MM
 LOWEST     MM
 AVERAGE    MM

..........................................................


THE GRAND FORKS UNIV. (NWS) ND CLIMATE NORMALS FOR TODAY
                         NORMAL    RECORD    YEAR
 MAXIMUM TEMPERATURE (F)   64        96      1952
 MINIMUM TEMPERATURE (F)   41        21      1976


SUNRISE AND SUNSET
SEPTEMBER 27 2016.....SUNRISE   723 AM CDT   SUNSET   715 PM CDT
SEPTEMBER 28 2016.....SUNRISE   724 AM CDT   SUNSET   713 PM CDT


-  INDICATES NEGATIVE NUMBERS.
R  INDICATES RECORD WAS SET OR TIED.
MM INDICATES DATA IS MISSING.
T  INDICATES TRACE AMOUNT.




$$
