000
CDUS43 KFGF 302148
CLIFGF


CLIMATE REPORT
NATIONAL WEATHER SERVICE EASTERN NORTH DAKOTA/GRAND FORKS
448 PM CDT THU MAR 30 2017


...................................

...THE GRAND FORKS UNIV. (NWS) ND CLIMATE SUMMARY FOR MARCH 30 2017...
VALID TODAY AS OF 0400 PM LOCAL TIME.

CLIMATE NORMAL PERIOD 1981 TO 2010
CLIMATE RECORD PERIOD 1890 TO 2017


WEATHER ITEM   OBSERVED TIME   RECORD YEAR NORMAL DEPARTURE LAST
                VALUE   (LST)  VALUE       VALUE  FROM      YEAR
                                                  NORMAL
..................................................................
TEMPERATURE (F)
 TODAY
  MAXIMUM         53        MM  74    1918  43     10       55
  MINIMUM         33        MM -12    1969  24      9       36
  AVERAGE         43                        34      9       46

PRECIPITATION (IN)
  TODAY            0.00          0.57 1982   0.04  -0.04     0.02
  MONTH TO DATE    0.77                      0.99  -0.22     0.69
  SINCE MAR 1      0.77                      0.99  -0.22     0.69
  SINCE JAN 1      1.87                      2.29  -0.42     1.34

SNOWFALL (IN)
  TODAY            0.0           1.0  1977   0.1   -0.1      0.0
  MONTH TO DATE    0.1                       6.3   -6.2      1.7
  SINCE MAR 1      0.1                       6.3   -6.2      1.7
  SINCE JUL 1     43.0                      41.6    1.4     29.0
  SNOW DEPTH       0

DEGREE DAYS
 HEATING
  TODAY           22                        31     -9       19
  MONTH TO DATE 1164                      1175    -11      864
  SINCE MAR 1   1164                      1175    -11      864
  SINCE JUL 1   7112                      8135  -1023     6796

 COOLING
  TODAY            0                         0      0        0
  MONTH TO DATE    0                         0      0        0
  SINCE MAR 1      0                         0      0        0
  SINCE JAN 1      0                         0      0        0
..................................................................


WIND (MPH)
  HIGHEST WIND SPEED    MM   HIGHEST WIND DIRECTION    MM
  HIGHEST GUST SPEED    MM   HIGHEST GUST DIRECTION    MM
  AVERAGE WIND SPEED    MM


SKY COVER
  POSSIBLE SUNSHINE  MM
  AVERAGE SKY COVER  MM


WEATHER CONDITIONS
 THE FOLLOWING WEATHER WAS RECORDED TODAY.
  NO SIGNIFICANT WEATHER WAS OBSERVED.


RELATIVE HUMIDITY (PERCENT)
 HIGHEST    MM
 LOWEST     MM
 AVERAGE    MM

..........................................................


THE GRAND FORKS UNIV. (NWS) ND CLIMATE NORMALS FOR TOMORROW
                         NORMAL    RECORD    YEAR
 MAXIMUM TEMPERATURE (F)   44        80      1963
 MINIMUM TEMPERATURE (F)   25        -5      1899


SUNRISE AND SUNSET
MARCH 30 2017.........SUNRISE   710 AM CDT   SUNSET   756 PM CDT
MARCH 31 2017.........SUNRISE   708 AM CDT   SUNSET   758 PM CDT


-  INDICATES NEGATIVE NUMBERS.
R  INDICATES RECORD WAS SET OR TIED.
MM INDICATES DATA IS MISSING.
T  INDICATES TRACE AMOUNT.




$$
