000
CDUS43 KFGF 182153
CLIFGF


CLIMATE REPORT
NATIONAL WEATHER SERVICE EASTERN NORTH DAKOTA/GRAND FORKS
452 PM CDT SAT APR 18 2015


...................................

...THE GRAND FORKS UNIV. (NWS) ND CLIMATE SUMMARY FOR APRIL 18 2015...
VALID TODAY AS OF 0400 PM LOCAL TIME.

CLIMATE NORMAL PERIOD 1981 TO 2010
CLIMATE RECORD PERIOD 1890 TO 2015


WEATHER ITEM   OBSERVED TIME   RECORD YEAR NORMAL DEPARTURE LAST
                VALUE   (LST)  VALUE       VALUE  FROM      YEAR
                                                  NORMAL
..................................................................
TEMPERATURE (F)
 TODAY
  MAXIMUM         68        MM  87    1987  57     11       52
  MINIMUM         37        MM  15    1928  33      4       31
  AVERAGE         53                        45      8       42

PRECIPITATION (IN)
  TODAY            0.00          1.36   MM   0.03  -0.03      T
  MONTH TO DATE    0.08                      0.51  -0.43     0.16
  SINCE MAR 1      0.42                      1.53  -1.11     1.27
  SINCE JAN 1      0.95                      2.83  -1.88     2.00

SNOWFALL (IN)
  TODAY            0.0           5.0    MM   0.0    0.0      0.0
  MONTH TO DATE    0.3                       0.8   -0.5      1.1
  SINCE MAR 1      3.0                       7.2   -4.2     14.6
  SINCE JUL 1     19.3                      42.5  -23.2     60.3
  SNOW DEPTH       0

DEGREE DAYS
 HEATING
  TODAY           12                        20     -8       23
  MONTH TO DATE  367                       453    -86      567
  SINCE MAR 1   1394                      1659   -265     2003
  SINCE JUL 1   8243                      8619   -376     9749

 COOLING
  TODAY            0                         0      0        0
  MONTH TO DATE    0                         0      0        0
  SINCE MAR 1      0                         0      0        0
  SINCE JAN 1      0                         0      0        0
..................................................................


WIND (MPH)
  HIGHEST WIND SPEED    MM   HIGHEST WIND DIRECTION    MM
  HIGHEST GUST SPEED    MM   HIGHEST GUST DIRECTION    MM
  AVERAGE WIND SPEED    MM


SKY COVER
  POSSIBLE SUNSHINE  MM
  AVERAGE SKY COVER  MM


WEATHER CONDITIONS
 THE FOLLOWING WEATHER WAS RECORDED TODAY.
  NO SIGNIFICANT WEATHER WAS OBSERVED.


RELATIVE HUMIDITY (PERCENT)
 HIGHEST    MM
 LOWEST     MM
 AVERAGE    MM

..........................................................


THE GRAND FORKS UNIV. (NWS) ND CLIMATE NORMALS FOR TOMORROW
                         NORMAL    RECORD    YEAR
 MAXIMUM TEMPERATURE (F)   57        84      1985
                                             1952
 MINIMUM TEMPERATURE (F)   33         7      1928


SUNRISE AND SUNSET
APRIL 18 2015.........SUNRISE   634 AM CDT   SUNSET   823 PM CDT
APRIL 19 2015.........SUNRISE   632 AM CDT   SUNSET   824 PM CDT


-  INDICATES NEGATIVE NUMBERS.
R  INDICATES RECORD WAS SET OR TIED.
MM INDICATES DATA IS MISSING.
T  INDICATES TRACE AMOUNT.




$$
