994
CDUS43 KFGF 130708
CLIFGF


CLIMATE REPORT
NATIONAL WEATHER SERVICE EASTERN NORTH DAKOTA/GRAND FORKS
108 AM CST WED DEC 13 2017


...................................

...THE GRAND FORKS UNIV. (NWS) ND CLIMATE SUMMARY FOR DECEMBER 12 2017...

CLIMATE NORMAL PERIOD 1981 TO 2010
CLIMATE RECORD PERIOD 1893 TO 2017


WEATHER ITEM   OBSERVED TIME   RECORD YEAR NORMAL DEPARTURE LAST
                VALUE   (LST)  VALUE       VALUE  FROM      YEAR
                                                  NORMAL
..................................................................
TEMPERATURE (F)
 YESTERDAY
  MAXIMUM         35        MM  52    1913  21     14        5
  MINIMUM          7        MM -33    1901   5      2      -10
  AVERAGE         21                        13      8       -2

PRECIPITATION (IN)
  YESTERDAY        0.01          0.31 1996   0.02  -0.01     0.01
  MONTH TO DATE    0.69                      0.24   0.45     1.12
  SINCE DEC 1      0.69                      0.24   0.45     1.12
  SINCE JAN 1     18.96                     21.21  -2.25    30.55

SNOWFALL (IN)
  YESTERDAY        T             3.1  1996   0.3   -0.3      0.2
  MONTH TO DATE    6.2                       3.6    2.6     19.2
  SINCE DEC 1      6.2                       3.6    2.6     19.2
  SINCE JUL 1     14.6                      10.7    3.9     20.1
  SNOW DEPTH       4

DEGREE DAYS
 HEATING
  YESTERDAY       44                        52     -8       67
  MONTH TO DATE  510                       593    -83      583
  SINCE DEC 1    510                       593    -83      583
  SINCE JUL 1   2470                      2687   -217     2037

 COOLING
  YESTERDAY        0                         0      0        0
  MONTH TO DATE    0                         0      0        0
  SINCE DEC 1      0                         0      0        0
  SINCE JAN 1    440                       463    -23      461
..................................................................


WIND (MPH)
  RESULTANT WIND SPEED  MM   RESULTANT WIND DIRECTION  MM
  HIGHEST WIND SPEED    MM   HIGHEST WIND DIRECTION    MM
  HIGHEST GUST SPEED    MM   HIGHEST GUST DIRECTION    MM
  AVERAGE WIND SPEED    MM


SKY COVER
  POSSIBLE SUNSHINE  MM
  AVERAGE SKY COVER  MM


WEATHER CONDITIONS
 THE FOLLOWING WEATHER WAS RECORDED YESTERDAY.
  LIGHT RAIN


RELATIVE HUMIDITY (PERCENT)
 HIGHEST    MM
 LOWEST     MM
 AVERAGE    MM

..........................................................


THE GRAND FORKS UNIV. (NWS) ND CLIMATE NORMALS FOR TODAY
                         NORMAL    RECORD    YEAR
 MAXIMUM TEMPERATURE (F)   21        52      1913
 MINIMUM TEMPERATURE (F)    5       -33      1901


SUNRISE AND SUNSET
DECEMBER 13 2017......SUNRISE   810 AM CST   SUNSET   436 PM CST
DECEMBER 14 2017......SUNRISE   811 AM CST   SUNSET   436 PM CST


-  INDICATES NEGATIVE NUMBERS.
R  INDICATES RECORD WAS SET OR TIED.
MM INDICATES DATA IS MISSING.
T  INDICATES TRACE AMOUNT.




$$
