000
CDUS43 KFGF 300642
CLIFGF


CLIMATE REPORT
NATIONAL WEATHER SERVICE EASTERN NORTH DAKOTA/GRAND FORKS
1241 AM CST FRI JAN 30 2015


...................................

...THE GRAND FORKS UNIV. (NWS) ND CLIMATE SUMMARY FOR JANUARY 29 2015...

CLIMATE NORMAL PERIOD 1981 TO 2010
CLIMATE RECORD PERIOD 1890 TO 2015


WEATHER ITEM   OBSERVED TIME   RECORD YEAR NORMAL DEPARTURE LAST
                VALUE   (LST)  VALUE       VALUE  FROM      YEAR
                                                  NORMAL
..................................................................
TEMPERATURE (F)
 YESTERDAY
  MAXIMUM         22        MM  44    1992  18      4       22
  MINIMUM          4        MM -36    1908  -1      5       -8
  AVERAGE         13                         9      4        7

PRECIPITATION (IN)
  YESTERDAY        T             0.60   MM   0.02  -0.02     0.00
  MONTH TO DATE    0.27                      0.67  -0.40     0.47
  SINCE DEC 1      0.40                      1.32  -0.92     1.16
  SINCE JAN 1      0.27                      0.67  -0.40     0.47

SNOWFALL (IN)
  YESTERDAY        T             6.0    MM   0.3   -0.3      0.0
  MONTH TO DATE    6.0                       9.8   -3.8     15.9
  SINCE DEC 1      7.8                      20.7  -12.9     38.7
  SINCE JUL 1     11.6                      27.8  -16.2     40.3
  SNOW DEPTH       T

DEGREE DAYS
 HEATING
  YESTERDAY       52                        56     -4       58
  MONTH TO DATE 1502                      1673   -171     1813
  SINCE DEC 1   2935                      3310   -375     3801
  SINCE JUL 1   5055                      5404   -349     5852

 COOLING
  YESTERDAY        0                         0      0        0
  MONTH TO DATE    0                         0      0        0
  SINCE DEC 1      0                         0      0        0
  SINCE JAN 1      0                         0      0        0
..................................................................


WIND (MPH)
  RESULTANT WIND SPEED  MM   RESULTANT WIND DIRECTION  MM
  HIGHEST WIND SPEED    MM   HIGHEST WIND DIRECTION    MM
  HIGHEST GUST SPEED    MM   HIGHEST GUST DIRECTION    MM
  AVERAGE WIND SPEED    MM


SKY COVER
  POSSIBLE SUNSHINE  MM
  AVERAGE SKY COVER  MM


WEATHER CONDITIONS
 THE FOLLOWING WEATHER WAS RECORDED YESTERDAY.
  NO SIGNIFICANT WEATHER WAS OBSERVED.


RELATIVE HUMIDITY (PERCENT)
 HIGHEST    MM
 LOWEST     MM
 AVERAGE    MM

..........................................................


THE GRAND FORKS UNIV. (NWS) ND CLIMATE NORMALS FOR TODAY
                         NORMAL    RECORD    YEAR
 MAXIMUM TEMPERATURE (F)   18        42      1995
                                             1993
 MINIMUM TEMPERATURE (F)    0       -39      2004


SUNRISE AND SUNSET
JANUARY 30 2015.......SUNRISE   759 AM CST   SUNSET   525 PM CST
JANUARY 31 2015.......SUNRISE   757 AM CST   SUNSET   527 PM CST


-  INDICATES NEGATIVE NUMBERS.
R  INDICATES RECORD WAS SET OR TIED.
MM INDICATES DATA IS MISSING.
T  INDICATES TRACE AMOUNT.




$$
