000
CSUS97 KFGF 290639
CLIFGF


CLIMATE REPORT
NATIONAL WEATHER SERVICE EASTERN NORTH DAKOTA/GRAND FORKS
137 AM CDT TUE JUL 29 2014


...................................

...THE GRAND FORKS UNIV. (NWS) ND CLIMATE SUMMARY FOR JULY 28 2014...

CLIMATE NORMAL PERIOD 1981 TO 2010
CLIMATE RECORD PERIOD 1890 TO 2014


WEATHER ITEM   OBSERVED TIME   RECORD YEAR NORMAL DEPARTURE LAST
                VALUE   (LST)  VALUE       VALUE  FROM      YEAR
                                                  NORMAL
..................................................................
TEMPERATURE (F)
 YESTERDAY
  MAXIMUM         74        MM 106    1917  82     -8       75
  MINIMUM         57        MM  44    1973  59     -2       46
                                      1925
                                      1913
  AVERAGE         66                        70     -4       61

PRECIPITATION (IN)
  YESTERDAY        0.00          2.31   MM   0.09  -0.09     0.00
  MONTH TO DATE    3.44                      2.89   0.55     1.40
  SINCE JUN 1     10.19                      6.63   3.56     4.18
  SINCE JAN 1     17.18                     12.68   4.50    12.39

SNOWFALL (IN)
  YESTERDAY        0.0           0.0  2002   0.0    0.0      0.0
                                      2001
  MONTH TO DATE    0.0                       0.0    0.0      0.0
  SINCE JUN 1      0.0                       0.0    0.0      0.0
  SINCE JUL 1      0.0                       0.0    0.0      0.0
  SNOW DEPTH       0

DEGREE DAYS
 HEATING
  YESTERDAY        0                         1     -1        4
  MONTH TO DATE   32                        20     12       24
  SINCE JUN 1     84                       103    -19       99
  SINCE JUL 1     32                        20     12       24

 COOLING
  YESTERDAY        1                         6     -5        0
  MONTH TO DATE  116                       158    -42      178
  SINCE JUN 1    179                       249    -70      293
  SINCE JAN 1    234                       275    -41      302
..................................................................


WIND (MPH)
  RESULTANT WIND SPEED  MM   RESULTANT WIND DIRECTION  MM
  HIGHEST WIND SPEED    MM   HIGHEST WIND DIRECTION    MM
  HIGHEST GUST SPEED    MM   HIGHEST GUST DIRECTION    MM
  AVERAGE WIND SPEED    MM


SKY COVER
  POSSIBLE SUNSHINE  MM
  AVERAGE SKY COVER  MM


WEATHER CONDITIONS
 THE FOLLOWING WEATHER WAS RECORDED YESTERDAY.
  NO SIGNIFICANT WEATHER WAS OBSERVED.


RELATIVE HUMIDITY (PERCENT)
 HIGHEST    MM
 LOWEST     MM
 AVERAGE    MM

..........................................................


THE GRAND FORKS UNIV. (NWS) ND CLIMATE NORMALS FOR TODAY
                         NORMAL    RECORD    YEAR
 MAXIMUM TEMPERATURE (F)   82        97      1975
 MINIMUM TEMPERATURE (F)   58        43      1925


SUNRISE AND SUNSET
JULY 29 2014..........SUNRISE   601 AM CDT   SUNSET   908 PM CDT
JULY 30 2014..........SUNRISE   602 AM CDT   SUNSET   906 PM CDT


-  INDICATES NEGATIVE NUMBERS.
R  INDICATES RECORD WAS SET OR TIED.
MM INDICATES DATA IS MISSING.
T  INDICATES TRACE AMOUNT.




$$
