000
CDUS43 KFGF 272256
CLIFGF


CLIMATE REPORT
NATIONAL WEATHER SERVICE EASTERN NORTH DAKOTA/GRAND FORKS
556 PM CDT FRI MAR 27 2015


...................................

...THE GRAND FORKS UNIV. (NWS) ND CLIMATE SUMMARY FOR MARCH 27 2015...
VALID TODAY AS OF 0400 PM LOCAL TIME.

CLIMATE NORMAL PERIOD 1981 TO 2010
CLIMATE RECORD PERIOD 1890 TO 2015


WEATHER ITEM   OBSERVED TIME   RECORD YEAR NORMAL DEPARTURE LAST
                VALUE   (LST)  VALUE       VALUE  FROM      YEAR
                                                  NORMAL
..................................................................
TEMPERATURE (F)
 TODAY
  MAXIMUM         34        MM  80    1946  41     -7       29
  MINIMUM         12        MM  -9    1964  23    -11       15
                                      1955
  AVERAGE         23                        32     -9       22

PRECIPITATION (IN)
  TODAY            T             1.29   MM   0.03  -0.03     0.00
  MONTH TO DATE    0.17                      0.88  -0.71     0.44
  SINCE MAR 1      0.17                      0.88  -0.71     0.44
  SINCE JAN 1      0.70                      2.18  -1.48     1.17

SNOWFALL (IN)
  TODAY            T             8.0    MM   0.1   -0.1      0.0
  MONTH TO DATE    2.7                       5.9   -3.2      2.0
  SINCE MAR 1      2.7                       5.9   -3.2      2.0
  SINCE JUL 1     19.0                      41.2  -22.2     47.7
  SNOW DEPTH      MM

DEGREE DAYS
 HEATING
  TODAY           42                        33      9       43
  MONTH TO DATE  937                      1080   -143     1279
  SINCE MAR 1    937                      1080   -143     1279
  SINCE JUL 1   7786                      8040   -254     9025

 COOLING
  TODAY            0                         0      0        0
  MONTH TO DATE    0                         0      0        0
  SINCE MAR 1      0                         0      0        0
  SINCE JAN 1      0                         0      0        0
..................................................................


WIND (MPH)
  HIGHEST WIND SPEED    MM   HIGHEST WIND DIRECTION    MM
  HIGHEST GUST SPEED    MM   HIGHEST GUST DIRECTION    MM
  AVERAGE WIND SPEED    MM


SKY COVER
  POSSIBLE SUNSHINE  MM
  AVERAGE SKY COVER  MM


WEATHER CONDITIONS
 THE FOLLOWING WEATHER WAS RECORDED TODAY.
  NO SIGNIFICANT WEATHER WAS OBSERVED.


RELATIVE HUMIDITY (PERCENT)
 HIGHEST    MM
 LOWEST     MM
 AVERAGE    MM

..........................................................


THE GRAND FORKS UNIV. (NWS) ND CLIMATE NORMALS FOR TOMORROW
                         NORMAL    RECORD    YEAR
 MAXIMUM TEMPERATURE (F)   42        72      1910
 MINIMUM TEMPERATURE (F)   23       -10      1969
                                             1922


SUNRISE AND SUNSET
MARCH 27 2015.........SUNRISE   717 AM CDT   SUNSET   751 PM CDT
MARCH 28 2015.........SUNRISE   715 AM CDT   SUNSET   752 PM CDT


-  INDICATES NEGATIVE NUMBERS.
R  INDICATES RECORD WAS SET OR TIED.
MM INDICATES DATA IS MISSING.
T  INDICATES TRACE AMOUNT.




$$
