923
CDUS43 KFGF 112151
CLIFGF


CLIMATE REPORT
NATIONAL WEATHER SERVICE EASTERN NORTH DAKOTA/GRAND FORKS
450 PM CDT MON APR 11 2016


...................................

...THE GRAND FORKS UNIV. (NWS) ND CLIMATE SUMMARY FOR APRIL 11 2016...
VALID TODAY AS OF 0400 PM LOCAL TIME.

CLIMATE NORMAL PERIOD 1981 TO 2010
CLIMATE RECORD PERIOD 1890 TO 2016


WEATHER ITEM   OBSERVED TIME   RECORD YEAR NORMAL DEPARTURE LAST
                VALUE   (LST)  VALUE       VALUE  FROM      YEAR
                                                  NORMAL
..................................................................
TEMPERATURE (F)
 TODAY
  MAXIMUM         35        MM  80    1968  52    -17       77
  MINIMUM         20        MM   4    1940  30    -10       31
  AVERAGE         28                        41    -13       54

PRECIPITATION (IN)
  TODAY            0.00          0.88 1965   0.02  -0.02     0.00
  MONTH TO DATE    0.08                      0.31  -0.23     0.08
  SINCE MAR 1      0.77                      1.33  -0.56     0.42
  SINCE JAN 1      1.42                      2.63  -1.21     0.95

SNOWFALL (IN)
  TODAY            0.0           3.6  2008   0.0    0.0      0.0
  MONTH TO DATE    0.6                       0.6    0.0      0.3
  SINCE MAR 1      2.3                       7.0   -4.7      3.0
  SINCE JUL 1     29.6                      42.3  -12.7     19.3
  SNOW DEPTH       0

DEGREE DAYS
 HEATING
  TODAY           37                        24     13       11
  MONTH TO DATE  383                       298     85      288
  SINCE MAR 1   1271                      1504   -233     1315
  SINCE JUL 1   7203                      8464  -1261     8164

 COOLING
  TODAY            0                         0      0        0
  MONTH TO DATE    0                         0      0        0
  SINCE MAR 1      0                         0      0        0
  SINCE JAN 1      0                         0      0        0
..................................................................


WIND (MPH)
  HIGHEST WIND SPEED    MM   HIGHEST WIND DIRECTION    MM
  HIGHEST GUST SPEED    MM   HIGHEST GUST DIRECTION    MM
  AVERAGE WIND SPEED    MM


SKY COVER
  POSSIBLE SUNSHINE  MM
  AVERAGE SKY COVER  MM


WEATHER CONDITIONS
 THE FOLLOWING WEATHER WAS RECORDED TODAY.
  NO SIGNIFICANT WEATHER WAS OBSERVED.


RELATIVE HUMIDITY (PERCENT)
 HIGHEST    MM
 LOWEST     MM
 AVERAGE    MM

..........................................................


THE GRAND FORKS UNIV. (NWS) ND CLIMATE NORMALS FOR TOMORROW
                         NORMAL    RECORD    YEAR
 MAXIMUM TEMPERATURE (F)   53        76      1954
 MINIMUM TEMPERATURE (F)   30         2      1950


SUNRISE AND SUNSET
APRIL 11 2016.........SUNRISE   646 AM CDT   SUNSET   814 PM CDT
APRIL 12 2016.........SUNRISE   644 AM CDT   SUNSET   815 PM CDT


-  INDICATES NEGATIVE NUMBERS.
R  INDICATES RECORD WAS SET OR TIED.
MM INDICATES DATA IS MISSING.
T  INDICATES TRACE AMOUNT.




$$
