000
CDUS43 KFGF 070641
CLIFGF


CLIMATE REPORT
NATIONAL WEATHER SERVICE EASTERN NORTH DAKOTA/GRAND FORKS
140 AM CDT WED SEP 7 2016


...................................

...THE GRAND FORKS UNIV. (NWS) ND CLIMATE SUMMARY FOR SEPTEMBER 6 2016...

CLIMATE NORMAL PERIOD 1981 TO 2010
CLIMATE RECORD PERIOD 1890 TO 2016


WEATHER ITEM   OBSERVED TIME   RECORD YEAR NORMAL DEPARTURE LAST
                VALUE   (LST)  VALUE       VALUE  FROM      YEAR
                                                  NORMAL
..................................................................
TEMPERATURE (F)
 YESTERDAY
  MAXIMUM         71        MM  98    1976  74     -3       77
  MINIMUM         55        MM  32    1956  50      5       54
  AVERAGE         63                        62      1       66

PRECIPITATION (IN)
  YESTERDAY        0.00          2.28 1981   0.08  -0.08     0.03
  MONTH TO DATE    3.77                      0.48   3.29     0.61
  SINCE SEP 1      3.77                      0.48   3.29     0.61
  SINCE JAN 1     25.50                     16.58   8.92    16.27

SNOWFALL (IN)
  YESTERDAY        0.0           0.0    MM   0.0    0.0      0.0
  MONTH TO DATE    0.0                       0.0    0.0      0.0
  SINCE SEP 1      0.0                       0.0    0.0      0.0
  SINCE JUL 1      T                         0.0    0.0      0.0
  SNOW DEPTH       0

DEGREE DAYS
 HEATING
  YESTERDAY        2                         5     -3        0
  MONTH TO DATE    7                        24    -17        0
  SINCE SEP 1      7                        24    -17        0
  SINCE JUL 1     25                        88    -63       48

 COOLING
  YESTERDAY        0                         2     -2        1
  MONTH TO DATE   15                        13      2       50
  SINCE SEP 1     15                        13      2       50
  SINCE JAN 1    449                       445      4      540
..................................................................


WIND (MPH)
  RESULTANT WIND SPEED  MM   RESULTANT WIND DIRECTION  MM
  HIGHEST WIND SPEED    MM   HIGHEST WIND DIRECTION    MM
  HIGHEST GUST SPEED    MM   HIGHEST GUST DIRECTION    MM
  AVERAGE WIND SPEED    MM


SKY COVER
  POSSIBLE SUNSHINE  MM
  AVERAGE SKY COVER  MM


WEATHER CONDITIONS
 THE FOLLOWING WEATHER WAS RECORDED YESTERDAY.
  NO SIGNIFICANT WEATHER WAS OBSERVED.


RELATIVE HUMIDITY (PERCENT)
 HIGHEST    MM
 LOWEST     MM
 AVERAGE    MM

..........................................................


THE GRAND FORKS UNIV. (NWS) ND CLIMATE NORMALS FOR TODAY
                         NORMAL    RECORD    YEAR
 MAXIMUM TEMPERATURE (F)   74       100      1931
 MINIMUM TEMPERATURE (F)   50        33      1979


SUNRISE AND SUNSET
SEPTEMBER  7 2016.....SUNRISE   655 AM CDT   SUNSET   756 PM CDT
SEPTEMBER  8 2016.....SUNRISE   657 AM CDT   SUNSET   754 PM CDT


-  INDICATES NEGATIVE NUMBERS.
R  INDICATES RECORD WAS SET OR TIED.
MM INDICATES DATA IS MISSING.
T  INDICATES TRACE AMOUNT.




$$
