000
CSUS97 KFGF 292158
CLIFGF


CLIMATE REPORT
NATIONAL WEATHER SERVICE EASTERN NORTH DAKOTA/GRAND FORKS
458 PM CDT MON SEP 29 2014


...................................

...THE GRAND FORKS UNIV. (NWS) ND CLIMATE SUMMARY FOR SEPTEMBER 29 2014...
VALID TODAY AS OF 0400 PM LOCAL TIME.

CLIMATE NORMAL PERIOD 1981 TO 2010
CLIMATE RECORD PERIOD 1890 TO 2014


WEATHER ITEM   OBSERVED TIME   RECORD YEAR NORMAL DEPARTURE LAST
                VALUE   (LST)  VALUE       VALUE  FROM      YEAR
                                                  NORMAL
..................................................................
TEMPERATURE (F)
 TODAY
  MAXIMUM         59        MM  88    1905  63     -4       75
  MINIMUM         45        MM  21    1930  41      4       43
  AVERAGE         52                        52      0       59

PRECIPITATION (IN)
  TODAY            T             0.60   MM   0.06  -0.06     0.00
  MONTH TO DATE    1.26                      1.98  -0.72     2.07
  SINCE SEP 1      1.26                      1.98  -0.72     2.07
  SINCE JAN 1     21.68                     18.08   3.60    15.51

SNOWFALL (IN)
  TODAY            0.0           0.0    MM   0.0    0.0      0.0
  MONTH TO DATE    0.0                       0.0    0.0      0.0
  SINCE SEP 1      0.0                       0.0    0.0      0.0
  SINCE JUL 1      0.0                       0.0    0.0      0.0
  SNOW DEPTH       0

DEGREE DAYS
 HEATING
  TODAY           13                        13      0        6
  MONTH TO DATE  184                       228    -44      116
  SINCE SEP 1    184                       228    -44      116
  SINCE JUL 1    240                       292    -52      175

 COOLING
  TODAY            0                         0      0        0
  MONTH TO DATE   31                        28      3       46
  SINCE SEP 1     31                        28      3       46
  SINCE JAN 1    395                       460    -65      528
..................................................................


WIND (MPH)
  HIGHEST WIND SPEED    MM   HIGHEST WIND DIRECTION    MM
  HIGHEST GUST SPEED    MM   HIGHEST GUST DIRECTION    MM
  AVERAGE WIND SPEED    MM


SKY COVER
  POSSIBLE SUNSHINE  MM
  AVERAGE SKY COVER  MM


WEATHER CONDITIONS
 THE FOLLOWING WEATHER WAS RECORDED TODAY.
  NO SIGNIFICANT WEATHER WAS OBSERVED.


RELATIVE HUMIDITY (PERCENT)
 HIGHEST    MM
 LOWEST     MM
 AVERAGE    MM

..........................................................


THE GRAND FORKS UNIV. (NWS) ND CLIMATE NORMALS FOR TOMORROW
                         NORMAL    RECORD    YEAR
 MAXIMUM TEMPERATURE (F)   63        90      1976
 MINIMUM TEMPERATURE (F)   40        21      1907


SUNRISE AND SUNSET
SEPTEMBER 29 2014.....SUNRISE   725 AM CDT   SUNSET   712 PM CDT
SEPTEMBER 30 2014.....SUNRISE   726 AM CDT   SUNSET   710 PM CDT


-  INDICATES NEGATIVE NUMBERS.
R  INDICATES RECORD WAS SET OR TIED.
MM INDICATES DATA IS MISSING.
T  INDICATES TRACE AMOUNT.




$$
