000
CDUS43 KFGF 292248
CLIFGF


CLIMATE REPORT
NATIONAL WEATHER SERVICE EASTERN NORTH DAKOTA/GRAND FORKS
447 PM CST SUN JAN 29 2017


...................................

...THE GRAND FORKS UNIV. (NWS) ND CLIMATE SUMMARY FOR JANUARY 29 2017...
VALID TODAY AS OF 0400 PM LOCAL TIME.

CLIMATE NORMAL PERIOD 1981 TO 2010
CLIMATE RECORD PERIOD 1890 TO 2017


WEATHER ITEM   OBSERVED TIME   RECORD YEAR NORMAL DEPARTURE LAST
                VALUE   (LST)  VALUE       VALUE  FROM      YEAR
                                                  NORMAL
..................................................................
TEMPERATURE (F)
 TODAY
  MAXIMUM         26        MM  44    1992  18      8       39
  MINIMUM         15        MM -36    1908  -1     16       21
  AVERAGE         21                         9     12       30

PRECIPITATION (IN)
  TODAY            0.00          0.60 1916   0.02  -0.02      T
  MONTH TO DATE    0.57                      0.67  -0.10     0.30
  SINCE DEC 1      2.41                      1.32   1.09     1.42
  SINCE JAN 1      0.57                      0.67  -0.10     0.30

SNOWFALL (IN)
  TODAY            0.0           6.0  1916   0.3   -0.3       T
  MONTH TO DATE   11.0                       9.8    1.2      4.7
  SINCE DEC 1     36.6                      20.7   15.9     19.5
  SINCE JUL 1     37.5                      27.8    9.7     22.9
  SNOW DEPTH       7

DEGREE DAYS
 HEATING
  TODAY           44                        56    -12       35
  MONTH TO DATE 1563                      1673   -110     1593
  SINCE DEC 1   3156                      3310   -154     2964
  SINCE JUL 1   4610                      5404   -794     4573

 COOLING
  TODAY            0                         0      0        0
  MONTH TO DATE    0                         0      0        0
  SINCE DEC 1      0                         0      0        0
  SINCE JAN 1      0                         0      0        0
..................................................................


WIND (MPH)
  HIGHEST WIND SPEED    MM   HIGHEST WIND DIRECTION    MM
  HIGHEST GUST SPEED    MM   HIGHEST GUST DIRECTION    MM
  AVERAGE WIND SPEED    MM


SKY COVER
  POSSIBLE SUNSHINE  MM
  AVERAGE SKY COVER  MM


WEATHER CONDITIONS
 THE FOLLOWING WEATHER WAS RECORDED TODAY.
  NO SIGNIFICANT WEATHER WAS OBSERVED.


RELATIVE HUMIDITY (PERCENT)
 HIGHEST    MM
 LOWEST     MM
 AVERAGE    MM

..........................................................


THE GRAND FORKS UNIV. (NWS) ND CLIMATE NORMALS FOR TOMORROW
                         NORMAL    RECORD    YEAR
 MAXIMUM TEMPERATURE (F)   18        42      1995
                                             1993
 MINIMUM TEMPERATURE (F)    0       -39      2004


SUNRISE AND SUNSET
JANUARY 29 2017.......SUNRISE   759 AM CST   SUNSET   525 PM CST
JANUARY 30 2017.......SUNRISE   758 AM CST   SUNSET   526 PM CST


-  INDICATES NEGATIVE NUMBERS.
R  INDICATES RECORD WAS SET OR TIED.
MM INDICATES DATA IS MISSING.
T  INDICATES TRACE AMOUNT.




$$
