000
CDUS43 KFGF 062157
CLIFGF


CLIMATE REPORT
NATIONAL WEATHER SERVICE EASTERN NORTH DAKOTA/GRAND FORKS
457 PM CDT TUE JUN 6 2017


...................................

...THE GRAND FORKS UNIV. (NWS) ND CLIMATE SUMMARY FOR JUNE 6 2017...
VALID TODAY AS OF 0400 PM LOCAL TIME.

CLIMATE NORMAL PERIOD 1981 TO 2010
CLIMATE RECORD PERIOD 1893 TO 2017


WEATHER ITEM   OBSERVED TIME   RECORD YEAR NORMAL DEPARTURE LAST
                VALUE   (LST)  VALUE       VALUE  FROM      YEAR
                                                  NORMAL
..................................................................
TEMPERATURE (F)
 TODAY
  MAXIMUM         89        MM  97    1959  74     15       67
  MINIMUM         61        MM  31    1935  51     10       53
  AVERAGE         75                        63     12       60

PRECIPITATION (IN)
  TODAY            0.00          1.71 1941   0.12  -0.12     0.03
  MONTH TO DATE    0.53                      0.72  -0.19     1.05
  SINCE JUN 1      0.53                      0.72  -0.19     1.05
  SINCE JAN 1      5.10                      6.77  -1.67     8.15

SNOWFALL (IN)
  TODAY            0.0           0.0    MM   0.0    0.0      0.0
  MONTH TO DATE    0.0                       0.0    0.0      0.0
  SINCE JUN 1      0.0                       0.0    0.0      0.0
  SINCE JUL 1     49.7                      43.4    6.3     29.6
  SNOW DEPTH       0

DEGREE DAYS
 HEATING
  TODAY            0                         4     -4        5
  MONTH TO DATE    0                        28    -28       24
  SINCE JUN 1      0                        28    -28       24
  SINCE JUL 1   8062                      9153  -1091     7756

 COOLING
  TODAY           10                         2      8        0
  MONTH TO DATE   43                        10     33        2
  SINCE JUN 1     43                        10     33        2
  SINCE JAN 1     43                        36      7       26
..................................................................


WIND (MPH)
  HIGHEST WIND SPEED    MM   HIGHEST WIND DIRECTION    MM
  HIGHEST GUST SPEED    MM   HIGHEST GUST DIRECTION    MM
  AVERAGE WIND SPEED    MM


SKY COVER
  POSSIBLE SUNSHINE  MM
  AVERAGE SKY COVER  MM


WEATHER CONDITIONS
 THE FOLLOWING WEATHER WAS RECORDED TODAY.
  NO SIGNIFICANT WEATHER WAS OBSERVED.


RELATIVE HUMIDITY (PERCENT)
 HIGHEST    MM
 LOWEST     MM
 AVERAGE    MM

..........................................................


THE GRAND FORKS UNIV. (NWS) ND CLIMATE NORMALS FOR TOMORROW
                         NORMAL    RECORD    YEAR
 MAXIMUM TEMPERATURE (F)   75        97      1988
                                             1959
 MINIMUM TEMPERATURE (F)   51        31      1915


SUNRISE AND SUNSET
JUNE  6 2017..........SUNRISE   531 AM CDT   SUNSET   924 PM CDT
JUNE  7 2017..........SUNRISE   530 AM CDT   SUNSET   925 PM CDT


-  INDICATES NEGATIVE NUMBERS.
R  INDICATES RECORD WAS SET OR TIED.
MM INDICATES DATA IS MISSING.
T  INDICATES TRACE AMOUNT.




$$
