000
CSUS97 KFGF 220647
CLIFGF


CLIMATE REPORT
NATIONAL WEATHER SERVICE EASTERN NORTH DAKOTA/GRAND FORKS
145 AM CDT FRI AUG 22 2014


...................................

...THE GRAND FORKS UNIV. (NWS) ND CLIMATE SUMMARY FOR AUGUST 21 2014...

CLIMATE NORMAL PERIOD 1981 TO 2010
CLIMATE RECORD PERIOD 1890 TO 2014


WEATHER ITEM   OBSERVED TIME   RECORD YEAR NORMAL DEPARTURE LAST
                VALUE   (LST)  VALUE       VALUE  FROM      YEAR
                                                  NORMAL
..................................................................
TEMPERATURE (F)
 YESTERDAY
  MAXIMUM         78        MM  97    1947  80     -2       81
  MINIMUM         68        MM  35    1920  56     12       57
  AVERAGE         73                        68      5       69

PRECIPITATION (IN)
  YESTERDAY        0.01          1.58   MM   0.10  -0.09     0.00
  MONTH TO DATE    0.88                      2.11  -1.23     0.29
  SINCE JUN 1     11.07                      9.02   2.05     4.67
  SINCE JAN 1     18.06                     15.07   2.99    12.88

SNOWFALL (IN)
  YESTERDAY        0.0           0.1    MM   0.0    0.0      0.0
  MONTH TO DATE    0.0                       0.0    0.0      0.0
  SINCE JUN 1      0.0                       0.0    0.0      0.0
  SINCE JUL 1      0.0                       0.0    0.0      0.0
  SNOW DEPTH       0

DEGREE DAYS
 HEATING
  YESTERDAY        0                         1     -1        0
  MONTH TO DATE    0                        21    -21       35
  SINCE JUN 1     84                       127    -43      134
  SINCE JUL 1     32                        44    -12       59

 COOLING
  YESTERDAY        8                         4      4        4
  MONTH TO DATE  109                       111     -2       66
  SINCE JUN 1    296                       373    -77      362
  SINCE JAN 1    351                       399    -48      371
..................................................................


WIND (MPH)
  RESULTANT WIND SPEED  MM   RESULTANT WIND DIRECTION  MM
  HIGHEST WIND SPEED    MM   HIGHEST WIND DIRECTION    MM
  HIGHEST GUST SPEED    MM   HIGHEST GUST DIRECTION    MM
  AVERAGE WIND SPEED    MM


SKY COVER
  POSSIBLE SUNSHINE  MM
  AVERAGE SKY COVER  MM


WEATHER CONDITIONS
 THE FOLLOWING WEATHER WAS RECORDED YESTERDAY.
  LIGHT RAIN


RELATIVE HUMIDITY (PERCENT)
 HIGHEST    MM
 LOWEST     MM
 AVERAGE    MM

..........................................................


THE GRAND FORKS UNIV. (NWS) ND CLIMATE NORMALS FOR TODAY
                         NORMAL    RECORD    YEAR
 MAXIMUM TEMPERATURE (F)   80        99      1947
 MINIMUM TEMPERATURE (F)   55        34      1908


SUNRISE AND SUNSET
AUGUST 22 2014........SUNRISE   633 AM CDT   SUNSET   829 PM CDT
AUGUST 23 2014........SUNRISE   634 AM CDT   SUNSET   827 PM CDT


-  INDICATES NEGATIVE NUMBERS.
R  INDICATES RECORD WAS SET OR TIED.
MM INDICATES DATA IS MISSING.
T  INDICATES TRACE AMOUNT.




$$
