950
CDUS43 KFGF 032259
CLIFGF


CLIMATE REPORT
NATIONAL WEATHER SERVICE EASTERN NORTH DAKOTA/GRAND FORKS
458 PM CST SAT FEB 3 2018


...................................

...THE GRAND FORKS UNIV. (NWS) ND CLIMATE SUMMARY FOR FEBRUARY 3 2018...
VALID TODAY AS OF 0400 PM LOCAL TIME.

CLIMATE NORMAL PERIOD 1981 TO 2010
CLIMATE RECORD PERIOD 1893 TO 2018


WEATHER ITEM   OBSERVED TIME   RECORD YEAR NORMAL DEPARTURE LAST
                VALUE   (LST)  VALUE       VALUE  FROM      YEAR
                                                  NORMAL
..................................................................
TEMPERATURE (F)
 TODAY
  MAXIMUM          3        MM  54    1991  19    -16       17
  MINIMUM         -5        MM -36    1907   1     -6        1
  AVERAGE         -1                        10    -11        9

PRECIPITATION (IN)
  TODAY            0.10          0.54 1943   0.02   0.08     0.00
  MONTH TO DATE    0.11                      0.05   0.06     0.00
  SINCE DEC 1      1.71                      1.41   0.30     2.44
  SINCE JAN 1      0.73                      0.76  -0.03     0.60

SNOWFALL (IN)
  TODAY            1.1          11.0  1943   0.3    0.8      0.0
  MONTH TO DATE    1.5                       0.8    0.7      0.0
  SINCE DEC 1     22.1                      22.1    0.0     36.8
  SINCE JUL 1     30.5                      29.2    1.3     37.7
  SNOW DEPTH       6

DEGREE DAYS
 HEATING
  TODAY           66                        55     11       56
  MONTH TO DATE  198                       166     32      176
  SINCE DEC 1   3566                      3590    -24     3412
  SINCE JUL 1   5526                      5684   -158     4866

 COOLING
  TODAY            0                         0      0        0
  MONTH TO DATE    0                         0      0        0
  SINCE DEC 1      0                         0      0        0
  SINCE JAN 1      0                         0      0        0
..................................................................


WIND (MPH)
  HIGHEST WIND SPEED    MM   HIGHEST WIND DIRECTION    MM
  HIGHEST GUST SPEED    MM   HIGHEST GUST DIRECTION    MM
  AVERAGE WIND SPEED    MM


SKY COVER
  POSSIBLE SUNSHINE  MM
  AVERAGE SKY COVER  MM


WEATHER CONDITIONS
 THE FOLLOWING WEATHER WAS RECORDED TODAY.
  NO SIGNIFICANT WEATHER WAS OBSERVED.


RELATIVE HUMIDITY (PERCENT)
 HIGHEST    MM
 LOWEST     MM
 AVERAGE    MM

..........................................................


THE GRAND FORKS UNIV. (NWS) ND CLIMATE NORMALS FOR TOMORROW
                         NORMAL    RECORD    YEAR
 MAXIMUM TEMPERATURE (F)   19        50      1925
 MINIMUM TEMPERATURE (F)    1       -39      1907


SUNRISE AND SUNSET
FEBRUARY  3 2018......SUNRISE   753 AM CST   SUNSET   532 PM CST
FEBRUARY  4 2018......SUNRISE   752 AM CST   SUNSET   534 PM CST


-  INDICATES NEGATIVE NUMBERS.
R  INDICATES RECORD WAS SET OR TIED.
MM INDICATES DATA IS MISSING.
T  INDICATES TRACE AMOUNT.




$$
