000
CDUS43 KFGF 120721
CLIFGF


CLIMATE REPORT
NATIONAL WEATHER SERVICE EASTERN NORTH DAKOTA/GRAND FORKS
218 AM CDT FRI JUN 12 2015


...................................

...THE GRAND FORKS UNIV. (NWS) ND CLIMATE SUMMARY FOR JUNE 11 2015...

CLIMATE NORMAL PERIOD 1981 TO 2010
CLIMATE RECORD PERIOD 1890 TO 2015


WEATHER ITEM   OBSERVED TIME   RECORD YEAR NORMAL DEPARTURE LAST
                VALUE   (LST)  VALUE       VALUE  FROM      YEAR
                                                  NORMAL
..................................................................
TEMPERATURE (F)
 YESTERDAY
  MAXIMUM         81        MM  96    1988  76      5       65
                                      1956
  MINIMUM         62        MM  35    1969  53      9       51
  AVERAGE         72                        64      8       58

PRECIPITATION (IN)
  YESTERDAY        0.00          2.88 1964   0.13  -0.13     0.98
  MONTH TO DATE    1.37                      1.33   0.04     3.37
  SINCE JUN 1      1.37                      1.33   0.04     3.37
  SINCE JAN 1      7.27                      7.38  -0.11    10.36

SNOWFALL (IN)
  YESTERDAY        0.0           0.0    MM   0.0    0.0      0.0
  MONTH TO DATE    0.0                       0.0    0.0      0.0
  SINCE JUN 1      0.0                       0.0    0.0      0.0
  SINCE JUL 1     19.3                      43.4  -24.1     60.3
  SNOW DEPTH       0

DEGREE DAYS
 HEATING
  YESTERDAY        0                         3     -3        7
  MONTH TO DATE   17                        45    -28       28
  SINCE JUN 1     17                        45    -28       28
  SINCE JUL 1   8816                      9170   -354    10399

 COOLING
  YESTERDAY        7                         2      5        0
  MONTH TO DATE   29                        20      9       13
  SINCE JUN 1     29                        20      9       13
  SINCE JAN 1     40                        46     -6       68
..................................................................


WIND (MPH)
  RESULTANT WIND SPEED  MM   RESULTANT WIND DIRECTION  MM
  HIGHEST WIND SPEED    MM   HIGHEST WIND DIRECTION    MM
  HIGHEST GUST SPEED    MM   HIGHEST GUST DIRECTION    MM
  AVERAGE WIND SPEED    MM


SKY COVER
  POSSIBLE SUNSHINE  MM
  AVERAGE SKY COVER  MM


WEATHER CONDITIONS
 THE FOLLOWING WEATHER WAS RECORDED YESTERDAY.
  NO SIGNIFICANT WEATHER WAS OBSERVED.


RELATIVE HUMIDITY (PERCENT)
 HIGHEST    MM
 LOWEST     MM
 AVERAGE    MM

..........................................................


THE GRAND FORKS UNIV. (NWS) ND CLIMATE NORMALS FOR TODAY
                         NORMAL    RECORD    YEAR
 MAXIMUM TEMPERATURE (F)   76        96      1956
 MINIMUM TEMPERATURE (F)   53        37      1969
                                             1957
                                             1929


SUNRISE AND SUNSET
JUNE 12 2015..........SUNRISE   529 AM CDT   SUNSET   928 PM CDT
JUNE 13 2015..........SUNRISE   529 AM CDT   SUNSET   928 PM CDT


-  INDICATES NEGATIVE NUMBERS.
R  INDICATES RECORD WAS SET OR TIED.
MM INDICATES DATA IS MISSING.
T  INDICATES TRACE AMOUNT.




$$
