923
CDUS43 KFGF 080726
CLIFGF


CLIMATE REPORT
NATIONAL WEATHER SERVICE EASTERN NORTH DAKOTA/GRAND FORKS
224 AM CDT SAT APR 8 2017


...................................

...THE GRAND FORKS UNIV. (NWS) ND CLIMATE SUMMARY FOR APRIL 7 2017...

CLIMATE NORMAL PERIOD 1981 TO 2010
CLIMATE RECORD PERIOD 1890 TO 2017


WEATHER ITEM   OBSERVED TIME   RECORD YEAR NORMAL DEPARTURE LAST
                VALUE   (LST)  VALUE       VALUE  FROM      YEAR
                                                  NORMAL
..................................................................
TEMPERATURE (F)
 YESTERDAY
  MAXIMUM         61        MM  76    1988  49     12       38
  MINIMUM         34        MM  -5    1936  28      6       27
  AVERAGE         48                        38     10       33

PRECIPITATION (IN)
  YESTERDAY        0.00          1.20 2001   0.02  -0.02     0.04
  MONTH TO DATE    0.06                      0.20  -0.14     0.08
  SINCE MAR 1      0.90                      1.22  -0.32     0.77
  SINCE JAN 1      2.00                      2.52  -0.52     1.42

SNOWFALL (IN)
  YESTERDAY        0.0           5.0  1948   0.0    0.0      0.1
                                      1919
  MONTH TO DATE    0.0                       0.4   -0.4      0.6
  SINCE MAR 1      0.1                       6.8   -6.7      2.3
  SINCE JUL 1     43.0                      42.1    0.9     29.6
  SNOW DEPTH       0

DEGREE DAYS
 HEATING
  YESTERDAY       17                        27    -10       32
  MONTH TO DATE  145                       198    -53      240
  SINCE MAR 1   1326                      1404    -78     1128
  SINCE JUL 1   7274                      8364  -1090     7060

 COOLING
  YESTERDAY        0                         0      0        0
  MONTH TO DATE    0                         0      0        0
  SINCE MAR 1      0                         0      0        0
  SINCE JAN 1      0                         0      0        0
..................................................................


WIND (MPH)
  RESULTANT WIND SPEED  MM   RESULTANT WIND DIRECTION  MM
  HIGHEST WIND SPEED    MM   HIGHEST WIND DIRECTION    MM
  HIGHEST GUST SPEED    MM   HIGHEST GUST DIRECTION    MM
  AVERAGE WIND SPEED    MM


SKY COVER
  POSSIBLE SUNSHINE  MM
  AVERAGE SKY COVER  MM


WEATHER CONDITIONS
 THE FOLLOWING WEATHER WAS RECORDED YESTERDAY.
  NO SIGNIFICANT WEATHER WAS OBSERVED.


RELATIVE HUMIDITY (PERCENT)
 HIGHEST    MM
 LOWEST     MM
 AVERAGE    MM

..........................................................


THE GRAND FORKS UNIV. (NWS) ND CLIMATE NORMALS FOR TODAY
                         NORMAL    RECORD    YEAR
 MAXIMUM TEMPERATURE (F)   50        76      1987
 MINIMUM TEMPERATURE (F)   28         7      1997


SUNRISE AND SUNSET
APRIL  8 2017.........SUNRISE   652 AM CDT   SUNSET   809 PM CDT
APRIL  9 2017.........SUNRISE   650 AM CDT   SUNSET   810 PM CDT


-  INDICATES NEGATIVE NUMBERS.
R  INDICATES RECORD WAS SET OR TIED.
MM INDICATES DATA IS MISSING.
T  INDICATES TRACE AMOUNT.




$$
