036
CDUS43 KFGF 220655
CLIFGF


CLIMATE REPORT
NATIONAL WEATHER SERVICE EASTERN NORTH DAKOTA/GRAND FORKS
1252 AM CST FRI JAN 22 2016


...................................

...THE GRAND FORKS UNIV. (NWS) ND CLIMATE SUMMARY FOR JANUARY 21 2016...

CLIMATE NORMAL PERIOD 1981 TO 2010
CLIMATE RECORD PERIOD 1890 TO 2016


WEATHER ITEM   OBSERVED TIME   RECORD YEAR NORMAL DEPARTURE LAST
                VALUE   (LST)  VALUE       VALUE  FROM      YEAR
                                                  NORMAL
..................................................................
TEMPERATURE (F)
 YESTERDAY
  MAXIMUM         16        MM  42    1990  16      0       25
                                      1942
  MINIMUM          0        MM -33    1970  -2      2        7
  AVERAGE          8                         7      1       16

PRECIPITATION (IN)
  YESTERDAY        T             0.31   MM   0.02  -0.02      T
  MONTH TO DATE    0.25                      0.50  -0.25     0.25
  SINCE DEC 1      1.37                      1.15   0.22     0.38
  SINCE JAN 1      0.25                      0.50  -0.25     0.25

SNOWFALL (IN)
  YESTERDAY        T             4.4    MM   0.3   -0.3       T
  MONTH TO DATE    4.1                       7.5   -3.4      6.0
  SINCE DEC 1     18.9                      18.4    0.5      7.8
  SINCE JUL 1     22.3                      25.5   -3.2     11.6
  SNOW DEPTH       7

DEGREE DAYS
 HEATING
  YESTERDAY       57                        58     -1       49
  MONTH TO DATE 1246                      1216     30     1190
  SINCE DEC 1   2617                      2853   -236     2623
  SINCE JUL 1   4226                      4947   -721     4743

 COOLING
  YESTERDAY        0                         0      0        0
  MONTH TO DATE    0                         0      0        0
  SINCE DEC 1      0                         0      0        0
  SINCE JAN 1      0                         0      0        0
..................................................................


WIND (MPH)
  RESULTANT WIND SPEED  MM   RESULTANT WIND DIRECTION  MM
  HIGHEST WIND SPEED    MM   HIGHEST WIND DIRECTION    MM
  HIGHEST GUST SPEED    MM   HIGHEST GUST DIRECTION    MM
  AVERAGE WIND SPEED    MM


SKY COVER
  POSSIBLE SUNSHINE  MM
  AVERAGE SKY COVER  MM


WEATHER CONDITIONS
 THE FOLLOWING WEATHER WAS RECORDED YESTERDAY.
  LIGHT SNOW


RELATIVE HUMIDITY (PERCENT)
 HIGHEST    MM
 LOWEST     MM
 AVERAGE    MM

..........................................................


THE GRAND FORKS UNIV. (NWS) ND CLIMATE NORMALS FOR TODAY
                         NORMAL    RECORD    YEAR
 MAXIMUM TEMPERATURE (F)   16        48      1942
 MINIMUM TEMPERATURE (F)   -2       -39      1936


SUNRISE AND SUNSET
JANUARY 22 2016.......SUNRISE   808 AM CST   SUNSET   513 PM CST
JANUARY 23 2016.......SUNRISE   807 AM CST   SUNSET   514 PM CST


-  INDICATES NEGATIVE NUMBERS.
R  INDICATES RECORD WAS SET OR TIED.
MM INDICATES DATA IS MISSING.
T  INDICATES TRACE AMOUNT.




$$
