000
CDUS43 KFGF 052226
CLIFGF


CLIMATE REPORT
NATIONAL WEATHER SERVICE EASTERN NORTH DAKOTA/GRAND FORKS
524 PM CDT SUN JUN 5 2016


...................................

...THE GRAND FORKS UNIV. (NWS) ND CLIMATE SUMMARY FOR JUNE 5 2016...
VALID TODAY AS OF 0400 PM LOCAL TIME.

CLIMATE NORMAL PERIOD 1981 TO 2010
CLIMATE RECORD PERIOD 1890 TO 2016


WEATHER ITEM   OBSERVED TIME   RECORD YEAR NORMAL DEPARTURE LAST
                VALUE   (LST)  VALUE       VALUE  FROM      YEAR
                                                  NORMAL
..................................................................
TEMPERATURE (F)
 TODAY
  MAXIMUM         79        MM  95    1988  74      5       76
  MINIMUM         58        MM  30    1907  51      7       60
  AVERAGE         69                        62      7       68

PRECIPITATION (IN)
  TODAY            0.04          1.09 1937   0.12  -0.08     0.00
  MONTH TO DATE    0.75                      0.60   0.15     0.85
  SINCE JUN 1      0.75                      0.60   0.15     0.85
  SINCE JAN 1      7.85                      6.65   1.20     6.75

SNOWFALL (IN)
  TODAY            0.0           T    2003   0.0    0.0      0.0
  MONTH TO DATE    0.0                       0.0    0.0      0.0
  SINCE JUN 1      0.0                       0.0    0.0      0.0
  SINCE JUL 1     29.6                      43.4  -13.8     19.3
  SNOW DEPTH       0

DEGREE DAYS
 HEATING
  TODAY            0                         4     -4        0
  MONTH TO DATE   20                        24     -4       15
  SINCE JUN 1     20                        24     -4       15
  SINCE JUL 1   7752                      9149  -1397     8814

 COOLING
  TODAY            4                         2      2        3
  MONTH TO DATE    4                         8     -4        3
  SINCE JUN 1      4                         8     -4        3
  SINCE JAN 1     28                        34     -6       14
..................................................................


WIND (MPH)
  HIGHEST WIND SPEED    MM   HIGHEST WIND DIRECTION    MM
  HIGHEST GUST SPEED    MM   HIGHEST GUST DIRECTION    MM
  AVERAGE WIND SPEED    MM


SKY COVER
  POSSIBLE SUNSHINE  MM
  AVERAGE SKY COVER  MM


WEATHER CONDITIONS
 THE FOLLOWING WEATHER WAS RECORDED TODAY.
  LIGHT RAIN


RELATIVE HUMIDITY (PERCENT)
 HIGHEST    MM
 LOWEST     MM
 AVERAGE    MM

..........................................................


THE GRAND FORKS UNIV. (NWS) ND CLIMATE NORMALS FOR TOMORROW
                         NORMAL    RECORD    YEAR
 MAXIMUM TEMPERATURE (F)   74        97      1959
 MINIMUM TEMPERATURE (F)   51        31      1935


SUNRISE AND SUNSET
JUNE  5 2016..........SUNRISE   531 AM CDT   SUNSET   923 PM CDT
JUNE  6 2016..........SUNRISE   531 AM CDT   SUNSET   924 PM CDT


-  INDICATES NEGATIVE NUMBERS.
R  INDICATES RECORD WAS SET OR TIED.
MM INDICATES DATA IS MISSING.
T  INDICATES TRACE AMOUNT.




$$
