000
CSUS97 KFGF 042148
CLIFGF


CLIMATE REPORT
NATIONAL WEATHER SERVICE EASTERN NORTH DAKOTA/GRAND FORKS
447 PM CDT THU SEP 4 2014


...................................

...THE GRAND FORKS UNIV. (NWS) ND CLIMATE SUMMARY FOR SEPTEMBER 4 2014...
VALID TODAY AS OF 0400 PM LOCAL TIME.

CLIMATE NORMAL PERIOD 1981 TO 2010
CLIMATE RECORD PERIOD 1890 TO 2014


WEATHER ITEM   OBSERVED TIME   RECORD YEAR NORMAL DEPARTURE LAST
                VALUE   (LST)  VALUE       VALUE  FROM      YEAR
                                                  NORMAL
..................................................................
TEMPERATURE (F)
 TODAY
  MAXIMUM         74        MM  96    1979  75     -1       71
  MINIMUM         59        MM  34    1981  51      8       49
                                      1914
  AVERAGE         67                        63      4       60

PRECIPITATION (IN)
  TODAY            0.07          1.49   MM   0.08  -0.01     0.00
  MONTH TO DATE    0.18                      0.32  -0.14      T
  SINCE SEP 1      0.18                      0.32  -0.14      T
  SINCE JAN 1     20.60                     16.42   4.18    13.44

SNOWFALL (IN)
  TODAY            0.0           0.0    MM   0.0    0.0      0.0
  MONTH TO DATE    0.0                       0.0    0.0      0.0
  SINCE SEP 1      0.0                       0.0    0.0      0.0
  SINCE JUL 1      0.0                       0.0    0.0      0.0
  SNOW DEPTH       0

DEGREE DAYS
 HEATING
  TODAY            0                         4     -4        5
  MONTH TO DATE    2                        15    -13       15
  SINCE SEP 1      2                        15    -13       15
  SINCE JUL 1     58                        79    -21       74

 COOLING
  TODAY            2                         2      0        0
  MONTH TO DATE    2                         9     -7        6
  SINCE SEP 1      2                         9     -7        6
  SINCE JAN 1    366                       441    -75      488
..................................................................


WIND (MPH)
  HIGHEST WIND SPEED    MM   HIGHEST WIND DIRECTION    MM
  HIGHEST GUST SPEED    MM   HIGHEST GUST DIRECTION    MM
  AVERAGE WIND SPEED    MM


SKY COVER
  POSSIBLE SUNSHINE  MM
  AVERAGE SKY COVER  MM


WEATHER CONDITIONS
 THE FOLLOWING WEATHER WAS RECORDED TODAY.
  NO SIGNIFICANT WEATHER WAS OBSERVED.


RELATIVE HUMIDITY (PERCENT)
 HIGHEST    MM
 LOWEST     MM
 AVERAGE    MM

..........................................................


THE GRAND FORKS UNIV. (NWS) ND CLIMATE NORMALS FOR TOMORROW
                         NORMAL    RECORD    YEAR
 MAXIMUM TEMPERATURE (F)   75       100      1978
 MINIMUM TEMPERATURE (F)   51        32      1924


SUNRISE AND SUNSET
SEPTEMBER  4 2014.....SUNRISE   651 AM CDT   SUNSET   803 PM CDT
SEPTEMBER  5 2014.....SUNRISE   652 AM CDT   SUNSET   801 PM CDT


-  INDICATES NEGATIVE NUMBERS.
R  INDICATES RECORD WAS SET OR TIED.
MM INDICATES DATA IS MISSING.
T  INDICATES TRACE AMOUNT.




$$
