000
CSUS97 KFGF 272154
CLIFGF


CLIMATE REPORT
NATIONAL WEATHER SERVICE EASTERN NORTH DAKOTA/GRAND FORKS
453 PM CDT THU MAR 27 2014


...................................

...THE GRAND FORKS UNIV. (NWS) ND CLIMATE SUMMARY FOR MARCH 27 2014...
VALID TODAY AS OF 0400 PM LOCAL TIME.

CLIMATE NORMAL PERIOD 1981 TO 2010
CLIMATE RECORD PERIOD 1890 TO 2014


WEATHER ITEM   OBSERVED TIME   RECORD YEAR NORMAL DEPARTURE LAST
                VALUE   (LST)  VALUE       VALUE  FROM      YEAR
                                                  NORMAL
..................................................................
TEMPERATURE (F)
 TODAY
  MAXIMUM         29        MM  80    1946  41    -12       34
  MINIMUM         22        MM  -9    1964  23     -1        0
                                      1955
  AVERAGE         26                        32     -6       17

PRECIPITATION (IN)
  TODAY            0.00          1.29   MM   0.03  -0.03     0.00
  MONTH TO DATE    0.44                      0.88  -0.44     0.72
  SINCE MAR 1      0.44                      0.88  -0.44     0.72
  SINCE JAN 1      1.17                      2.18  -1.01     1.54

SNOWFALL (IN)
  TODAY            0.0           8.0    MM   0.1   -0.1      0.0
  MONTH TO DATE    2.0                       5.9   -3.9     19.2
  SINCE MAR 1      2.0                       5.9   -3.9     19.2
  SINCE JUL 1     47.7                      41.2    6.5     52.8
  SNOW DEPTH       1

DEGREE DAYS
 HEATING
  TODAY           39                        33      6       48
  MONTH TO DATE 1275                      1080    195     1357
  SINCE MAR 1   1275                      1080    195     1357
  SINCE JUL 1   9021                      8040    981     8374

 COOLING
  TODAY            0                         0      0        0
  MONTH TO DATE    0                         0      0        0
  SINCE MAR 1      0                         0      0        0
  SINCE JAN 1      0                         0      0        0
..................................................................


WIND (MPH)
  HIGHEST WIND SPEED    MM   HIGHEST WIND DIRECTION    MM
  HIGHEST GUST SPEED    MM   HIGHEST GUST DIRECTION    MM
  AVERAGE WIND SPEED    MM


SKY COVER
  POSSIBLE SUNSHINE  MM
  AVERAGE SKY COVER  MM


WEATHER CONDITIONS
 THE FOLLOWING WEATHER WAS RECORDED TODAY.
  NO SIGNIFICANT WEATHER WAS OBSERVED.


RELATIVE HUMIDITY (PERCENT)
 HIGHEST    MM
 LOWEST     MM
 AVERAGE    MM

..........................................................


THE GRAND FORKS UNIV. (NWS) ND CLIMATE NORMALS FOR TOMORROW
                         NORMAL    RECORD    YEAR
 MAXIMUM TEMPERATURE (F)   42        72      1910
 MINIMUM TEMPERATURE (F)   23       -10      1969
                                             1922


SUNRISE AND SUNSET
MARCH 27 2014.........SUNRISE   717 AM CDT   SUNSET   751 PM CDT
MARCH 28 2014.........SUNRISE   715 AM CDT   SUNSET   753 PM CDT


-  INDICATES NEGATIVE NUMBERS.
R  INDICATES RECORD WAS SET OR TIED.
MM INDICATES DATA IS MISSING.
T  INDICATES TRACE AMOUNT.




$$
