000
CSUS97 KFGF 182152
CLIFGF


CLIMATE REPORT
NATIONAL WEATHER SERVICE EASTERN NORTH DAKOTA/GRAND FORKS
450 PM CDT FRI JUL 18 2014


...................................

...THE GRAND FORKS UNIV. (NWS) ND CLIMATE SUMMARY FOR JULY 18 2014...
VALID TODAY AS OF 0400 PM LOCAL TIME.

CLIMATE NORMAL PERIOD 1981 TO 2010
CLIMATE RECORD PERIOD 1890 TO 2014


WEATHER ITEM   OBSERVED TIME   RECORD YEAR NORMAL DEPARTURE LAST
                VALUE   (LST)  VALUE       VALUE  FROM      YEAR
                                                  NORMAL
..................................................................
TEMPERATURE (F)
 TODAY
  MAXIMUM         86        MM 105    1934  82      4       89
  MINIMUM         63        MM  45    1951  59      4       65
                                      1912
  AVERAGE         75                        70      5       77

PRECIPITATION (IN)
  TODAY            0.00          2.88   MM   0.10  -0.10     0.00
  MONTH TO DATE    0.68                      1.98  -1.30     0.94
  SINCE JUN 1      7.43                      5.72   1.71     3.72
  SINCE JAN 1     14.42                     11.77   2.65    11.93

SNOWFALL (IN)
  TODAY            0.0           0.0    MM   0.0    0.0      0.0
  MONTH TO DATE    0.0                       0.0    0.0      0.0
  SINCE JUN 1      0.0                       0.0    0.0      0.0
  SINCE JUL 1      0.0                       0.0    0.0      0.0
  SNOW DEPTH       0

DEGREE DAYS
 HEATING
  TODAY            0                         1     -1        0
  MONTH TO DATE   30                        18     12        0
  SINCE JUN 1     82                       101    -19       75
  SINCE JUL 1     30                        18     12        0

 COOLING
  TODAY           10                         6      4       12
  MONTH TO DATE   63                        98    -35      164
  SINCE JUN 1    126                       189    -63      279
  SINCE JAN 1    181                       215    -34      288
..................................................................


WIND (MPH)
  HIGHEST WIND SPEED    MM   HIGHEST WIND DIRECTION    MM
  HIGHEST GUST SPEED    MM   HIGHEST GUST DIRECTION    MM
  AVERAGE WIND SPEED    MM


SKY COVER
  POSSIBLE SUNSHINE  MM
  AVERAGE SKY COVER  MM


WEATHER CONDITIONS
 THE FOLLOWING WEATHER WAS RECORDED TODAY.
  NO SIGNIFICANT WEATHER WAS OBSERVED.


RELATIVE HUMIDITY (PERCENT)
 HIGHEST    MM
 LOWEST     MM
 AVERAGE    MM

..........................................................


THE GRAND FORKS UNIV. (NWS) ND CLIMATE NORMALS FOR TOMORROW
                         NORMAL    RECORD    YEAR
 MAXIMUM TEMPERATURE (F)   82       100      1932
 MINIMUM TEMPERATURE (F)   59        41      1912


SUNRISE AND SUNSET
JULY 18 2014..........SUNRISE   548 AM CDT   SUNSET   921 PM CDT
JULY 19 2014..........SUNRISE   549 AM CDT   SUNSET   920 PM CDT


-  INDICATES NEGATIVE NUMBERS.
R  INDICATES RECORD WAS SET OR TIED.
MM INDICATES DATA IS MISSING.
T  INDICATES TRACE AMOUNT.




$$
