000
CDUS43 KFGF 010648
CLIFGF


CLIMATE REPORT
NATIONAL WEATHER SERVICE EASTERN NORTH DAKOTA/GRAND FORKS
1243 AM CST SUN JAN 1 2017


...................................

...THE GRAND FORKS UNIV. (NWS) ND CLIMATE SUMMARY FOR DECEMBER 31 2016...

CLIMATE NORMAL PERIOD 1981 TO 2010
CLIMATE RECORD PERIOD 1890 TO 2016


WEATHER ITEM   OBSERVED TIME   RECORD YEAR NORMAL DEPARTURE LAST
                VALUE   (LST)  VALUE       VALUE  FROM      YEAR
                                                  NORMAL
..................................................................
TEMPERATURE (F)
 YESTERDAY
  MAXIMUM         26        MM  40    1953  16     10       20
  MINIMUM         -1        MM -34    1967   0     -1        6
  AVERAGE         13                         8      5       13

PRECIPITATION (IN)
  YESTERDAY        T             0.32 1993   0.02  -0.02      T
  MONTH TO DATE    1.84                      0.65   1.19     1.12
  SINCE DEC 1      1.84                      0.65   1.19     1.12
  SINCE JAN 1     31.27                     21.62   9.65    20.53

SNOWFALL (IN)
  YESTERDAY        0.1           4.6  2010   0.4   -0.3       T
  MONTH TO DATE   25.6                      10.9   14.7     14.8
  SINCE DEC 1     25.6                      10.9   14.7     14.8
  SINCE JUL 1     26.5                      18.0    8.5     18.2
  SNOW DEPTH      10

DEGREE DAYS
 HEATING
  YESTERDAY       52                        57     -5       52
  MONTH TO DATE 1593                      1638    -45     1371
  SINCE DEC 1   1593                      1637    -44     1371
  SINCE JUL 1   3047                      3731   -684     2980

 COOLING
  YESTERDAY        0                         0      0        0
  MONTH TO DATE    0                         0      0        0
  SINCE DEC 1      0                         0      0        0
  SINCE JAN 1    461                       463     -2      580
..................................................................


WIND (MPH)
  RESULTANT WIND SPEED  MM   RESULTANT WIND DIRECTION  MM
  HIGHEST WIND SPEED    MM   HIGHEST WIND DIRECTION    MM
  HIGHEST GUST SPEED    MM   HIGHEST GUST DIRECTION    MM
  AVERAGE WIND SPEED    MM


SKY COVER
  POSSIBLE SUNSHINE  MM
  AVERAGE SKY COVER  MM


WEATHER CONDITIONS
 THE FOLLOWING WEATHER WAS RECORDED YESTERDAY.
  LIGHT SNOW


RELATIVE HUMIDITY (PERCENT)
 HIGHEST    MM
 LOWEST     MM
 AVERAGE    MM

..........................................................


THE GRAND FORKS UNIV. (NWS) ND CLIMATE NORMALS FOR TODAY
                         NORMAL    RECORD    YEAR
 MAXIMUM TEMPERATURE (F)   16        40      1964
                                             1927
 MINIMUM TEMPERATURE (F)    0       -36      1919


SUNRISE AND SUNSET
JANUARY  1 2017.......SUNRISE   818 AM CST   SUNSET   447 PM CST
JANUARY  2 2017.......SUNRISE   818 AM CST   SUNSET   448 PM CST


-  INDICATES NEGATIVE NUMBERS.
R  INDICATES RECORD WAS SET OR TIED.
MM INDICATES DATA IS MISSING.
T  INDICATES TRACE AMOUNT.




$$
