000
CDUS43 KFGF 112247
CLIFGF


CLIMATE REPORT
NATIONAL WEATHER SERVICE EASTERN NORTH DAKOTA/GRAND FORKS
446 PM CST FRI NOV 11 2016


...................................

...THE GRAND FORKS UNIV. (NWS) ND CLIMATE SUMMARY FOR NOVEMBER 11 2016...
VALID TODAY AS OF 0400 PM LOCAL TIME.

CLIMATE NORMAL PERIOD 1981 TO 2010
CLIMATE RECORD PERIOD 1890 TO 2016


WEATHER ITEM   OBSERVED TIME   RECORD YEAR NORMAL DEPARTURE LAST
                VALUE   (LST)  VALUE       VALUE  FROM      YEAR
                                                  NORMAL
..................................................................
TEMPERATURE (F)
 TODAY
  MAXIMUM         45        MM  66    2005  38      7       37
  MINIMUM         24        MM -11    1935  22      2       30
  AVERAGE         35                        30      5       34

PRECIPITATION (IN)
  TODAY            0.00          1.10 1975   0.03  -0.03     0.01
  MONTH TO DATE    0.01                      0.40  -0.39     0.91
  SINCE SEP 1      6.36                      4.37   1.99     3.11
  SINCE JAN 1     28.09                     20.47   7.62    18.77

SNOWFALL (IN)
  TODAY            0.0           5.4  1975   0.2   -0.2      0.0
  MONTH TO DATE    0.0                       1.6   -1.6      0.8
  SINCE SEP 1      0.0                       2.6   -2.6      0.8
  SINCE JUL 1      T                         2.6   -2.6      0.8
  SNOW DEPTH       0

DEGREE DAYS
 HEATING
  TODAY           30                        35     -5       31
  MONTH TO DATE  179                       355   -176      271
  SINCE SEP 1    892                      1245   -353      897
  SINCE JUL 1    910                      1309   -399      945

 COOLING
  TODAY            0                         0      0        0
  MONTH TO DATE    0                         0      0        0
  SINCE SEP 1     27                        31     -4       90
  SINCE JAN 1    461                       463     -2      580
..................................................................


WIND (MPH)
  HIGHEST WIND SPEED    MM   HIGHEST WIND DIRECTION    MM
  HIGHEST GUST SPEED    MM   HIGHEST GUST DIRECTION    MM
  AVERAGE WIND SPEED    MM


SKY COVER
  POSSIBLE SUNSHINE  MM
  AVERAGE SKY COVER  MM


WEATHER CONDITIONS
 THE FOLLOWING WEATHER WAS RECORDED TODAY.
  NO SIGNIFICANT WEATHER WAS OBSERVED.


RELATIVE HUMIDITY (PERCENT)
 HIGHEST    MM
 LOWEST     MM
 AVERAGE    MM

..........................................................


THE GRAND FORKS UNIV. (NWS) ND CLIMATE NORMALS FOR TOMORROW
                         NORMAL    RECORD    YEAR
 MAXIMUM TEMPERATURE (F)   37        62      1981
 MINIMUM TEMPERATURE (F)   21        -9      1911


SUNRISE AND SUNSET
NOVEMBER 11 2016......SUNRISE   729 AM CST   SUNSET   455 PM CST
NOVEMBER 12 2016......SUNRISE   731 AM CST   SUNSET   454 PM CST


-  INDICATES NEGATIVE NUMBERS.
R  INDICATES RECORD WAS SET OR TIED.
MM INDICATES DATA IS MISSING.
T  INDICATES TRACE AMOUNT.




$$
