000
CSUS97 KFGF 180633
CLIFGF


CLIMATE REPORT
NATIONAL WEATHER SERVICE EASTERN NORTH DAKOTA/GRAND FORKS
133 AM CDT MON AUG 18 2014


...................................

...THE GRAND FORKS UNIV. (NWS) ND CLIMATE SUMMARY FOR AUGUST 17 2014...

CLIMATE NORMAL PERIOD 1981 TO 2010
CLIMATE RECORD PERIOD 1890 TO 2014


WEATHER ITEM   OBSERVED TIME   RECORD YEAR NORMAL DEPARTURE LAST
                VALUE   (LST)  VALUE       VALUE  FROM      YEAR
                                                  NORMAL
..................................................................
TEMPERATURE (F)
 YESTERDAY
  MAXIMUM         77        MM  99    1945  81     -4       82
  MINIMUM         63        MM  39    1924  56      7       57
  AVERAGE         70                        69      1       70

PRECIPITATION (IN)
  YESTERDAY        0.28          2.80   MM   0.11   0.17     0.00
  MONTH TO DATE    0.34                      1.68  -1.34     0.17
  SINCE JUN 1     10.53                      8.59   1.94     4.55
  SINCE JAN 1     17.52                     14.64   2.88    12.76

SNOWFALL (IN)
  YESTERDAY        0.0           0.0    MM   0.0    0.0      0.0
  MONTH TO DATE    0.0                       0.0    0.0      0.0
  SINCE JUN 1      0.0                       0.0    0.0      0.0
  SINCE JUL 1      0.0                       0.0    0.0      0.0
  SNOW DEPTH       0

DEGREE DAYS
 HEATING
  YESTERDAY        0                         1     -1        0
  MONTH TO DATE    0                        17    -17       35
  SINCE JUN 1     84                       123    -39      134
  SINCE JUL 1     32                        40     -8       59

 COOLING
  YESTERDAY        5                         5      0        5
  MONTH TO DATE   83                        94    -11       20
  SINCE JUN 1    270                       356    -86      316
  SINCE JAN 1    325                       382    -57      325
..................................................................


WIND (MPH)
  RESULTANT WIND SPEED  MM   RESULTANT WIND DIRECTION  MM
  HIGHEST WIND SPEED    MM   HIGHEST WIND DIRECTION    MM
  HIGHEST GUST SPEED    MM   HIGHEST GUST DIRECTION    MM
  AVERAGE WIND SPEED    MM


SKY COVER
  POSSIBLE SUNSHINE  MM
  AVERAGE SKY COVER  MM


WEATHER CONDITIONS
 THE FOLLOWING WEATHER WAS RECORDED YESTERDAY.
  NO SIGNIFICANT WEATHER WAS OBSERVED.


RELATIVE HUMIDITY (PERCENT)
 HIGHEST    MM
 LOWEST     MM
 AVERAGE    MM

..........................................................


THE GRAND FORKS UNIV. (NWS) ND CLIMATE NORMALS FOR TODAY
                         NORMAL    RECORD    YEAR
 MAXIMUM TEMPERATURE (F)   81       101      1945
 MINIMUM TEMPERATURE (F)   56        38      1975
                                             1932


SUNRISE AND SUNSET
AUGUST 18 2014........SUNRISE   628 AM CDT   SUNSET   836 PM CDT
AUGUST 19 2014........SUNRISE   629 AM CDT   SUNSET   834 PM CDT


-  INDICATES NEGATIVE NUMBERS.
R  INDICATES RECORD WAS SET OR TIED.
MM INDICATES DATA IS MISSING.
T  INDICATES TRACE AMOUNT.




$$
