000
CDUS43 KFGF 052257
CLIFGF


CLIMATE REPORT
NATIONAL WEATHER SERVICE EASTERN NORTH DAKOTA/GRAND FORKS
455 PM CST SUN MAR 5 2017


...................................

...THE GRAND FORKS UNIV. (NWS) ND CLIMATE SUMMARY FOR MARCH 5 2017...
VALID TODAY AS OF 0400 PM LOCAL TIME.

CLIMATE NORMAL PERIOD 1981 TO 2010
CLIMATE RECORD PERIOD 1890 TO 2017


WEATHER ITEM   OBSERVED TIME   RECORD YEAR NORMAL DEPARTURE LAST
                VALUE   (LST)  VALUE       VALUE  FROM      YEAR
                                                  NORMAL
..................................................................
TEMPERATURE (F)
 TODAY
  MAXIMUM         48        MM  63    2000  29     19       36
  MINIMUM         29        MM -22    1936  12     17       23
                                      1920
  AVERAGE         39                        20     19       30

PRECIPITATION (IN)
  TODAY            0.00          0.40 1896   0.03  -0.03     0.00
  MONTH TO DATE    T                         0.15  -0.15      T
  SINCE MAR 1      T                         0.15  -0.15      T
  SINCE JAN 1      1.10                      1.45  -0.35     0.65

SNOWFALL (IN)
  TODAY            0.0           4.0  1944   0.3   -0.3      0.0
                                      1896
  MONTH TO DATE    0.1                       1.4   -1.3       T
  SINCE MAR 1      0.1                       1.4   -1.3       T
  SINCE JUL 1     43.0                      36.7    6.3     27.3
  SNOW DEPTH       T

DEGREE DAYS
 HEATING
  TODAY           26                        44    -18       35
  MONTH TO DATE  212                       226    -14      205
  SINCE MAR 1    212                       226    -14      205
  SINCE JUL 1   6160                      7186  -1026     6137

 COOLING
  TODAY            0                         0      0        0
  MONTH TO DATE    0                         0      0        0
  SINCE MAR 1      0                         0      0        0
  SINCE JAN 1      0                         0      0        0
..................................................................


WIND (MPH)
  HIGHEST WIND SPEED    MM   HIGHEST WIND DIRECTION    MM
  HIGHEST GUST SPEED    MM   HIGHEST GUST DIRECTION    MM
  AVERAGE WIND SPEED    MM


SKY COVER
  POSSIBLE SUNSHINE  MM
  AVERAGE SKY COVER  MM


WEATHER CONDITIONS
 THE FOLLOWING WEATHER WAS RECORDED TODAY.
  NO SIGNIFICANT WEATHER WAS OBSERVED.


RELATIVE HUMIDITY (PERCENT)
 HIGHEST    MM
 LOWEST     MM
 AVERAGE    MM

..........................................................


THE GRAND FORKS UNIV. (NWS) ND CLIMATE NORMALS FOR TOMORROW
                         NORMAL    RECORD    YEAR
 MAXIMUM TEMPERATURE (F)   29        62      2016
 MINIMUM TEMPERATURE (F)   13       -23      1955


SUNRISE AND SUNSET
MARCH  5 2017.........SUNRISE   701 AM CST   SUNSET   619 PM CST
MARCH  6 2017.........SUNRISE   659 AM CST   SUNSET   621 PM CST


-  INDICATES NEGATIVE NUMBERS.
R  INDICATES RECORD WAS SET OR TIED.
MM INDICATES DATA IS MISSING.
T  INDICATES TRACE AMOUNT.




$$
