000
CXUS54 KJAN 011510
CF6JAN
PRELIMINARY LOCAL CLIMATOLOGICAL DATA (WS FORM: F-6)
STATION: JACKSON
MONTH: FEBRUARY
YEAR: 2022
LATITUDE: 32 19 N
LONGITUDE: 90 5 W
TEMPERATURE IN F: :PCPN: SNOW: WIND :SUNSHINE: SKY :PK WND
================================================================================
1 2 3 4 5 6A 6B 7 8 9 10 11 12 13 14 15 16 17 18
12Z AVG MX 2MIN
DY MAX MIN AVG DEP HDD CDD WTR SNW DPTH SPD SPD DIR MIN PSBL S-S WX SPD DR
================================================================================
1 67 43 55 7 10 0 T 0.0 0 13.3 28 140 M M 9 40 150
2 68 56 62 14 3 0 0.17 0.0 0 8.1 20 140 M M 9 1 33 150
3 66 31 49 1 16 0 0.10 0.0 0 10.0 21 150 M M 10 16 28 300
4 32 29 31 -18 34 0 T T 0 10.8 21 350 M M 10 26 360
5 48 23 36 -13 29 0 0.00 0.0 0 6.3 16 10 M M 1 23 40
6 55 21 38 -11 27 0 0.00 0.0 0 1.2 12 350 M M 0 17 360
7 57 28 43 -6 22 0 0.00 0.0 0 5.0 16 350 M M 3 21 330
8 61 25 43 -6 22 0 0.00 0.0 0 2.1 8 80 M M 0 1 12 10
9 68 28 48 -2 17 0 0.00 0.0 0 3.7 15 280 M M 0 22 280
10 72 32 52 2 13 0 0.00 0.0 0 3.7 10 170 M M 0 18 15 210
11 72 40 56 6 9 0 0.00 0.0 0 6.8 15 210 M M 0 22 210
12 64 37 51 1 14 0 T 0.0 0 10.5 21 330 M M 3 1 31 330
13 53 27 40 -10 25 0 0.00 0.0 0 7.7 20 360 M M 1 28 350
14 67 28 48 -3 17 0 0.00 0.0 0 2.1 9 260 M M 0 16 230
15 70 33 52 1 13 0 0.00 0.0 0 8.1 18 150 M M 0 32 140
16 76 48 62 11 3 0 0.01 0.0 0 14.9 24 150 M M 5 35 140
17 80 38 59 8 6 0 0.79 0.0 0 18.2 36 180 M M 9 138 53 180
18 49 32 41 -11 24 0 0.00 0.0 0 9.2 20 330 M M 6 27 360
19 61 26 44 -8 21 0 0.00 0.0 0 3.4 15 30 M M 0 1 20 20
20 69 31 50 -2 15 0 0.00 0.0 0 6.9 18 190 M M 4 23 190
21 73 56 65 13 0 0 0.04 0.0 0 11.4 20 180 M M 10 1 25 180
22 85 66 76 23 0 11 0.20 0.0 0 11.4 23 190 M M 8 13 32 200
23 71 47 59 6 6 0 0.03 0.0 0 8.6 17 350 M M 9 1 24 330
24 82 45 64 11 1 0 T 0.0 0 6.1 21 180 M M 9 1 28 170
25 45 38 42 -11 23 0 T 0.0 0 11.5 18 350 M M 10 1 26 350
26 46 40 43 -11 22 0 0.02 0.0 0 7.1 15 30 M M 10 1 19 20
27 45 38 42 -12 23 0 0.10 0.0 0 8.0 14 340 M M 10 1 23 350
28 64 34 49 -5 16 0 0.00 0.0 0 5.9 15 30 M M 1 20 40
================================================================================
SM 1766 1020 431 11 1.46 T 222.0 M 137
================================================================================
AV 63.1 36.4 7.9 FASTST M M 5 MAX(MPH)
MISC ----> 36 180 53 180
================================================================================
NOTES:
# LAST OF SEVERAL OCCURRENCES
COLUMN 17 PEAK WIND IN M.P.H.
PRELIMINARY LOCAL CLIMATOLOGICAL DATA (WS FORM: F-6) , PAGE 2
STATION: JACKSON
MONTH: FEBRUARY
YEAR: 2022
LATITUDE: 32 19 N
LONGITUDE: 90 5 W
[TEMPERATURE DATA] [PRECIPITATION DATA] SYMBOLS USED IN COLUMN 16
AVERAGE MONTHLY: 49.8 TOTAL FOR MONTH: 1.46 1 = FOG OR MIST
DPTR FM NORMAL: -1.2 DPTR FM NORMAL: -3.64 2 = FOG REDUCING VISIBILITY
HIGHEST: 85 ON 22 GRTST 24HR 0.79 ON 17-17 TO 1/4 MILE OR LESS
LOWEST: 21 ON 6 3 = THUNDER
SNOW, ICE PELLETS, HAIL 4 = ICE PELLETS
TOTAL MONTH: T 5 = HAIL
GRTST 24HR T ON 4- 4 6 = FREEZING RAIN OR DRIZZLE
GRTST DEPTH: 0 7 = DUSTSTORM OR SANDSTORM:
VSBY 1/2 MILE OR LESS
8 = SMOKE OR HAZE
[NO. OF DAYS WITH] [WEATHER - DAYS WITH] 9 = BLOWING SNOW
X = TORNADO
MAX 32 OR BELOW: 1 0.01 INCH OR MORE: 9
MAX 90 OR ABOVE: 0 0.10 INCH OR MORE: 5
MIN 32 OR BELOW: 13 0.50 INCH OR MORE: 1
MIN 0 OR BELOW: 0 1.00 INCH OR MORE: 0
[HDD (BASE 65) ]
TOTAL THIS MO. 431 CLEAR (SCALE 0-3) 12
DPTR FM NORMAL 27 PTCLDY (SCALE 4-7) 5
TOTAL FM JUL 1 1642 CLOUDY (SCALE 8-10) 11
DPTR FM NORMAL -224
[CDD (BASE 65) ]
TOTAL THIS MO. 11
DPTR FM NORMAL 2 [PRESSURE DATA]
TOTAL FM JAN 1 24 HIGHEST SLP 30.55 ON 5
DPTR FM NORMAL 19 LOWEST SLP 29.73 ON 17
[REMARKS]
#FINAL-02-22#