000
CXUS51 KGYX 250900
CF6CON
PRELIMINARY LOCAL CLIMATOLOGICAL DATA (WS FORM: F-6)
STATION: CONCORD NH
MONTH: APRIL
YEAR: 2024
LATITUDE: 43 12 N
LONGITUDE: 71 30 W
TEMPERATURE IN F: :PCPN: SNOW: WIND :SUNSHINE: SKY :PK WND
================================================================================
1 2 3 4 5 6A 6B 7 8 9 10 11 12 13 14 15 16 17 18
12Z AVG MX 2MIN
DY MAX MIN AVG DEP HDD CDD WTR SNW DPTH SPD SPD DIR MIN PSBL S-S WX SPD DR
================================================================================
1 59 26 43 4 22 0 0.00 0.0 0 2.7 15 160 M M 3 22 180
2 55 32 44 4 21 0 0.00 0.0 0 4.4 14 80 M M 5 24 170
3 44 33 39 -1 26 0 0.61 1.1 0 9.0 24 90 M M 9 1 35 80
4 34 32 33 -7 32 0 1.03 7.4 6 13.3 30 70 M M 10 123 44 70
5 41 32 37 -4 28 0 0.20 3.5 10 8.0 17 290 M M 10 1 24 290
6 43 34 39 -2 26 0 M 0.0 5 9.1 18 330 M M 10 1 25 320
7 52 27 40 -2 25 0 T 0.0 3 5.6 14 330 M M 7 21 300
8 67 24 46 4 19 0 0.00 0.0 M 4.0 15 300 M M 0 23 310
9 71 31 51 8 14 0 0.00 0.0 0 4.0 16 130 M M 0 18 24 100
10 46 32 39 -4 26 0 0.17 0.0 0 3.2 9 70 M M 7 1 13 90
11 47 42 45 1 20 0 0.14 0.0 0 4.0 10 30 M M 10 1 13 80
12 62 46 54 10 11 0 1.18 0.0 0 9.8 18 140 M M 8 1 33 150
13 56 42 49 5 16 0 T 0.0 0 11.3 29 280 M M 7 43 280
14 60 39 50 5 15 0 0.02 0.0 0 6.1 21 230 M M 6 2 31 210
15 68 37 53 8 12 0 0.00 0.0 0 4.8 25 300 M M 6 12 33 300
16 66 32 49 3 16 0 0.00 0.0 0 7.2 20 300 M M 3 12 30 320
17 64 30 47 1 18 0 0.00 0.0 0 4.8 13 330 M M 0 19 120
18 50 40 45 -1 20 0 0.06 0.0 0 4.3 14 60 M M 9 22 100
19 60 41 51 4 14 0 T 0.0 0 7.2 17 170 M M 8 24 160
20 61 41 51 4 14 0 0.09 0.0 0 6.9 25 290 M M 8 1 37 280
21 54 28 41 -7 24 0 0.00 0.0 0 7.2 18 300 M M 2 28 290
22 54 28 41 -7 24 0 0.00 0.0 0 9.6 23 310 M M 0 34 300
23 66 24 45 -4 20 0 0.00 0.0 0 7.3 22 150 M M 0 32 120
24 65 33 49 0 16 0 0.01 0.0 0 9.4 26 310 M M 6 41 310
================================================================================
SM 1345 806 479 0 3.51 12.0 163.2 M 134
================================================================================
AV 56.0 33.6 6.8 FASTST M M 6 MAX(MPH)
MISC ----> 30 70 44 70
================================================================================
NOTES:
# LAST OF SEVERAL OCCURRENCES
COLUMN 17 PEAK WIND IN M.P.H.
PRELIMINARY LOCAL CLIMATOLOGICAL DATA (WS FORM: F-6) , PAGE 2
STATION: CONCORD NH
MONTH: APRIL
YEAR: 2024
LATITUDE: 43 12 N
LONGITUDE: 71 30 W
[TEMPERATURE DATA] [PRECIPITATION DATA] SYMBOLS USED IN COLUMN 16
AVERAGE MONTHLY: 44.8 TOTAL FOR MONTH: 3.51 1 = FOG OR MIST
DPTR FM NORMAL: 0.7 DPTR FM NORMAL: 0.77 2 = FOG REDUCING VISIBILITY
HIGHEST: 71 ON 9 GRTST 24HR 1.44 ON 3- 4 TO 1/4 MILE OR LESS
LOWEST: 24 ON 23, 8 3 = THUNDER
SNOW, ICE PELLETS, HAIL 4 = ICE PELLETS
TOTAL MONTH: 12.0 INCHES 5 = HAIL
GRTST 24HR 7.4 ON 4- 4 6 = FREEZING RAIN OR DRIZZLE
GRTST DEPTH: 10 ON 5 7 = DUSTSTORM OR SANDSTORM:
VSBY 1/2 MILE OR LESS
8 = SMOKE OR HAZE
[NO. OF DAYS WITH] [WEATHER - DAYS WITH] 9 = BLOWING SNOW
X = TORNADO
MAX 32 OR BELOW: 0 0.01 INCH OR MORE: 10
MAX 90 OR ABOVE: 0 0.10 INCH OR MORE: 6
MIN 32 OR BELOW: 13 0.50 INCH OR MORE: 3
MIN 0 OR BELOW: 0 1.00 INCH OR MORE: 2
[HDD (BASE 65) ]
TOTAL THIS MO. 479 CLEAR (SCALE 0-3) 8
DPTR FM NORMAL -22 PTCLDY (SCALE 4-7) 10
TOTAL FM JUL 1 5694 CLOUDY (SCALE 8-10) 6
DPTR FM NORMAL -848
[CDD (BASE 65) ]
TOTAL THIS MO. 0
DPTR FM NORMAL 0 [PRESSURE DATA]
TOTAL FM JAN 1 0 HIGHEST SLP M ON M
DPTR FM NORMAL 0 LOWEST SLP 29.28 ON 12
[REMARKS]