000
CXUS52 KMFL 251030
CF6HWO
PRELIMINARY LOCAL CLIMATOLOGICAL DATA (WS FORM: F-6)
STATION: NORTH PERRY ARPT
MONTH: APRIL
YEAR: 2024
LATITUDE: 26 0 N
LONGITUDE: 80 14 W
TEMPERATURE IN F: :PCPN: SNOW: WIND :SUNSHINE: SKY :PK WND
================================================================================
1 2 3 4 5 6A 6B 7 8 9 10 11 12 13 14 15 16 17 18
12Z AVG MX 2MIN
DY MAX MIN AVG DEP HDD CDD WTR SNW DPTH SPD SPD DIR MIN PSBL S-S WX SPD DR
================================================================================
1 85 65 75 1 0 10 0.00 M M 6.3 17 120 M M 2 24 120
2 89 68 79 5 0 14 0.00 0.0 0 7.6 18 150 M M 2 26 140
3 93 75 84 9 0 19 0.00 0.0 0 14.7 29 190 M M 2 40 220
4 82 68 75 0 0 10 0.07 0.0 0 10.5 21 320 M M 6 29 240
5 82 62 72 -3 0 7 0.00 0.0 0 7.5 16 330 M M 0 23 320
6 84 60 72 -3 0 7 0.00 0.0 0 6.4 16 300 M M 0 23 310
7 83 65 74 -1 0 9 0.00 0.0 0 7.7 16 80 M M 3 24 60
8 82 66 74 -1 0 9 0.00 0.0 0 12.5 22 100 M M 4 34 60
9 83 73 78 2 0 13 0.00 0.0 0 13.7 23 100 M M 6 34 110
10 85 74 80 4 0 15 0.00 M M 12.0 20 130 M M 3 28 130
11 92 76 84 8 0 19 0.03 M M 14.7 26 220 M M 7 36 230
12 85 69 77 1 0 12 0.00 M M 8.1 16 340 M M 1 22 320
13 84 63 74 -2 0 9 0.00 M M 10.0 20 60 M M 0 27 60
14 82 65 74 -2 0 9 0.00 M M 7.0 20 90 M M 2 26 90
15 83 64 74 -2 0 9 0.00 M M 7.9 17 70 M M 1 23 90
16 85 69 77 1 0 12 0.00 M M 10.0 22 80 M M 3 31 40
17 84 73 79 2 0 14 0.00 0.0 0 9.4 20 90 M M 2 27 110
18 86 68 77 0 0 12 0.00 0.0 0 7.2 16 130 M M 1 26 120
19 88 70 79 2 0 14 0.00 0.0 0 5.9 14 150 M M 1 23 110
20 89 72 81 4 0 16 0.00 0.0 0 5.7 17 130 M M 0 23 120
21 92 73 83 6 0 18 0.00 M M 7.2 15 160 M M 1 24 140
22 88 70 79 2 0 14 0.12 0.0 0 7.4 21 250 M M 4 138 26 260
23 83 68 76 -2 0 11 0.00 0.0 0 10.9 21 80 M M 2 27 70
24 83 66 75 -3 0 10 0.00 0.0 0 7.8 16 70 M M 1 28 70
================================================================================
SM 2052 1642 0 292 0.22 0.0 218.1 M 54
================================================================================
AV 85.5 68.4 9.1 FASTST M M 2 MAX(MPH)
MISC ----> 29 190 40 220
================================================================================
NOTES:
# LAST OF SEVERAL OCCURRENCES
COLUMN 17 PEAK WIND IN M.P.H.
PRELIMINARY LOCAL CLIMATOLOGICAL DATA (WS FORM: F-6) , PAGE 2
STATION: NORTH PERRY ARPT
MONTH: APRIL
YEAR: 2024
LATITUDE: 26 0 N
LONGITUDE: 80 14 W
[TEMPERATURE DATA] [PRECIPITATION DATA] SYMBOLS USED IN COLUMN 16
AVERAGE MONTHLY: 77.0 TOTAL FOR MONTH: 0.22 1 = FOG OR MIST
DPTR FM NORMAL: 1.0 DPTR FM NORMAL: -2.26 2 = FOG REDUCING VISIBILITY
HIGHEST: 93 ON 3 GRTST 24HR 0.12 ON 22-22 TO 1/4 MILE OR LESS
LOWEST: 60 ON 6 3 = THUNDER
SNOW, ICE PELLETS, HAIL 4 = ICE PELLETS
TOTAL MONTH: 0.0 INCH 5 = HAIL
GRTST 24HR 0.0 6 = FREEZING RAIN OR DRIZZLE
GRTST DEPTH: 0 7 = DUSTSTORM OR SANDSTORM:
VSBY 1/2 MILE OR LESS
8 = SMOKE OR HAZE
[NO. OF DAYS WITH] [WEATHER - DAYS WITH] 9 = BLOWING SNOW
X = TORNADO
MAX 32 OR BELOW: 0 0.01 INCH OR MORE: 3
MAX 90 OR ABOVE: 3 0.10 INCH OR MORE: 1
MIN 32 OR BELOW: 0 0.50 INCH OR MORE: 0
MIN 0 OR BELOW: 0 1.00 INCH OR MORE: 0
[HDD (BASE 65) ]
TOTAL THIS MO. 0 CLEAR (SCALE 0-3) 18
DPTR FM NORMAL 0 PTCLDY (SCALE 4-7) 6
TOTAL FM JUL 1 50 CLOUDY (SCALE 8-10) 0
DPTR FM NORMAL -69
[CDD (BASE 65) ]
TOTAL THIS MO. 292
DPTR FM NORMAL 27 [PRESSURE DATA]
TOTAL FM JAN 1 931 HIGHEST SLP M ON M
DPTR FM NORMAL 99 LOWEST SLP 29.75 ON 3
[REMARKS]