000
CXUS54 KJAN 271410
CF6JAN
PRELIMINARY LOCAL CLIMATOLOGICAL DATA (WS FORM: F-6)
STATION: JACKSON
MONTH: MARCH
YEAR: 2024
LATITUDE: 32 19 N
LONGITUDE: 90 5 W
TEMPERATURE IN F: :PCPN: SNOW: WIND :SUNSHINE: SKY :PK WND
================================================================================
1 2 3 4 5 6A 6B 7 8 9 10 11 12 13 14 15 16 17 18
12Z AVG MX 2MIN
DY MAX MIN AVG DEP HDD CDD WTR SNW DPTH SPD SPD DIR MIN PSBL S-S WX SPD DR
================================================================================
1 55 44 50 -4 15 0 0.42 0.0 M 4.7 13 120 M M 10 13 18 110
2 70 50 60 5 5 0 0.00 0.0 M 4.6 14 140 M M 6 12 18 140
3 78 56 67 12 0 2 0.00 0.0 M 7.4 14 150 M M 6 1 19 160
4 78 60 69 14 0 4 0.09 0.0 0 8.2 20 140 M M 7 13 28 140
5 70 60 65 10 0 0 1.33 0.0 0 3.9 14 30 M M 9 123 18 140
6 76 54 65 9 0 0 0.00 0.0 0 4.5 14 360 M M 8 12 18 360
7 76 58 67 11 0 2 0.00 0.0 0 6.5 13 130 M M 9 1 16 130
8 67 59 63 7 2 0 3.76 0.0 M 7.1 23 150 M M 8 123 30 150
9 66 47 57 1 8 0 0.00 0.0 M 9.2 18 310 M M 9 1 29 310
10 65 41 53 -3 12 0 0.00 0.0 0 4.3 15 340 M M 1 20 30
11 69 41 55 -2 10 0 0.00 0.0 0 2.3 10 110 M M 5 15 120
12 75 43 59 2 6 0 0.00 0.0 0 5.5 16 190 M M 2 22 170
13 78 57 68 11 0 3 0.00 0.0 0 9.1 16 160 M M 4 23 170
14 83 58 71 13 0 6 0.00 0.0 0 10.4 18 180 M M 5 25 160
15 75 58 67 9 0 2 0.43 0.0 0 6.4 18 350 M M 9 13 27 280
16 68 57 63 5 2 0 0.05 0.0 0 4.5 12 320 M M 10 12 18 320
17 66 56 61 3 4 0 1.00 0.0 0 5.5 15 340 M M 9 13 19 340
18 58 41 50 -8 15 0 0.00 0.0 0 11.2 26 360 M M 4 37 310
19 63 31 47 -12 18 0 0.00 0.0 0 2.3 10 250 M M 0 14 240
20 74 38 56 -3 9 0 0.00 0.0 0 3.0 10 210 M M 4 14 220
21 74 46 60 1 5 0 0.00 0.0 0 4.6 14 180 M M 7 23 190
22 67 55 61 2 4 0 0.11 0.0 0 7.2 21 90 M M 10 1 29 90
23 68 47 58 -2 7 0 T 0.0 M 11.2 20 350 M M 4 1 25 350
24 69 45 57 -3 8 0 0.00 0.0 0 8.8 18 160 M M 2 25 160
25 71 57 64 4 1 0 2.33 0.0 0 16.4 31 160 M M 10 123 50 180
26 74 50 62 2 3 0 0.23 0.0 0 3.8 16 120 M M 6 13 20 120
================================================================================
SM 1833 1309 134 19 9.75 0.0 172.6 M 164
================================================================================
AV 70.5 50.3 6.6 FASTST M M 6 MAX(MPH)
MISC ----> 31 160 50 180
================================================================================
NOTES:
# LAST OF SEVERAL OCCURRENCES
COLUMN 17 PEAK WIND IN M.P.H.
PRELIMINARY LOCAL CLIMATOLOGICAL DATA (WS FORM: F-6) , PAGE 2
STATION: JACKSON
MONTH: MARCH
YEAR: 2024
LATITUDE: 32 19 N
LONGITUDE: 90 5 W
[TEMPERATURE DATA] [PRECIPITATION DATA] SYMBOLS USED IN COLUMN 16
AVERAGE MONTHLY: 60.4 TOTAL FOR MONTH: 9.75 1 = FOG OR MIST
DPTR FM NORMAL: 3.1 DPTR FM NORMAL: 5.00 2 = FOG REDUCING VISIBILITY
HIGHEST: 83 ON 14 GRTST 24HR 3.76 ON 8- 8 TO 1/4 MILE OR LESS
LOWEST: 31 ON 19 3 = THUNDER
SNOW, ICE PELLETS, HAIL 4 = ICE PELLETS
TOTAL MONTH: 0.0 INCH 5 = HAIL
GRTST 24HR 0.0 6 = FREEZING RAIN OR DRIZZLE
GRTST DEPTH: 0 7 = DUSTSTORM OR SANDSTORM:
VSBY 1/2 MILE OR LESS
8 = SMOKE OR HAZE
[NO. OF DAYS WITH] [WEATHER - DAYS WITH] 9 = BLOWING SNOW
X = TORNADO
MAX 32 OR BELOW: 0 0.01 INCH OR MORE: 10
MAX 90 OR ABOVE: 0 0.10 INCH OR MORE: 8
MIN 32 OR BELOW: 1 0.50 INCH OR MORE: 4
MIN 0 OR BELOW: 0 1.00 INCH OR MORE: 4
[HDD (BASE 65) ]
TOTAL THIS MO. 134 CLEAR (SCALE 0-3) 4
DPTR FM NORMAL -89 PTCLDY (SCALE 4-7) 13
TOTAL FM JUL 1 1756 CLOUDY (SCALE 8-10) 9
DPTR FM NORMAL -331
[CDD (BASE 65) ]
TOTAL THIS MO. 19
DPTR FM NORMAL -7 [PRESSURE DATA]
TOTAL FM JAN 1 33 HIGHEST SLP M ON M
DPTR FM NORMAL -6 LOWEST SLP 29.53 ON 25
[REMARKS]