000
CXUS53 KFSD 240810
CF6SUX
PRELIMINARY LOCAL CLIMATOLOGICAL DATA (WS FORM: F-6)
STATION: SIOUX CITY IA
MONTH: APRIL
YEAR: 2024
LATITUDE: 42 24 N
LONGITUDE: 96 23 W
TEMPERATURE IN F: :PCPN: SNOW: WIND :SUNSHINE: SKY :PK WND
================================================================================
1 2 3 4 5 6A 6B 7 8 9 10 11 12 13 14 15 16 17 18
12Z AVG MX 2MIN
DY MAX MIN AVG DEP HDD CDD WTR SNW DPTH SPD SPD DIR MIN PSBL S-S WX SPD DR
================================================================================
1 44 39 42 -2 23 0 0.30 0.0 0 13.9 22 60 M M 10 13 28 60
2 56 37 47 3 18 0 0.01 0.0 0 19.3 41 340 M M 8 1 58 350
3 54 34 44 0 21 0 0.00 0.0 0 21.7 36 340 M M 4 48 340
4 60 27 44 -1 21 0 0.00 0.0 0 10.3 22 360 M M 0 29 360
5 63 28 46 1 19 0 0.00 0.0 0 12.5 23 120 M M 0 32 130
6 69 39 54 8 11 0 0.03 0.0 0 26.3 40 120 M M 2 3 57 110
7 61 45 53 7 12 0 0.07 0.0 0 16.5 33 170 M M 7 49 150
8 57 36 47 1 18 0 T 0.0 0 12.4 23 280 M M 9 31 310
9 67 31 49 2 16 0 0.00 0.0 0 8.6 22 300 M M 2 32 280
10 73 32 53 6 12 0 T 0.0 0 11.1 33 320 M M 3 45 330
11 59 42 51 4 14 0 0.00 0.0 0 20.6 37 320 M M 3 50 320
12 67 31 49 1 16 0 0.00 0.0 0 7.2 15 340 M M 0 20 310
13 86 39 63 15 2 0 0.00 0.0 0 11.0 24 200 M M 0 31 200
14 82 46 64 16 1 0 0.00 0.0 0 10.2 22 360 M M 0 30 20
15 82 48 65 16 0 0 T 0.0 0 20.2 33 130 M M 1 3 45 110
16 72 50 61 12 4 0 0.96 0.0 0 14.2 38 300 M M 8 13 47 300
17 64 48 56 7 9 0 0.03 0.0 0 16.9 30 310 M M 6 38 310
18 53 32 43 -7 22 0 0.48 0.0 0 15.0 30 320 M M 5 1 38 320
19 52 27 40 -10 25 0 0.00 0.0 0 13.2 30 300 M M 0 41 310
20 50 28 39 -11 26 0 0.00 0.0 0 11.7 23 360 M M 4 31 340
21 62 27 45 -6 20 0 0.00 0.0 0 7.0 16 290 M M 0 20 280
22 74 34 54 3 11 0 0.00 0.0 0 12.1 27 180 M M 0 43 200
23 66 43 55 3 10 0 0.00 0.0 0 13.8 30 330 M M 1 41 340
================================================================================
SM 1473 843 331 0 1.88 0.0 325.7 M 73
================================================================================
AV 64.0 36.7 14.2 FASTST M M 3 MAX(MPH)
MISC ----> 41 340 58 350
================================================================================
NOTES:
# LAST OF SEVERAL OCCURRENCES
COLUMN 17 PEAK WIND IN M.P.H.
PRELIMINARY LOCAL CLIMATOLOGICAL DATA (WS FORM: F-6) , PAGE 2
STATION: SIOUX CITY IA
MONTH: APRIL
YEAR: 2024
LATITUDE: 42 24 N
LONGITUDE: 96 23 W
[TEMPERATURE DATA] [PRECIPITATION DATA] SYMBOLS USED IN COLUMN 16
AVERAGE MONTHLY: 50.3 TOTAL FOR MONTH: 1.88 1 = FOG OR MIST
DPTR FM NORMAL: 2.7 DPTR FM NORMAL: -0.47 2 = FOG REDUCING VISIBILITY
HIGHEST: 86 ON 13 GRTST 24HR 0.96 ON 16-16 TO 1/4 MILE OR LESS
LOWEST: 27 ON 21,19 3 = THUNDER
SNOW, ICE PELLETS, HAIL 4 = ICE PELLETS
TOTAL MONTH: 0.0 INCH 5 = HAIL
GRTST 24HR 0.0 6 = FREEZING RAIN OR DRIZZLE
GRTST DEPTH: 0 7 = DUSTSTORM OR SANDSTORM:
VSBY 1/2 MILE OR LESS
8 = SMOKE OR HAZE
[NO. OF DAYS WITH] [WEATHER - DAYS WITH] 9 = BLOWING SNOW
X = TORNADO
MAX 32 OR BELOW: 0 0.01 INCH OR MORE: 7
MAX 90 OR ABOVE: 0 0.10 INCH OR MORE: 3
MIN 32 OR BELOW: 9 0.50 INCH OR MORE: 1
MIN 0 OR BELOW: 0 1.00 INCH OR MORE: 0
[HDD (BASE 65) ]
TOTAL THIS MO. 331 CLEAR (SCALE 0-3) 13
DPTR FM NORMAL -73 PTCLDY (SCALE 4-7) 7
TOTAL FM JUL 1 5561 CLOUDY (SCALE 8-10) 3
DPTR FM NORMAL -991
[CDD (BASE 65) ]
TOTAL THIS MO. 0
DPTR FM NORMAL 0 [PRESSURE DATA]
TOTAL FM JAN 1 0 HIGHEST SLP M ON M
DPTR FM NORMAL -1 LOWEST SLP 29.21 ON 16
[REMARKS]