000
CXAK57 PAJK 040703
CLMAJK
NATIONAL WEATHER SERVICE JUNEAU AK
828 PM AKST SUN MAR 03 2024
...................................
...THE JUNEAU CLIMATE SUMMARY FOR THE MONTH OF FEBRUARY 2024...
CLIMATE NORMAL PERIOD: 1991 TO 2020
CLIMATE RECORD PERIOD: 1936 TO 2024
WEATHER OBSERVED NORMAL DEPART LAST YEAR`S
VALUE DATE(S) VALUE FROM VALUE
NORMAL
..............................................................
TEMPERATURE (F)
RECORD
HIGH 57 02/27/1992
LOW -22 02/02/1968
HIGHEST 42 02/21 45 -3
LOWEST 11 02/02 7 4
AVG. MAXIMUM 35.5 35.7 -0.2
AVG. MINIMUM 24.3 24.6 -0.3
MEAN 29.9 30.1 -0.2
DAYS MAX >= 90 0 0.0 0.0
DAYS MAX <= 32 7 7.2 -0.2
DAYS MIN <= 32 23 20.7 2.3
DAYS MIN <= 0 0 0.3 -0.3
PRECIPITATION (INCHES)
RECORD
MAXIMUM 10.53 2022
MINIMUM 0.07 1989
TOTALS 2.91 4.31 -1.40
DAILY AVG. 0.10 NAN NAN
DAYS >= .01 15 16.8 -1.8
DAYS >= .10 7 10.3 -3.3
DAYS >= .50 2 2.8 -0.8
DAYS >= 1.00 0 0.6 -0.6
GREATEST
24 HR. TOTAL 0.92 02/22 TO 02/23
SNOWFALL (INCHES)
RECORDS
TOTAL 86.3
TOTALS 18.4 16.7 1.7 46.5
SINCE 7/1 114.9 74.0 40.9
DAYS >= TRACE 13 8.2 4.8 21
DAYS >= 1.0 5 4.6 0.4 11
DEGREE DAYS
HEATING TOTAL 1009 976 33
SINCE 7/1 5237 5872 -635
COOLING TOTAL 0 0 0
SINCE 1/1 0 0 0
FREEZE DATES
RECORD
EARLIEST 08/24/1969
LATEST 06/13/1965
EARLIEST 10/21
LATEST 05/05
..............................................................
WIND (MPH)
AVERAGE WIND SPEED 5.0
HIGHEST WIND SPEED/DIRECTION 37/110 DATE 02/22
HIGHEST GUST SPEED/DIRECTION 47/120 DATE 02/22
WEATHER CONDITIONS. NUMBER OF DAYS WITH
THUNDERSTORM 0 MIXED PRECIP 2
HEAVY RAIN 0 RAIN 3
LIGHT RAIN 14 FREEZING RAIN 0
LT FREEZING RAIN 0 HAIL 0
HEAVY SNOW 0 SNOW 3
LIGHT SNOW 13 SLEET 0
FOG 24 FOG W/VIS <= 1/4 MILE 8
HAZE 1
- INDICATES NEGATIVE NUMBERS.
R INDICATES RECORD WAS SET OR TIED.
MM INDICATES DATA IS MISSING.
T INDICATES TRACE AMOUNT.
$$
...TEMPERATURES NEAR NORMAL AND PRECIPITATION BELOW NORMAL FOR ALL
OF SE AK FOR THE MONTH OF FEBRUARY...
The month was dominated by a combination of northeasterly outflow
wind regimes from strong areas of high pressure centered over the
northern British Columbia / Canadian Yukon region that brought dry
and mostly clear conditions to the region and mainly weak to average
frontal systems that approached the Panhandle that brought mostly
light to moderate precipitation on average to the area. The average
temperature for the month was very near normal for all 4 climate
sites. All of the sites were appreciably below normal in terms of
total monthly liquid equivalent precipitation. The values ranged
from 1.4 inches below normal for Juneau Airport to 7.55 inches below
normal for the Ketchikan Airport with the other 2 sites having their
below normal magnitudes in between those 2 values.
On the 1st of February, the Juneau Airport broke its daily snow
accumulation total record with 7.0 inches, which exceeded the
previous record of 6.5 inches set all the way back in 1961. On the
16th of the month, the Ketchikan Airport broke its record high
temperature with 55 degrees, which exceeded the old record of 54
degrees set all the way back in 1964. On that same day, the Yakutat
Airport broke its record high temperature with 48 degrees, which
exceeded its old record of 47 degrees set in both 2015 and 2016.
Chambers
$$