000
CDUS44 KSHV 280748
CLIELD


CLIMATE REPORT
NATIONAL WEATHER SERVICE SHREVEPORT, LA
248 AM CDT TUE JUN 28 2016


...................................

...THE EL DORADO CLIMATE SUMMARY FOR JUNE 27 2016...

CLIMATE NORMAL PERIOD 1981 TO 2010
CLIMATE RECORD PERIOD 1907 TO 2016


WEATHER ITEM   OBSERVED TIME   RECORD YEAR NORMAL DEPARTURE LAST
                VALUE   (LST)  VALUE       VALUE  FROM      YEAR
                                                  NORMAL
..................................................................
TEMPERATURE (F)
 YESTERDAY
  MAXIMUM         94    240 PM 103    1937  91      3       87
  MINIMUM         74    605 AM  55    1968  70      4       69
  AVERAGE         84                        80      4       78

PRECIPITATION (IN)
  YESTERDAY        0.00          8.77 1986   0.17  -0.17     1.02
  MONTH TO DATE    2.92                      4.39  -1.47     2.08
  SINCE DEC 1     40.69                     32.55   8.14    32.47
  SINCE JAN 1     32.63                     27.37   5.26    29.14

SNOWFALL (IN)
  YESTERDAY        0.0
  MONTH TO DATE    0.0
  SINCE JUN 1      0.0
  SINCE JUL 1      1.5
  SNOW DEPTH       0

DEGREE DAYS
 HEATING
  YESTERDAY        0                         0      0        0
  MONTH TO DATE    0                         0      0        0
  SINCE JUN 1      0                         0      0        0
  SINCE JUL 1   2034                      2673   -639     2919

 COOLING
  YESTERDAY       19                        15      4       13
  MONTH TO DATE  415                       350     65      386
  SINCE JUN 1    415                       350     65      386
  SINCE JAN 1    696                       661     35      726
..................................................................


WIND (MPH)
  HIGHEST WIND SPEED    18   HIGHEST WIND DIRECTION    NW (330)
  HIGHEST GUST SPEED    25   HIGHEST GUST DIRECTION    NW (330)
  AVERAGE WIND SPEED     4.2


SKY COVER
  POSSIBLE SUNSHINE  MM
  AVERAGE SKY COVER 0.1


WEATHER CONDITIONS
 THE FOLLOWING WEATHER WAS RECORDED YESTERDAY.
  THUNDERSTORM


RELATIVE HUMIDITY (PERCENT)
 HIGHEST    94          1200 AM
 LOWEST     56           200 PM
 AVERAGE    75

..........................................................


THE EL DORADO CLIMATE NORMALS FOR TODAY
                         NORMAL    RECORD    YEAR
 MAXIMUM TEMPERATURE (F)   91       103      1936
 MINIMUM TEMPERATURE (F)   70        55      1958


SUNRISE AND SUNSET
JUNE 28 2016..........SUNRISE   605 AM CDT   SUNSET   824 PM CDT
JUNE 29 2016..........SUNRISE   605 AM CDT   SUNSET   824 PM CDT


-  INDICATES NEGATIVE NUMBERS.
R  INDICATES RECORD WAS SET OR TIED.
MM INDICATES DATA IS MISSING.
T  INDICATES TRACE AMOUNT.




$$
