000
CDUS44 KSHV 270739
CLIELD


CLIMATE REPORT
NATIONAL WEATHER SERVICE SHREVEPORT, LA
239 AM CDT FRI MAY 27 2016


...................................

...THE EL DORADO CLIMATE SUMMARY FOR MAY 26 2016...

CLIMATE NORMAL PERIOD 1981 TO 2010
CLIMATE RECORD PERIOD 1907 TO 2016


WEATHER ITEM   OBSERVED TIME   RECORD YEAR NORMAL DEPARTURE LAST
                VALUE   (LST)  VALUE       VALUE  FROM      YEAR
                                                  NORMAL
..................................................................
TEMPERATURE (F)
 YESTERDAY
  MAXIMUM         86   1241 PM 101    1930  85      1       82
  MINIMUM         73   1159 PM  46    1925  63     10       61
  AVERAGE         80                        74      6       72

PRECIPITATION (IN)
  YESTERDAY        T             4.11 1976   0.17  -0.17     0.11
  MONTH TO DATE    0.66                      4.28  -3.62     7.13
  SINCE DEC 1     36.20                     27.39   8.81    26.53
  SINCE JAN 1     28.14                     22.21   5.93    23.20

SNOWFALL (IN)
  YESTERDAY        0.0
  MONTH TO DATE    0.0
  SINCE MAR 1      0.0
  SINCE JUL 1      1.5
  SNOW DEPTH       0

DEGREE DAYS
 HEATING
  YESTERDAY        0                         0      0        0
  MONTH TO DATE   24                        16      8        6
  SINCE MAR 1    295                       442   -147      433
  SINCE JUL 1   2034                      2670   -636     2919

 COOLING
  YESTERDAY       15                         9      6        7
  MONTH TO DATE  130                       165    -35      186
  SINCE MAR 1    224                       258    -34      287
  SINCE JAN 1    230                       264    -34      287
..................................................................


WIND (MPH)
  HIGHEST WIND SPEED    15   HIGHEST WIND DIRECTION     S (190)
  HIGHEST GUST SPEED    20   HIGHEST GUST DIRECTION     S (190)
  AVERAGE WIND SPEED     7.8


SKY COVER
  POSSIBLE SUNSHINE  MM
  AVERAGE SKY COVER 0.4


WEATHER CONDITIONS
 THE FOLLOWING WEATHER WAS RECORDED YESTERDAY.
  THUNDERSTORM
  LIGHT RAIN
  FOG


RELATIVE HUMIDITY (PERCENT)
 HIGHEST   100           600 AM
 LOWEST     65          1100 AM
 AVERAGE    83

..........................................................


THE EL DORADO CLIMATE NORMALS FOR TODAY
                         NORMAL    RECORD    YEAR
 MAXIMUM TEMPERATURE (F)   85        96      1953
 MINIMUM TEMPERATURE (F)   63        42      1961


SUNRISE AND SUNSET
MAY 27 2016...........SUNRISE   605 AM CDT   SUNSET   813 PM CDT
MAY 28 2016...........SUNRISE   604 AM CDT   SUNSET   813 PM CDT


-  INDICATES NEGATIVE NUMBERS.
R  INDICATES RECORD WAS SET OR TIED.
MM INDICATES DATA IS MISSING.
T  INDICATES TRACE AMOUNT.




$$
