000
CDUS44 KSHV 280733
CLIELD


CLIMATE REPORT
NATIONAL WEATHER SERVICE SHREVEPORT, LA
233 AM CDT MON JUL 28 2014


...................................

...THE EL DORADO CLIMATE SUMMARY FOR JULY 27 2014...

CLIMATE NORMAL PERIOD 1981 TO 2010
CLIMATE RECORD PERIOD 1907 TO 2014


WEATHER ITEM   OBSERVED TIME   RECORD YEAR NORMAL DEPARTURE LAST
                VALUE   (LST)  VALUE       VALUE  FROM      YEAR
                                                  NORMAL
..................................................................
TEMPERATURE (F)
 YESTERDAY
  MAXIMUM         94    348 PM 104    1948  93      1       84
  MINIMUM         75    602 AM  62    2004  71      4       68
  AVERAGE         85                        82      3       76

PRECIPITATION (IN)
  YESTERDAY        0.00          2.00 1935   0.10  -0.10     0.12
  MONTH TO DATE    2.78                      3.13  -0.35     4.56
  SINCE DEC 1     34.24                     36.19  -1.95    31.88
  SINCE JAN 1     27.68                     31.01  -3.33    25.82

SNOWFALL (IN)
  YESTERDAY        0.0
  MONTH TO DATE    0.0
  SINCE JUN 1      0.0
  SINCE JUL 1      0.0
  SNOW DEPTH       0

DEGREE DAYS
 HEATING
  YESTERDAY        0                         0      0        0
  MONTH TO DATE    0                         0      0        0
  SINCE JUN 1      0                         0      0        0
  SINCE JUL 1      0                         0      0        0

 COOLING
  YESTERDAY       20                        17      3       11
  MONTH TO DATE  351                       450    -99      401
  SINCE JUN 1    768                       846    -78      815
  SINCE JAN 1   1020                      1157   -137     1093
..................................................................


WIND (MPH)
  HIGHEST WIND SPEED    13   HIGHEST WIND DIRECTION    SW (210)
  HIGHEST GUST SPEED    17   HIGHEST GUST DIRECTION     W (250)
  AVERAGE WIND SPEED     5.5


SKY COVER
  POSSIBLE SUNSHINE  MM
  AVERAGE SKY COVER 0.0


WEATHER CONDITIONS
 THE FOLLOWING WEATHER WAS RECORDED YESTERDAY.
  FOG


RELATIVE HUMIDITY (PERCENT)
 HIGHEST    97          1000 PM
 LOWEST     52           100 PM
 AVERAGE    75

..........................................................


THE EL DORADO CLIMATE NORMALS FOR TODAY
                         NORMAL    RECORD    YEAR
 MAXIMUM TEMPERATURE (F)   93       105      1930
 MINIMUM TEMPERATURE (F)   71        61      2004


SUNRISE AND SUNSET
JULY 28 2014..........SUNRISE   622 AM CDT   SUNSET   814 PM CDT
JULY 29 2014..........SUNRISE   622 AM CDT   SUNSET   813 PM CDT


-  INDICATES NEGATIVE NUMBERS.
R  INDICATES RECORD WAS SET OR TIED.
MM INDICATES DATA IS MISSING.
T  INDICATES TRACE AMOUNT.




$$
