000
CDUS44 KSHV 272248
CLIELD


CLIMATE REPORT
NATIONAL WEATHER SERVICE SHREVEPORT, LA
447 PM CST TUE JAN 27 2015


...................................

...THE EL DORADO CLIMATE SUMMARY FOR JANUARY 27 2015...
VALID TODAY AS OF 0400 PM LOCAL TIME.

CLIMATE NORMAL PERIOD 1981 TO 2010
CLIMATE RECORD PERIOD 1907 TO 2015


WEATHER ITEM   OBSERVED TIME   RECORD YEAR NORMAL DEPARTURE LAST
                VALUE   (LST)  VALUE       VALUE  FROM      YEAR
                                                  NORMAL
..................................................................
TEMPERATURE (F)
 TODAY
  MAXIMUM         71    354 PM  81    1975  56     15       45
  MINIMUM         35    710 AM  12    1940  33      2       26
  AVERAGE         53                        44      9       36

PRECIPITATION (IN)
  TODAY            0.00          2.90 1994   0.15  -0.15     0.00
  MONTH TO DATE    4.89                      3.69   1.20     1.16
  SINCE DEC 1      8.22                      8.87  -0.65     7.72
  SINCE JAN 1      4.89                      3.69   1.20     1.16

SNOWFALL (IN)
  TODAY            0.0
  MONTH TO DATE    T
  SINCE DEC 1      T
  SINCE JUL 1      T
  SNOW DEPTH       0

DEGREE DAYS
 HEATING
  TODAY           12                        21     -9       29
  MONTH TO DATE  650                       576     74      670
  SINCE DEC 1   1192                      1184      8     1309
  SINCE JUL 1   1743                      1663     80     1894

 COOLING
  TODAY            0                         0      0        0
  MONTH TO DATE    0                         0      0        0
  SINCE DEC 1      0                         4     -4        8
  SINCE JAN 1      0                         0      0        0
..................................................................


WIND (MPH)
  HIGHEST WIND SPEED    12   HIGHEST WIND DIRECTION    NE (50)
  HIGHEST GUST SPEED    15   HIGHEST GUST DIRECTION    NE (50)
  AVERAGE WIND SPEED     2.8


SKY COVER
  POSSIBLE SUNSHINE  MM
  AVERAGE SKY COVER 0.0


WEATHER CONDITIONS
 THE FOLLOWING WEATHER WAS RECORDED TODAY.
  NO SIGNIFICANT WEATHER WAS OBSERVED.


RELATIVE HUMIDITY (PERCENT)
 HIGHEST    92           500 AM
 LOWEST     23           200 PM
 AVERAGE    58

..........................................................


THE EL DORADO CLIMATE NORMALS FOR TOMORROW
                         NORMAL    RECORD    YEAR
 MAXIMUM TEMPERATURE (F)   56        79      1970
 MINIMUM TEMPERATURE (F)   34        10      1963


SUNRISE AND SUNSET
JANUARY 27 2015.......SUNRISE   710 AM CST   SUNSET   538 PM CST
JANUARY 28 2015.......SUNRISE   710 AM CST   SUNSET   539 PM CST


-  INDICATES NEGATIVE NUMBERS.
R  INDICATES RECORD WAS SET OR TIED.
MM INDICATES DATA IS MISSING.
T  INDICATES TRACE AMOUNT.




$$
