216
CDUS44 KSHV 050731
CLIELD


CLIMATE REPORT
NATIONAL WEATHER SERVICE SHREVEPORT, LA
231 AM CDT THU MAY 5 2016


...................................

...THE EL DORADO CLIMATE SUMMARY FOR MAY 4 2016...

CLIMATE NORMAL PERIOD 1981 TO 2010
CLIMATE RECORD PERIOD 1907 TO 2016


WEATHER ITEM   OBSERVED TIME   RECORD YEAR NORMAL DEPARTURE LAST
                VALUE   (LST)  VALUE       VALUE  FROM      YEAR
                                                  NORMAL
..................................................................
TEMPERATURE (F)
 YESTERDAY
  MAXIMUM         79    458 PM  94    1952  80     -1       83
  MINIMUM         49    552 AM  36    2013  57     -8       58
  AVERAGE         64                        68     -4       71

PRECIPITATION (IN)
  YESTERDAY        T             2.34 1953   0.18  -0.18     0.00
  MONTH TO DATE    0.58                      0.65  -0.07     0.00
  SINCE DEC 1     36.12                     23.76  12.36    19.40
  SINCE JAN 1     28.06                     18.58   9.48    16.07

SNOWFALL (IN)
  YESTERDAY       MM
  MONTH TO DATE    0.0
  SINCE MAR 1      0.0
  SINCE JUL 1      1.5
  SNOW DEPTH       0

DEGREE DAYS
 HEATING
  YESTERDAY        1                         1      0        0
  MONTH TO DATE    8                         5      3        0
  SINCE MAR 1    279                       431   -152      427
  SINCE JUL 1   2018                      2659   -641     2913

 COOLING
  YESTERDAY        0                         4     -4        6
  MONTH TO DATE   11                        16     -5       10
  SINCE MAR 1    105                       109     -4      111
  SINCE JAN 1    111                       115     -4      111
..................................................................


WIND (MPH)
  HIGHEST WIND SPEED    20   HIGHEST WIND DIRECTION     W (270)
  HIGHEST GUST SPEED    28   HIGHEST GUST DIRECTION     W (280)
  AVERAGE WIND SPEED     6.2


SKY COVER
  POSSIBLE SUNSHINE  MM
  AVERAGE SKY COVER 0.1


WEATHER CONDITIONS
 THE FOLLOWING WEATHER WAS RECORDED YESTERDAY.
  LIGHT RAIN


RELATIVE HUMIDITY (PERCENT)
 HIGHEST   100           200 AM
 LOWEST     35           300 PM
 AVERAGE    68

..........................................................


THE EL DORADO CLIMATE NORMALS FOR TODAY
                         NORMAL    RECORD    YEAR
 MAXIMUM TEMPERATURE (F)   80        92      1943
 MINIMUM TEMPERATURE (F)   57        37      2013


SUNRISE AND SUNSET
MAY  5 2016...........SUNRISE   619 AM CDT   SUNSET   757 PM CDT
MAY  6 2016...........SUNRISE   618 AM CDT   SUNSET   758 PM CDT


-  INDICATES NEGATIVE NUMBERS.
R  INDICATES RECORD WAS SET OR TIED.
MM INDICATES DATA IS MISSING.
T  INDICATES TRACE AMOUNT.




$$
