000
CDUS44 KSHV 270855
CLIELD


CLIMATE REPORT
NATIONAL WEATHER SERVICE SHREVEPORT, LA
351 AM CDT MON APR 27 2015


...................................

...THE EL DORADO CLIMATE SUMMARY FOR APRIL 26 2015...

CLIMATE NORMAL PERIOD 1981 TO 2010
CLIMATE RECORD PERIOD 1907 TO 2015


WEATHER ITEM   OBSERVED TIME   RECORD YEAR NORMAL DEPARTURE LAST
                VALUE   (LST)  VALUE       VALUE  FROM      YEAR
                                                  NORMAL
..................................................................
TEMPERATURE (F)
 YESTERDAY
  MAXIMUM         87    300 PM  90    1949  78      9       85
  MINIMUM         55    525 AM  36    1949  54      1       48
  AVERAGE         71                        66      5       67

PRECIPITATION (IN)
  YESTERDAY        0.00         10.65 1958   0.14  -0.14     0.00
  MONTH TO DATE    3.31                      3.53  -0.22     5.61
  SINCE DEC 1     19.24                     22.55  -3.31    20.74
  SINCE JAN 1     15.91                     17.37  -1.46    14.18

SNOWFALL (IN)
  YESTERDAY        0.0
  MONTH TO DATE    0.0
  SINCE MAR 1      0.7
  SINCE JUL 1      0.7
  SNOW DEPTH       0

DEGREE DAYS
 HEATING
  YESTERDAY        0                         2     -2        0
  MONTH TO DATE   66                       110    -44      145
  SINCE MAR 1    413                       418     -5      587
  SINCE JUL 1   2899                      2646    253     3194

 COOLING
  YESTERDAY        6                         3      3        2
  MONTH TO DATE   87                        57     30       36
  SINCE MAR 1    101                        79     22       41
  SINCE JAN 1    101                        85     16       41
..................................................................


WIND (MPH)
  HIGHEST WIND SPEED    20   HIGHEST WIND DIRECTION    NE (40)
  HIGHEST GUST SPEED    24   HIGHEST GUST DIRECTION    NE (50)
  AVERAGE WIND SPEED     6.9


SKY COVER
  POSSIBLE SUNSHINE  MM
  AVERAGE SKY COVER 0.1


WEATHER CONDITIONS
 THE FOLLOWING WEATHER WAS RECORDED YESTERDAY.
  NO SIGNIFICANT WEATHER WAS OBSERVED.


RELATIVE HUMIDITY (PERCENT)
 HIGHEST    93           100 AM
 LOWEST     37           100 PM
 AVERAGE    65

..........................................................


THE EL DORADO CLIMATE NORMALS FOR TODAY
                         NORMAL    RECORD    YEAR
 MAXIMUM TEMPERATURE (F)   78        93      1987
 MINIMUM TEMPERATURE (F)   55        39      1992


SUNRISE AND SUNSET
APRIL 27 2015.........SUNRISE   628 AM CDT   SUNSET   751 PM CDT
APRIL 28 2015.........SUNRISE   627 AM CDT   SUNSET   751 PM CDT


-  INDICATES NEGATIVE NUMBERS.
R  INDICATES RECORD WAS SET OR TIED.
MM INDICATES DATA IS MISSING.
T  INDICATES TRACE AMOUNT.




$$
