000
CXUS53 KOAX 011545
CLMOMA
CLIMATE REPORT
NATIONAL WEATHER SERVICE OMAHA/VALLEY NE
1045 AM CDT TUE AUG 01 2023
...................................
...THE OMAHA NE CLIMATE SUMMARY FOR THE MONTH OF JULY 2023...
CLIMATE NORMAL PERIOD 1991 TO 2020
CLIMATE RECORD PERIOD 1871 TO 2023
WEATHER OBSERVED NORMAL DEPART
VALUE DATE(S) VALUE FROM
NORMAL
................................................
TEMPERATURE (F)
HIGHEST 102 07/28
LOWEST 55 07/06
07/08
AVG. MAXIMUM 85.8 88.1 -2.3
AVG. MINIMUM 65.4 68.0 -2.6
MEAN 75.6 78.1 -2.5
DAYS MAX >= 90 6
DAYS MAX <= 32 0
DAYS MIN <= 32 0
DAYS MIN <= 0 0
PRECIPITATION (INCHES)
RECORD
MAXIMUM 10.35 1884
MINIMUM 0.01 2012
TOTALS 6.30 3.55 2.75
DAYS >= .01 14
DAYS >= .10 10
DAYS >= .50 4
DAYS >= 1.00 2
GREATEST
24 HR. TOTAL 1.60 07/01 TO 07/01
SNOWFALL (INCHES)
RECORDS
TOTAL T 2016
TOTALS TR 0.0 0.0
SINCE 7/1 T
DAYS >= 1.0 0
GREATEST
SNOW DEPTH 0
24 HR TOTAL MM
DEGREE DAYS
HEATING TOTAL 1 0 1
SINCE 7/1 1 0 1
COOLING TOTAL 336 405 -69
SINCE 1/1 817 789 28
................................................
WIND (MPH)
AVERAGE WIND SPEED 6.7
HIGHEST WIND SPEED/DIRECTION 51/310 DATE 07/12
HIGHEST GUST SPEED/DIRECTION 67/310 DATE 07/12
SKY COVER
AVERAGE SKY COVER 0.52
WEATHER CONDITIONS. NUMBER OF DAYS WITH
THUNDERSTORM 15 MIXED PRECIP 0
HEAVY RAIN 7 RAIN 7
LIGHT RAIN 17 FREEZING RAIN 0
LT FREEZING RAIN 0 HAIL 2
HEAVY SNOW 0 SNOW 0
LIGHT SNOW 0 SLEET 0
FOG 19 FOG W/VIS <= 1/4 MILE 0
HAZE 6
- INDICATES NEGATIVE NUMBERS.
R INDICATES RECORD WAS SET OR TIED.
MM INDICATES DATA IS MISSING.
T INDICATES TRACE AMOUNT.
$$